{"id":992,"date":"2025-01-10T17:27:36","date_gmt":"2025-01-10T16:27:36","guid":{"rendered":"https:\/\/indie.rent\/catalogue\/produit\/plaque-de-cuisson\/"},"modified":"2026-04-16T18:06:50","modified_gmt":"2026-04-16T16:06:50","slug":"plaque-de-cuisson","status":"publish","type":"product","link":"https:\/\/indie.rent\/catalogue\/produit\/plaque-de-cuisson\/","title":{"rendered":"Plaque de Cuisson"},"content":{"rendered":"<p>Un r\u00e9chaud \u00e9lectrique double est disponible \u00e0 la location chez nous !<\/p>\n","protected":false},"excerpt":{"rendered":"<p>Un r\u00e9chaud \u00e9lectrique double est disponible \u00e0 la location chez nous !<\/p>\n","protected":false},"featured_media":2531,"template":"","meta":{"inline_featured_image":false},"product_brand":[],"product_cat":[2146],"product_tag":[],"class_list":{"0":"post-992","1":"product","2":"type-product","3":"status-publish","4":"has-post-thumbnail","6":"product_cat-appareils","8":"first","9":"instock","10":"taxable","11":"shipping-taxable","12":"purchasable","13":"product-type-rentable"},"acf":[],"_links":{"self":[{"href":"https:\/\/indie.rent\/catalogue\/wp-json\/wp\/v2\/product\/992","targetHints":{"allow":["GET"]}}],"collection":[{"href":"https:\/\/indie.rent\/catalogue\/wp-json\/wp\/v2\/product"}],"about":[{"href":"https:\/\/indie.rent\/catalogue\/wp-json\/wp\/v2\/types\/product"}],"version-history":[{"count":0,"href":"https:\/\/indie.rent\/catalogue\/wp-json\/wp\/v2\/product\/992\/revisions"}],"wp:featuredmedia":[{"embeddable":true,"href":"https:\/\/indie.rent\/catalogue\/wp-json\/wp\/v2\/media\/2531"}],"wp:attachment":[{"href":"https:\/\/indie.rent\/catalogue\/wp-json\/wp\/v2\/media?parent=992"}],"wp:term":[{"taxonomy":"product_brand","embeddable":true,"href":"https:\/\/indie.rent\/catalogue\/wp-json\/wp\/v2\/product_brand?post=992"},{"taxonomy":"product_cat","embeddable":true,"href":"https:\/\/indie.rent\/catalogue\/wp-json\/wp\/v2\/product_cat?post=992"},{"taxonomy":"product_tag","embeddable":true,"href":"https:\/\/indie.rent\/catalogue\/wp-json\/wp\/v2\/product_tag?post=992"}],"curies":[{"name":"wp","href":"https:\/\/api.w.org\/{rel}","templated":true}]}}