{"id":953,"date":"2025-01-10T17:27:18","date_gmt":"2025-01-10T16:27:18","guid":{"rendered":"https:\/\/indie.rent\/catalogue\/produit\/avenger-pince-baby-rapide-avec-spigot-16-c338\/"},"modified":"2026-04-13T18:37:10","modified_gmt":"2026-04-13T16:37:10","slug":"avenger-pince-baby-rapide-avec-spigot-16-c338","status":"publish","type":"product","link":"https:\/\/indie.rent\/catalogue\/produit\/avenger-pince-baby-rapide-avec-spigot-16-c338\/","title":{"rendered":"Avenger Pince Baby rapide avec spigot 16-  C338"},"content":{"rendered":"<p>Compatible avec les tubes de 20 \u00e0 52 mm de diam\u00e8tre<br \/>Pince Baby pour tubes avec spigot \u215d\u2033 (16 mm) verrouillable<br \/>Emplacement d\u00e9di\u00e9 pour c\u00e2ble de s\u00e9curit\u00e9 flexible<br \/>Id\u00e9al pour les \u00e9clairages jusqu&#8217;\u00e0 50 kg<\/p>\n","protected":false},"excerpt":{"rendered":"<p>Compatible avec les tubes de 20 \u00e0 52 mm de diam\u00e8trePince Baby pour tubes avec spigot \u215d\u2033 (16 mm) verrouillableEmplacement d\u00e9di\u00e9 pour c\u00e2ble de s\u00e9curit\u00e9 flexibleId\u00e9al pour les \u00e9clairages jusqu&#8217;\u00e0 50 kg<\/p>\n","protected":false},"featured_media":2257,"template":"","meta":{"inline_featured_image":false},"product_brand":[],"product_cat":[1987],"product_tag":[],"class_list":{"0":"post-953","1":"product","2":"type-product","3":"status-publish","4":"has-post-thumbnail","6":"product_cat-accroches","8":"first","9":"instock","10":"taxable","11":"shipping-taxable","12":"purchasable","13":"product-type-rentable"},"acf":[],"_links":{"self":[{"href":"https:\/\/indie.rent\/catalogue\/wp-json\/wp\/v2\/product\/953","targetHints":{"allow":["GET"]}}],"collection":[{"href":"https:\/\/indie.rent\/catalogue\/wp-json\/wp\/v2\/product"}],"about":[{"href":"https:\/\/indie.rent\/catalogue\/wp-json\/wp\/v2\/types\/product"}],"version-history":[{"count":0,"href":"https:\/\/indie.rent\/catalogue\/wp-json\/wp\/v2\/product\/953\/revisions"}],"wp:featuredmedia":[{"embeddable":true,"href":"https:\/\/indie.rent\/catalogue\/wp-json\/wp\/v2\/media\/2257"}],"wp:attachment":[{"href":"https:\/\/indie.rent\/catalogue\/wp-json\/wp\/v2\/media?parent=953"}],"wp:term":[{"taxonomy":"product_brand","embeddable":true,"href":"https:\/\/indie.rent\/catalogue\/wp-json\/wp\/v2\/product_brand?post=953"},{"taxonomy":"product_cat","embeddable":true,"href":"https:\/\/indie.rent\/catalogue\/wp-json\/wp\/v2\/product_cat?post=953"},{"taxonomy":"product_tag","embeddable":true,"href":"https:\/\/indie.rent\/catalogue\/wp-json\/wp\/v2\/product_tag?post=953"}],"curies":[{"name":"wp","href":"https:\/\/api.w.org\/{rel}","templated":true}]}}