{"id":770,"date":"2025-01-09T10:07:29","date_gmt":"2025-01-09T09:07:29","guid":{"rendered":"https:\/\/indie.rent\/catalogue\/produit\/arvey-e5\/"},"modified":"2026-04-15T17:45:23","modified_gmt":"2026-04-15T15:45:23","slug":"ume-arvey-e5","status":"publish","type":"product","link":"https:\/\/indie.rent\/catalogue\/produit\/ume-arvey-e5\/","title":{"rendered":"UME ARVEY E5"},"content":{"rendered":"<p>Le groupe \u00e9lectrog\u00e8ne Arvey E5 fait marque l\u2019arriv\u00e9e des groupe enti\u00e8rement \u00e9lectrique et puissant pour le grand publique.<br \/>Le Technologie Lithium Fer Phosphate des unit\u00e9s en fait un produit sur et robuste de -20\u00b0C \u00e0 +50\u00b0C !<br \/>Rechargeable sur une simple prise 16A, ce groupe peut \u00e9galement \u00eatre charg\u00e9 par le biais de panneaux solaires<\/p>\n<p>Puissance continue : 5000 W<br \/>Fr\u00e9quence : 50 Hz<br \/>Voltage : 230 V Courant Alternatif<br \/>Capacit\u00e9 de la batterie : 6144 Wh<br \/>Temps de charge : 4,5 h<br \/>Sorties disponibles : 1x prise P17 Mono et 1x prise 16A<br \/>Poids : 111 kg<\/p>\n<p>Panneaux photovolta\u00efques :<br \/>Puissance Max : 430W<br \/>Voltage \u00e0 puissance Max : 79,5V<br \/>Dimensions : (Ouvert) 3,375 x 0,715 x 0,02 m et (Repli\u00e9) 0,562 x 0,715 x 0,095 m<br \/>Poids : 13,7 kg<br \/>Possibilit\u00e9 de coupler les panneaux pour la charge jusqu\u2019\u00e0 3200w<\/p>\n<p>M40 branch\u00e9 sur un UME E5 : 1h10 d&#8217;autonomie<\/p>\n","protected":false},"excerpt":{"rendered":"<p>Le groupe \u00e9lectrog\u00e8ne Arvey E5 fait marque l\u2019arriv\u00e9e des groupe enti\u00e8rement \u00e9lectrique et puissant pour le grand publique.Le Technologie Lithium Fer Phosphate des unit\u00e9s en fait un produit sur et robuste de -20\u00b0C \u00e0 +50\u00b0C !Rechargeable sur une simple prise 16A, ce groupe peut \u00e9galement \u00eatre charg\u00e9 par le biais de panneaux solaires Puissance continue [&hellip;]<\/p>\n","protected":false},"featured_media":2624,"template":"","meta":{"inline_featured_image":false},"product_brand":[],"product_cat":[2074],"product_tag":[],"class_list":{"0":"post-770","1":"product","2":"type-product","3":"status-publish","4":"has-post-thumbnail","6":"product_cat-ume-unite-mobile-energie","8":"first","9":"instock","10":"taxable","11":"shipping-taxable","12":"purchasable","13":"product-type-rentable"},"acf":[],"_links":{"self":[{"href":"https:\/\/indie.rent\/catalogue\/wp-json\/wp\/v2\/product\/770","targetHints":{"allow":["GET"]}}],"collection":[{"href":"https:\/\/indie.rent\/catalogue\/wp-json\/wp\/v2\/product"}],"about":[{"href":"https:\/\/indie.rent\/catalogue\/wp-json\/wp\/v2\/types\/product"}],"version-history":[{"count":0,"href":"https:\/\/indie.rent\/catalogue\/wp-json\/wp\/v2\/product\/770\/revisions"}],"wp:featuredmedia":[{"embeddable":true,"href":"https:\/\/indie.rent\/catalogue\/wp-json\/wp\/v2\/media\/2624"}],"wp:attachment":[{"href":"https:\/\/indie.rent\/catalogue\/wp-json\/wp\/v2\/media?parent=770"}],"wp:term":[{"taxonomy":"product_brand","embeddable":true,"href":"https:\/\/indie.rent\/catalogue\/wp-json\/wp\/v2\/product_brand?post=770"},{"taxonomy":"product_cat","embeddable":true,"href":"https:\/\/indie.rent\/catalogue\/wp-json\/wp\/v2\/product_cat?post=770"},{"taxonomy":"product_tag","embeddable":true,"href":"https:\/\/indie.rent\/catalogue\/wp-json\/wp\/v2\/product_tag?post=770"}],"curies":[{"name":"wp","href":"https:\/\/api.w.org\/{rel}","templated":true}]}}