{"id":768,"date":"2025-01-09T10:07:28","date_gmt":"2025-01-09T09:07:28","guid":{"rendered":"https:\/\/indie.rent\/catalogue\/produit\/slider-ronford-baker-107cm\/"},"modified":"2026-04-16T17:59:03","modified_gmt":"2026-04-16T15:59:03","slug":"slider-ronford-baker-107cm","status":"publish","type":"product","link":"https:\/\/indie.rent\/catalogue\/produit\/slider-ronford-baker-107cm\/","title":{"rendered":"Slider Ronford Baker &#8211; (107cm)"},"content":{"rendered":"<p>Le Slider Ronford 107cm offre \u00e0 vos images  84cm de mouvements  incomparablement fluide et pr\u00e9cis.<\/p>\n<p>Sa conception robuste en Aluminium haute resistance associ\u00e9e \u00e0 l&#8217;utilisation de mat\u00e9riaux nobles en font sans doute la r\u00e9f\u00e9rence du march\u00e9 en mati\u00e8re de fiabilit\u00e9 et de pr\u00e9cision. dans le temps.<\/p>\n<p>Etudi\u00e9 pour optimiser la longueur de travelling, le slider Ronford  ne mesure que 12cm de haut et seulement 25cm de largeur.<\/p>\n<p>Poids: 14kg \/ 26kg avec valise<br \/>Longueur: 107cm<br \/>Dimensions: 112x25x15cm<\/p>\n<p>Roulements ultra-haute pr\u00e9cision en acier inoxydable<br \/>Rotation 360\u00b0 (verrouillable tous les 4\u00b0)<br \/>But\u00e9es ajustables &#8220;Aimant\u00e9s&#8221;<br \/>Niveau \u00e0 bulle \u2018Tritium\u2019<br \/>Fixation Mitchell \u00e0 Mitchell<\/p>\n","protected":false},"excerpt":{"rendered":"<p>Le Slider Ronford 107cm offre \u00e0 vos images 84cm de mouvements incomparablement fluide et pr\u00e9cis. Sa conception robuste en Aluminium haute resistance associ\u00e9e \u00e0 l&#8217;utilisation de mat\u00e9riaux nobles en font sans doute la r\u00e9f\u00e9rence du march\u00e9 en mati\u00e8re de fiabilit\u00e9 et de pr\u00e9cision. dans le temps. Etudi\u00e9 pour optimiser la longueur de travelling, le slider [&hellip;]<\/p>\n","protected":false},"featured_media":2414,"template":"","meta":{"inline_featured_image":false},"product_brand":[],"product_cat":[2050],"product_tag":[],"class_list":{"0":"post-768","1":"product","2":"type-product","3":"status-publish","4":"has-post-thumbnail","6":"product_cat-slider-lourd","8":"first","9":"instock","10":"taxable","11":"shipping-taxable","12":"purchasable","13":"product-type-rentable"},"acf":[],"_links":{"self":[{"href":"https:\/\/indie.rent\/catalogue\/wp-json\/wp\/v2\/product\/768","targetHints":{"allow":["GET"]}}],"collection":[{"href":"https:\/\/indie.rent\/catalogue\/wp-json\/wp\/v2\/product"}],"about":[{"href":"https:\/\/indie.rent\/catalogue\/wp-json\/wp\/v2\/types\/product"}],"version-history":[{"count":0,"href":"https:\/\/indie.rent\/catalogue\/wp-json\/wp\/v2\/product\/768\/revisions"}],"wp:featuredmedia":[{"embeddable":true,"href":"https:\/\/indie.rent\/catalogue\/wp-json\/wp\/v2\/media\/2414"}],"wp:attachment":[{"href":"https:\/\/indie.rent\/catalogue\/wp-json\/wp\/v2\/media?parent=768"}],"wp:term":[{"taxonomy":"product_brand","embeddable":true,"href":"https:\/\/indie.rent\/catalogue\/wp-json\/wp\/v2\/product_brand?post=768"},{"taxonomy":"product_cat","embeddable":true,"href":"https:\/\/indie.rent\/catalogue\/wp-json\/wp\/v2\/product_cat?post=768"},{"taxonomy":"product_tag","embeddable":true,"href":"https:\/\/indie.rent\/catalogue\/wp-json\/wp\/v2\/product_tag?post=768"}],"curies":[{"name":"wp","href":"https:\/\/api.w.org\/{rel}","templated":true}]}}