{"id":713,"date":"2025-01-09T10:06:54","date_gmt":"2025-01-09T09:06:54","guid":{"rendered":"https:\/\/indie.rent\/catalogue\/produit\/air-light-h22c-60x60cm\/"},"modified":"2026-04-16T18:35:28","modified_gmt":"2026-04-16T16:35:28","slug":"projecteur-led-couleur-pheon-lux-air-light-h22c-60x60cm","status":"publish","type":"product","link":"https:\/\/indie.rent\/catalogue\/produit\/projecteur-led-couleur-pheon-lux-air-light-h22c-60x60cm\/","title":{"rendered":"Projecteur LED Couleur PHEON LUX Air Light H22C 60x60cm"},"content":{"rendered":"<p>Projecteur LED RGBW polyvalent, le Pheon Lux H22C offre un excellent \u00e9quilibre entre puissance, taille et flexibilit\u00e9.<\/p>\n<p>Adapt\u00e9 aux plateaux cin\u00e9ma et publicit\u00e9, il permet aussi bien des usages en source directe qu\u2019en soft avec accessoires.<\/p>\n<p>Caract\u00e9ristiques principales :<\/p>\n<p>Source : LED RGBW<br \/>Temp\u00e9rature de couleur : 2 000K \u2013 10 000K<br \/>CRI \/ TLCI : \u2265 95<br \/>Puissance : 100W<br \/>Intensit\u00e9 lumineuse : \u00e9lev\u00e9e (polyvalent, bon compromis puissance\/encombrement)<br \/>Alimentation : secteur \/ batterie<br \/>Contr\u00f4le : DMX \/ CRMX \/ Bluetooth<br \/>Dimensions : 670 \u00d7 670 \u00d7 180 mm<br \/>Poids (T\u00eate): env. 1 kg<\/p>\n","protected":false},"excerpt":{"rendered":"<p>Projecteur LED RGBW polyvalent, le Pheon Lux H22C offre un excellent \u00e9quilibre entre puissance, taille et flexibilit\u00e9. Adapt\u00e9 aux plateaux cin\u00e9ma et publicit\u00e9, il permet aussi bien des usages en source directe qu\u2019en soft avec accessoires. Caract\u00e9ristiques principales : Source : LED RGBWTemp\u00e9rature de couleur : 2 000K \u2013 10 000KCRI \/ TLCI : \u2265 [&hellip;]<\/p>\n","protected":false},"featured_media":2707,"template":"","meta":{"inline_featured_image":false},"product_brand":[],"product_cat":[2007],"product_tag":[],"class_list":{"0":"post-713","1":"product","2":"type-product","3":"status-publish","4":"has-post-thumbnail","6":"product_cat-led-couleur-soft","8":"first","9":"instock","10":"taxable","11":"shipping-taxable","12":"purchasable","13":"product-type-rentable"},"acf":[],"_links":{"self":[{"href":"https:\/\/indie.rent\/catalogue\/wp-json\/wp\/v2\/product\/713","targetHints":{"allow":["GET"]}}],"collection":[{"href":"https:\/\/indie.rent\/catalogue\/wp-json\/wp\/v2\/product"}],"about":[{"href":"https:\/\/indie.rent\/catalogue\/wp-json\/wp\/v2\/types\/product"}],"version-history":[{"count":0,"href":"https:\/\/indie.rent\/catalogue\/wp-json\/wp\/v2\/product\/713\/revisions"}],"wp:featuredmedia":[{"embeddable":true,"href":"https:\/\/indie.rent\/catalogue\/wp-json\/wp\/v2\/media\/2707"}],"wp:attachment":[{"href":"https:\/\/indie.rent\/catalogue\/wp-json\/wp\/v2\/media?parent=713"}],"wp:term":[{"taxonomy":"product_brand","embeddable":true,"href":"https:\/\/indie.rent\/catalogue\/wp-json\/wp\/v2\/product_brand?post=713"},{"taxonomy":"product_cat","embeddable":true,"href":"https:\/\/indie.rent\/catalogue\/wp-json\/wp\/v2\/product_cat?post=713"},{"taxonomy":"product_tag","embeddable":true,"href":"https:\/\/indie.rent\/catalogue\/wp-json\/wp\/v2\/product_tag?post=713"}],"curies":[{"name":"wp","href":"https:\/\/api.w.org\/{rel}","templated":true}]}}