{"id":7121,"date":"2026-04-15T16:15:00","date_gmt":"2026-04-15T14:15:00","guid":{"rendered":"https:\/\/indie.rent\/catalogue\/produit\/pelicase-de-transport-pour-filtres-4x5-6-2\/"},"modified":"2026-04-15T17:32:31","modified_gmt":"2026-04-15T15:32:31","slug":"pelicase-de-transport-pour-filtres-4x5-6-2","status":"publish","type":"product","link":"https:\/\/indie.rent\/catalogue\/produit\/pelicase-de-transport-pour-filtres-4x5-6-2\/","title":{"rendered":"Pelicase de Transport pour Filtres 4&#215;5.6"},"content":{"rendered":"<p>Nos pelicases de transport de filtres sont \u00e9t\u00e9 sp\u00e9cialement con\u00e7us pour un usage sur le terrain garantissant la s\u00e9curit\u00e9 des filtres ainsi qu&#8217;une meilleur prise en main lors de son utilisation. Il permet de stocker 2 s\u00e9ries de 5 filtres ainsi qu&#8217;un compartiment pour ranger 12 filtres.<\/p>\n","protected":false},"excerpt":{"rendered":"<p>Nos pelicases de transport de filtres sont \u00e9t\u00e9 sp\u00e9cialement con\u00e7us pour un usage sur le terrain garantissant la s\u00e9curit\u00e9 des filtres ainsi qu&#8217;une meilleur prise en main lors de son utilisation. Il permet de stocker 2 s\u00e9ries de 5 filtres ainsi qu&#8217;un compartiment pour ranger 12 filtres.<\/p>\n","protected":false},"featured_media":2404,"template":"","meta":{"inline_featured_image":false},"product_brand":[],"product_cat":[1950],"product_tag":[],"class_list":{"0":"post-7121","1":"product","2":"type-product","3":"status-publish","4":"has-post-thumbnail","6":"product_cat-assistant","8":"first","9":"instock","10":"taxable","11":"shipping-taxable","12":"purchasable","13":"product-type-rentable"},"acf":[],"_links":{"self":[{"href":"https:\/\/indie.rent\/catalogue\/wp-json\/wp\/v2\/product\/7121","targetHints":{"allow":["GET"]}}],"collection":[{"href":"https:\/\/indie.rent\/catalogue\/wp-json\/wp\/v2\/product"}],"about":[{"href":"https:\/\/indie.rent\/catalogue\/wp-json\/wp\/v2\/types\/product"}],"version-history":[{"count":0,"href":"https:\/\/indie.rent\/catalogue\/wp-json\/wp\/v2\/product\/7121\/revisions"}],"wp:featuredmedia":[{"embeddable":true,"href":"https:\/\/indie.rent\/catalogue\/wp-json\/wp\/v2\/media\/2404"}],"wp:attachment":[{"href":"https:\/\/indie.rent\/catalogue\/wp-json\/wp\/v2\/media?parent=7121"}],"wp:term":[{"taxonomy":"product_brand","embeddable":true,"href":"https:\/\/indie.rent\/catalogue\/wp-json\/wp\/v2\/product_brand?post=7121"},{"taxonomy":"product_cat","embeddable":true,"href":"https:\/\/indie.rent\/catalogue\/wp-json\/wp\/v2\/product_cat?post=7121"},{"taxonomy":"product_tag","embeddable":true,"href":"https:\/\/indie.rent\/catalogue\/wp-json\/wp\/v2\/product_tag?post=7121"}],"curies":[{"name":"wp","href":"https:\/\/api.w.org\/{rel}","templated":true}]}}