{"id":708,"date":"2025-01-09T10:06:52","date_gmt":"2025-01-09T09:06:52","guid":{"rendered":"https:\/\/indie.rent\/catalogue\/produit\/tete-fluide-cartoni-focus-18-avec-trepied-100-mm\/"},"modified":"2026-04-15T17:07:26","modified_gmt":"2026-04-15T15:07:26","slug":"tete-fluide-cartoni-focus-18-avec-trepied-100-mm","status":"publish","type":"product","link":"https:\/\/indie.rent\/catalogue\/produit\/tete-fluide-cartoni-focus-18-avec-trepied-100-mm\/","title":{"rendered":"T\u00eate Fluide CARTONI Focus 18 avec Tr\u00e9pied 100 mm"},"content":{"rendered":"<p>Dot\u00e9 d\u2019une capacit\u00e9 de charge de 18 kg maximum, le Cartoni Focus 18 est un tr\u00e9pied tr\u00e8s utilis\u00e9 pour le cin\u00e9ma, la t\u00e9l\u00e9vision ou encore le documentaire. Il est constitu\u00e9 en aluminium et poss\u00e8de une t\u00eate fluide HF1800 de tr\u00e8s bonne qualit\u00e9 avec une poign\u00e9e t\u00e9lescopique ainsi qu\u2019un triangle mi-hauteur. Le tout pour un poids de 7,6 kg. Il ne poss\u00e8de qu\u2019un \u00e9tage et peut atteindre une hauteur maximale de 154 cm ainsi qu\u2019une hauteur minimale de 91 cm.<\/p>\n","protected":false},"excerpt":{"rendered":"<p>Dot\u00e9 d\u2019une capacit\u00e9 de charge de 18 kg maximum, le Cartoni Focus 18 est un tr\u00e9pied tr\u00e8s utilis\u00e9 pour le cin\u00e9ma, la t\u00e9l\u00e9vision ou encore le documentaire. Il est constitu\u00e9 en aluminium et poss\u00e8de une t\u00eate fluide HF1800 de tr\u00e8s bonne qualit\u00e9 avec une poign\u00e9e t\u00e9lescopique ainsi qu\u2019un triangle mi-hauteur. Le tout pour un poids [&hellip;]<\/p>\n","protected":false},"featured_media":1860,"template":"","meta":{"inline_featured_image":false},"product_brand":[],"product_cat":[2040],"product_tag":[],"class_list":{"0":"post-708","1":"product","2":"type-product","3":"status-publish","4":"has-post-thumbnail","6":"product_cat-tete-et-trepied-100mm","8":"first","9":"instock","10":"taxable","11":"shipping-taxable","12":"purchasable","13":"product-type-rentable"},"acf":[],"_links":{"self":[{"href":"https:\/\/indie.rent\/catalogue\/wp-json\/wp\/v2\/product\/708","targetHints":{"allow":["GET"]}}],"collection":[{"href":"https:\/\/indie.rent\/catalogue\/wp-json\/wp\/v2\/product"}],"about":[{"href":"https:\/\/indie.rent\/catalogue\/wp-json\/wp\/v2\/types\/product"}],"version-history":[{"count":0,"href":"https:\/\/indie.rent\/catalogue\/wp-json\/wp\/v2\/product\/708\/revisions"}],"wp:featuredmedia":[{"embeddable":true,"href":"https:\/\/indie.rent\/catalogue\/wp-json\/wp\/v2\/media\/1860"}],"wp:attachment":[{"href":"https:\/\/indie.rent\/catalogue\/wp-json\/wp\/v2\/media?parent=708"}],"wp:term":[{"taxonomy":"product_brand","embeddable":true,"href":"https:\/\/indie.rent\/catalogue\/wp-json\/wp\/v2\/product_brand?post=708"},{"taxonomy":"product_cat","embeddable":true,"href":"https:\/\/indie.rent\/catalogue\/wp-json\/wp\/v2\/product_cat?post=708"},{"taxonomy":"product_tag","embeddable":true,"href":"https:\/\/indie.rent\/catalogue\/wp-json\/wp\/v2\/product_tag?post=708"}],"curies":[{"name":"wp","href":"https:\/\/api.w.org\/{rel}","templated":true}]}}