{"id":706,"date":"2025-01-09T10:06:52","date_gmt":"2025-01-09T09:06:52","guid":{"rendered":"https:\/\/indie.rent\/catalogue\/produit\/wind-up-buccaner-3m\/"},"modified":"2026-04-16T14:28:54","modified_gmt":"2026-04-16T12:28:54","slug":"wind-up-buccaner-3m-b7030ff","status":"publish","type":"product","link":"https:\/\/indie.rent\/catalogue\/produit\/wind-up-buccaner-3m-b7030ff\/","title":{"rendered":"Wind Up Buccaner 3m &#8211; B7030FF"},"content":{"rendered":"<p>Le Buccaneer de Avenger est un support d&#8217;\u00e9clairage de cin\u00e9ma robuste et r\u00e9volutionnaire, cr\u00e9\u00e9 afin de r\u00e9pondre \u00e0 une demande de l\u2019industrie pour un pied Wind Up dot\u00e9 d&#8217;une hauteur de chargement basse, une certification de s\u00e9curit\u00e9 T\u00dcV et une hauteur maximale de 3 m\u00e8tres.<\/p>\n<p>Nous avons toujours consid\u00e9r\u00e9 la s\u00e9curit\u00e9 des utilisateurs d\u2019Avenger comme une priorit\u00e9 et c\u2019est pour cela que nous proposons l\u2019une des plus grandes gammes de supports et de fixations avec certifications T\u00dcV, CE et UKCA. C\u2019est la garantie pour les utilisateurs d&#8217;un produit rigoureusement test\u00e9 par une instance ind\u00e9pendante et impartiale et qu\u2019il r\u00e9pond aux consignes de s\u00e9curit\u00e9 les plus exigeantes pour assurer la protection de tous sur le plateau.<\/p>\n<p>Les utilisateurs nous demandaient r\u00e9guli\u00e8rement un pied Wind Up dot\u00e9 d&#8217;une hauteur de chargement basse, avec une hauteur maximale de 3 m et qui contribuerait \u00e0 am\u00e9liorer la s\u00e9curit\u00e9 sur le plateau en r\u00e9duisant le risque de blessure li\u00e9 au levage manuel de charges lourdes. Nous avons souhait\u00e9 relever le d\u00e9fi et avons d\u00e9velopp\u00e9 un produit avec nos ing\u00e9nieurs en Italie.<\/p>\n<p>Apr\u00e8s des ann\u00e9es de d\u00e9veloppement, Avenger d\u00e9voile le Buccaneer qui s&#8217;inscrit dans sa volont\u00e9 de transformer la fa\u00e7on dont les utilisateurs travaillent sur un plateau.<br \/>La faible hauteur de chargement est obtenue gr\u00e2ce \u00e0 deux fonctionnalit\u00e9s uniques : d\u2019abord la base \u00e0 pliage invers\u00e9 et ensuite la colonne en plusieurs sections et sans bague. Ces deux caract\u00e9ristiques associ\u00e9es permettent de charger le pied \u00e0 une hauteur de 92,5 cm. C\u2019est la plus faible hauteur de chargement qui existe pour un pied Wind Up d&#8217;une hauteur maximale de 3 m.<br \/>Une fois l\u2019\u00e9clairage install\u00e9, on passe la base du pied en mode op\u00e9ration \u00e0 l\u2019aide des trois jambes de mise \u00e0 niveau qui permettent \u00e9galement de compenser les in\u00e9galit\u00e9s du sol.<\/p>\n<p>Le Buccaneer est \u00e9quip\u00e9 d\u2019un syst\u00e8me d\u2019\u00e9l\u00e9vation de la colonne par double manivelle. Ce syst\u00e8me est inspir\u00e9 du fonctionnement du m\u00e2t d\u2019un bateau afin de faire monter ou baisser la charge plus rapidement qu\u2019avec n\u2019importe quel autre pied.<\/p>\n<p>Le Buccaneer est mont\u00e9 sur trois roues pleines anti-crevaison avec frein et des nervures id\u00e9ales pour diff\u00e9rents types de terrain. Chaque roue est \u00e9quip\u00e9e du verrouillage multi-directionnel pour man\u0153uvrer facilement le Buccaneer, m\u00eame quand il est charg\u00e9.<\/p>\n<p>Le connecteur femelle Junior 1\u20331\/8 (28 mm) et la charge admissible de 80 kg permettent au Buccaneer de soutenir les \u00e9clairages les plus lourds du march\u00e9 pour offrir aux utilisateurs la puissance dont ils ont besoin.<\/p>\n<p>La base basse et l\u2019empreinte au sol de 80 cm ainsi que la r\u00e9sistance des mat\u00e9riaux et la stabilit\u00e9 du pied permettent de l&#8217;utiliser dans de nombreuses situations. Le Buccaneer propose d\u2019autres fonctionnalit\u00e9s comme le plateau d\u2019installation d\u00e9di\u00e9 aux t\u00e9l\u00e9commandes magn\u00e9tiques et le point de fixation pour ballast d&#8217;\u00e9clairage qui permet de sur\u00e9lever le pied et de d\u00e9gager l\u2019espace au sol.<\/p>\n<p>Une fois repli\u00e9, le Buccaneer est facilement man\u0153uvrable \u00e0 l\u2019aide des mini roulettes de transport et de la poign\u00e9e ergonomique.<\/p>\n<p>Le Buccaneer est v\u00e9ritablement un pied unique en son genre car aucun autre pied disponible sur le march\u00e9 ne propose autant de fonctionnalit\u00e9s que ce support d\u2019\u00e9clairage innovant. C\u2019est un produit phare pour notre mission de r\u00e9volutionner les supports et fixations d\u2019\u00e9clairage tout en assurant la s\u00e9curit\u00e9 de nos utilisateurs!<\/p>\n","protected":false},"excerpt":{"rendered":"<p>Le Buccaneer de Avenger est un support d&#8217;\u00e9clairage de cin\u00e9ma robuste et r\u00e9volutionnaire, cr\u00e9\u00e9 afin de r\u00e9pondre \u00e0 une demande de l\u2019industrie pour un pied Wind Up dot\u00e9 d&#8217;une hauteur de chargement basse, une certification de s\u00e9curit\u00e9 T\u00dcV et une hauteur maximale de 3 m\u00e8tres. Nous avons toujours consid\u00e9r\u00e9 la s\u00e9curit\u00e9 des utilisateurs d\u2019Avenger comme [&hellip;]<\/p>\n","protected":false},"featured_media":2537,"template":"","meta":{"inline_featured_image":false},"product_brand":[],"product_cat":[2030],"product_tag":[],"class_list":{"0":"post-706","1":"product","2":"type-product","3":"status-publish","4":"has-post-thumbnail","6":"product_cat-roller","8":"first","9":"instock","10":"taxable","11":"shipping-taxable","12":"purchasable","13":"product-type-rentable"},"acf":[],"_links":{"self":[{"href":"https:\/\/indie.rent\/catalogue\/wp-json\/wp\/v2\/product\/706","targetHints":{"allow":["GET"]}}],"collection":[{"href":"https:\/\/indie.rent\/catalogue\/wp-json\/wp\/v2\/product"}],"about":[{"href":"https:\/\/indie.rent\/catalogue\/wp-json\/wp\/v2\/types\/product"}],"version-history":[{"count":0,"href":"https:\/\/indie.rent\/catalogue\/wp-json\/wp\/v2\/product\/706\/revisions"}],"wp:featuredmedia":[{"embeddable":true,"href":"https:\/\/indie.rent\/catalogue\/wp-json\/wp\/v2\/media\/2537"}],"wp:attachment":[{"href":"https:\/\/indie.rent\/catalogue\/wp-json\/wp\/v2\/media?parent=706"}],"wp:term":[{"taxonomy":"product_brand","embeddable":true,"href":"https:\/\/indie.rent\/catalogue\/wp-json\/wp\/v2\/product_brand?post=706"},{"taxonomy":"product_cat","embeddable":true,"href":"https:\/\/indie.rent\/catalogue\/wp-json\/wp\/v2\/product_cat?post=706"},{"taxonomy":"product_tag","embeddable":true,"href":"https:\/\/indie.rent\/catalogue\/wp-json\/wp\/v2\/product_tag?post=706"}],"curies":[{"name":"wp","href":"https:\/\/api.w.org\/{rel}","templated":true}]}}