{"id":7002,"date":"2026-04-15T09:49:53","date_gmt":"2026-04-15T07:49:53","guid":{"rendered":"https:\/\/indie.rent\/catalogue\/produit\/joker-bug-400-high-speed-2\/"},"modified":"2026-04-15T18:06:50","modified_gmt":"2026-04-15T16:06:50","slug":"joker-bug-400-high-speed-2","status":"publish","type":"product","link":"https:\/\/indie.rent\/catalogue\/produit\/joker-bug-400-high-speed-2\/","title":{"rendered":"Joker Bug 400 High Speed"},"content":{"rendered":"<p>Joker Bug 400W<\/p>\n<p>Le Joker-Bug 400 offre un rendement tr_x008f_\u00e8s semblable \u00e0 un 575 avec 30% de consommation \u00e9lectrique en moins, ainsi qu\u2019une tr\u00e8s_x008f_ sensible r\u00e9duction de poids et de taille. Comme tous les appareils Joker-Bug, le 400W peut \u00eatre utilis\u00e9 en configuration Bug-Lite, id\u00e9ale pour les applications en bo\u00eete \u00e0 lumi\u00e8re : la lumi\u00e8re est r\u00e9partie de fa\u00e7on uniforme sur la toile frontale, sans point chaud. Avec le beamer et le set de 4 lentilles (Wide, Super Wide, Medium et Fresnel), l\u2019appareil devient un PAR directionnel, offrant des formes de faisceau vari\u00e9es.<\/p>\n<p>Le ballast 400W de Powergems est pr\u00e9par\u00e9 pour fonctionner en High Speed. La fr\u00e9quence de 300 Hz ou 1000 Hz peut _x0090_\u00eatre choisie.<\/p>\n<p>Caract\u00e9ristiques principales :<br \/>&#8211; Poids avec beamer : 1.7 kg,<br \/>&#8211; Dimensions avec Beamer : 25 x 27 x 18 Cm,<br \/>&#8211; Dimensions kit complet : 60.5 x 30.5 x 28 cm,<br \/>&#8211; Lampe : 400 Watt MSR\/SE \u00e0 d\u00e9charge, single ended, 5600 Kelvin, dur\u00e9e de vie de 700 heures maximum.<\/p>\n","protected":false},"excerpt":{"rendered":"<p>Joker Bug 400W Le Joker-Bug 400 offre un rendement tr_x008f_\u00e8s semblable \u00e0 un 575 avec 30% de consommation \u00e9lectrique en moins, ainsi qu\u2019une tr\u00e8s_x008f_ sensible r\u00e9duction de poids et de taille. Comme tous les appareils Joker-Bug, le 400W peut \u00eatre utilis\u00e9 en configuration Bug-Lite, id\u00e9ale pour les applications en bo\u00eete \u00e0 lumi\u00e8re : la lumi\u00e8re [&hellip;]<\/p>\n","protected":false},"featured_media":2092,"template":"","meta":{"inline_featured_image":false},"product_brand":[],"product_cat":[2020],"product_tag":[],"class_list":{"0":"post-7002","1":"product","2":"type-product","3":"status-publish","4":"has-post-thumbnail","6":"product_cat-hmi-high-speed","8":"first","9":"instock","10":"taxable","11":"shipping-taxable","12":"purchasable","13":"product-type-rentable"},"acf":[],"_links":{"self":[{"href":"https:\/\/indie.rent\/catalogue\/wp-json\/wp\/v2\/product\/7002","targetHints":{"allow":["GET"]}}],"collection":[{"href":"https:\/\/indie.rent\/catalogue\/wp-json\/wp\/v2\/product"}],"about":[{"href":"https:\/\/indie.rent\/catalogue\/wp-json\/wp\/v2\/types\/product"}],"version-history":[{"count":0,"href":"https:\/\/indie.rent\/catalogue\/wp-json\/wp\/v2\/product\/7002\/revisions"}],"wp:featuredmedia":[{"embeddable":true,"href":"https:\/\/indie.rent\/catalogue\/wp-json\/wp\/v2\/media\/2092"}],"wp:attachment":[{"href":"https:\/\/indie.rent\/catalogue\/wp-json\/wp\/v2\/media?parent=7002"}],"wp:term":[{"taxonomy":"product_brand","embeddable":true,"href":"https:\/\/indie.rent\/catalogue\/wp-json\/wp\/v2\/product_brand?post=7002"},{"taxonomy":"product_cat","embeddable":true,"href":"https:\/\/indie.rent\/catalogue\/wp-json\/wp\/v2\/product_cat?post=7002"},{"taxonomy":"product_tag","embeddable":true,"href":"https:\/\/indie.rent\/catalogue\/wp-json\/wp\/v2\/product_tag?post=7002"}],"curies":[{"name":"wp","href":"https:\/\/api.w.org\/{rel}","templated":true}]}}