{"id":700,"date":"2025-01-09T10:06:45","date_gmt":"2025-01-09T09:06:45","guid":{"rendered":"https:\/\/indie.rent\/catalogue\/produit\/tranquilizer\/"},"modified":"2026-04-14T17:08:27","modified_gmt":"2026-04-14T15:08:27","slug":"kit-tranquilizer","status":"publish","type":"product","link":"https:\/\/indie.rent\/catalogue\/produit\/kit-tranquilizer\/","title":{"rendered":"Kit Tranquilizer"},"content":{"rendered":"<p>Le Tranquilizer de Flowcine utilise des anneaux en polym\u00e8res au lieu des classiques filins d\u2019acier. L&#8217;op\u00e9rateur peut changer la duret\u00e9 et la quantit\u00e9 des anneaux, ce qui permet d&#8217;obtenir un ajustement parfait selon le poids de la configuration.<\/p>\n<p>Il comprend \u00e9galement 8 Passive plates Flowcine.  Ces plaques contre poids sont tr\u00e8s faciles \u00e0 ajouter et \u00e0 enlever.Elles permettent d\u2019augmenter le poids du syst\u00e8me gimbal jusqu&#8217;\u00e0 pr\u00e8s de 5KG afin de garantir une stabilisation la plus qualitative possible .<\/p>\n<p>Le Traquilizer a \u00e9t\u00e9 con\u00e7u pour r\u00e9soudre les probl\u00e8mes de r\u00e9sonnances sur le Pan en r\u00e9duisant les grandes gammes de fr\u00e9quences vibratoires, tout en conservant la direction de vis\u00e9e de la camera. Cela permet \u00e0 l&#8217;op\u00e9rateur de calibrer le gimbal \/ la gyrohead avec les param\u00e8tres de couple moteur les plus haut avec pour r\u00e9sultat une meilleur gestion des vitesses \u00e9lev\u00e9es, du vent et d&#8217;autres variables dynamiques lors de la prise de vue sur v\u00e9hicules.<\/p>\n<p> Le Tranquilizer apporte aussi un vrai plus pour compenser les gros chocs (nid de poules, houle, \u2026).<\/p>\n","protected":false},"excerpt":{"rendered":"<p>Le Tranquilizer de Flowcine utilise des anneaux en polym\u00e8res au lieu des classiques filins d\u2019acier. L&#8217;op\u00e9rateur peut changer la duret\u00e9 et la quantit\u00e9 des anneaux, ce qui permet d&#8217;obtenir un ajustement parfait selon le poids de la configuration. Il comprend \u00e9galement 8 Passive plates Flowcine. Ces plaques contre poids sont tr\u00e8s faciles \u00e0 ajouter et [&hellip;]<\/p>\n","protected":false},"featured_media":2427,"template":"","meta":{"inline_featured_image":false},"product_brand":[],"product_cat":[2048],"product_tag":[],"class_list":{"0":"post-700","1":"product","2":"type-product","3":"status-publish","4":"has-post-thumbnail","6":"product_cat-black-arm","8":"first","9":"instock","10":"taxable","11":"shipping-taxable","12":"purchasable","13":"product-type-rentable"},"acf":[],"_links":{"self":[{"href":"https:\/\/indie.rent\/catalogue\/wp-json\/wp\/v2\/product\/700","targetHints":{"allow":["GET"]}}],"collection":[{"href":"https:\/\/indie.rent\/catalogue\/wp-json\/wp\/v2\/product"}],"about":[{"href":"https:\/\/indie.rent\/catalogue\/wp-json\/wp\/v2\/types\/product"}],"version-history":[{"count":0,"href":"https:\/\/indie.rent\/catalogue\/wp-json\/wp\/v2\/product\/700\/revisions"}],"wp:featuredmedia":[{"embeddable":true,"href":"https:\/\/indie.rent\/catalogue\/wp-json\/wp\/v2\/media\/2427"}],"wp:attachment":[{"href":"https:\/\/indie.rent\/catalogue\/wp-json\/wp\/v2\/media?parent=700"}],"wp:term":[{"taxonomy":"product_brand","embeddable":true,"href":"https:\/\/indie.rent\/catalogue\/wp-json\/wp\/v2\/product_brand?post=700"},{"taxonomy":"product_cat","embeddable":true,"href":"https:\/\/indie.rent\/catalogue\/wp-json\/wp\/v2\/product_cat?post=700"},{"taxonomy":"product_tag","embeddable":true,"href":"https:\/\/indie.rent\/catalogue\/wp-json\/wp\/v2\/product_tag?post=700"}],"curies":[{"name":"wp","href":"https:\/\/api.w.org\/{rel}","templated":true}]}}