{"id":692,"date":"2025-01-09T10:06:42","date_gmt":"2025-01-09T09:06:42","guid":{"rendered":"https:\/\/indie.rent\/catalogue\/produit\/pocket-par-125\/"},"modified":"2026-04-10T10:04:10","modified_gmt":"2026-04-10T08:04:10","slug":"pocket-par-125","status":"publish","type":"product","link":"https:\/\/indie.rent\/catalogue\/produit\/pocket-par-125\/","title":{"rendered":"Pocket Par 125"},"content":{"rendered":"<p>Pocket PAR 125<\/p>\n<p>Le kit pocket 25 HMI est parfait pour les petits espaces et les installations rapproch\u00e9es ou confin\u00e9es.  Con\u00e7u sur mesure avec un r\u00e9flecteur \u00e0 facettes en verre dichro\u00efque et verres \u00e9tal\u00e9s assortis qui assurent le contr\u00f4le maximal du faisceau dans toutes les situations. Le kit contient un ensemble de 5 lentilles qui permettent une grande vari\u00e9t\u00e9 d&#8217;effets lumineux. Ce projecteur est tr\u00e8s pratique du fait de son faible poids et de sa grande puissance.<\/p>\n<p>Caract\u00e9ristiques principales :<br \/>&#8211; Temp\u00e9rature de couleur : 6000 K,<br \/>&#8211; Angle de faisceau: 6 \u00b0 &#8211; 66 \u00b0,<br \/>&#8211; Puissance : 125W,<br \/>&#8211; Dimensions : 143 x 126 x 190 mm,<br \/>&#8211; Poids : 1.1 kg.<\/p>\n","protected":false},"excerpt":{"rendered":"<p>Pocket PAR 125 Le kit pocket 25 HMI est parfait pour les petits espaces et les installations rapproch\u00e9es ou confin\u00e9es. Con\u00e7u sur mesure avec un r\u00e9flecteur \u00e0 facettes en verre dichro\u00efque et verres \u00e9tal\u00e9s assortis qui assurent le contr\u00f4le maximal du faisceau dans toutes les situations. Le kit contient un ensemble de 5 lentilles qui [&hellip;]<\/p>\n","protected":false},"featured_media":2093,"template":"","meta":{"inline_featured_image":false},"product_brand":[],"product_cat":[2021],"product_tag":[],"class_list":{"0":"post-692","1":"product","2":"type-product","3":"status-publish","4":"has-post-thumbnail","6":"product_cat-hmi-non-high-speed","8":"first","9":"instock","10":"taxable","11":"shipping-taxable","12":"purchasable","13":"product-type-rentable"},"acf":[],"_links":{"self":[{"href":"https:\/\/indie.rent\/catalogue\/wp-json\/wp\/v2\/product\/692","targetHints":{"allow":["GET"]}}],"collection":[{"href":"https:\/\/indie.rent\/catalogue\/wp-json\/wp\/v2\/product"}],"about":[{"href":"https:\/\/indie.rent\/catalogue\/wp-json\/wp\/v2\/types\/product"}],"version-history":[{"count":0,"href":"https:\/\/indie.rent\/catalogue\/wp-json\/wp\/v2\/product\/692\/revisions"}],"wp:featuredmedia":[{"embeddable":true,"href":"https:\/\/indie.rent\/catalogue\/wp-json\/wp\/v2\/media\/2093"}],"wp:attachment":[{"href":"https:\/\/indie.rent\/catalogue\/wp-json\/wp\/v2\/media?parent=692"}],"wp:term":[{"taxonomy":"product_brand","embeddable":true,"href":"https:\/\/indie.rent\/catalogue\/wp-json\/wp\/v2\/product_brand?post=692"},{"taxonomy":"product_cat","embeddable":true,"href":"https:\/\/indie.rent\/catalogue\/wp-json\/wp\/v2\/product_cat?post=692"},{"taxonomy":"product_tag","embeddable":true,"href":"https:\/\/indie.rent\/catalogue\/wp-json\/wp\/v2\/product_tag?post=692"}],"curies":[{"name":"wp","href":"https:\/\/api.w.org\/{rel}","templated":true}]}}