{"id":682,"date":"2025-01-09T10:06:40","date_gmt":"2025-01-09T09:06:40","guid":{"rendered":"https:\/\/indie.rent\/catalogue\/produit\/kc-lite-8\/"},"modified":"2026-04-15T18:05:47","modified_gmt":"2026-04-15T16:05:47","slug":"kc-lite-8","status":"publish","type":"product","link":"https:\/\/indie.rent\/catalogue\/produit\/kc-lite-8\/","title":{"rendered":"KC Lite 8"},"content":{"rendered":"<p>La Grue KC-Lite 8.0, du fabricant Kessler, est une grue tr\u00e8s l\u00e9g\u00e8re (3 kg poids \u00e0 vide) et robuste. Elle est id\u00e9ale pour les vid\u00e9astes amateurs ou semi-pros car elle se compose d\u2019\u00e9l\u00e9ments facile \u00e0 assembler et ne n\u00e9cessite pas d\u2019outils pour le montage de celle-ci. Cette grue supporte des configurations cam\u00e9ras de 4 kg maximum et permet de les \u00e9lever \u00e0 une hauteur maximale de 2,4 m\u00e8tres. Elle est id\u00e9ale pour les plans avec des bo\u00eetiers r\u00e9flex num\u00e9riques et encore les bo\u00eetiers mirroless et peut \u00eatre install\u00e9e sur un tr\u00e9pied. Le contr\u00f4le des mouvements s\u2019effectue par la poign\u00e9e, sur laquelle il est possible d\u2019y mettre des poids.<\/p>\n","protected":false},"excerpt":{"rendered":"<p>La Grue KC-Lite 8.0, du fabricant Kessler, est une grue tr\u00e8s l\u00e9g\u00e8re (3 kg poids \u00e0 vide) et robuste. Elle est id\u00e9ale pour les vid\u00e9astes amateurs ou semi-pros car elle se compose d\u2019\u00e9l\u00e9ments facile \u00e0 assembler et ne n\u00e9cessite pas d\u2019outils pour le montage de celle-ci. Cette grue supporte des configurations cam\u00e9ras de 4 kg [&hellip;]<\/p>\n","protected":false},"featured_media":1861,"template":"","meta":{"inline_featured_image":false},"product_brand":[],"product_cat":[2066],"product_tag":[],"class_list":{"0":"post-682","1":"product","2":"type-product","3":"status-publish","4":"has-post-thumbnail","6":"product_cat-jib","8":"first","9":"instock","10":"taxable","11":"shipping-taxable","12":"purchasable","13":"product-type-rentable"},"acf":[],"_links":{"self":[{"href":"https:\/\/indie.rent\/catalogue\/wp-json\/wp\/v2\/product\/682","targetHints":{"allow":["GET"]}}],"collection":[{"href":"https:\/\/indie.rent\/catalogue\/wp-json\/wp\/v2\/product"}],"about":[{"href":"https:\/\/indie.rent\/catalogue\/wp-json\/wp\/v2\/types\/product"}],"version-history":[{"count":0,"href":"https:\/\/indie.rent\/catalogue\/wp-json\/wp\/v2\/product\/682\/revisions"}],"wp:featuredmedia":[{"embeddable":true,"href":"https:\/\/indie.rent\/catalogue\/wp-json\/wp\/v2\/media\/1861"}],"wp:attachment":[{"href":"https:\/\/indie.rent\/catalogue\/wp-json\/wp\/v2\/media?parent=682"}],"wp:term":[{"taxonomy":"product_brand","embeddable":true,"href":"https:\/\/indie.rent\/catalogue\/wp-json\/wp\/v2\/product_brand?post=682"},{"taxonomy":"product_cat","embeddable":true,"href":"https:\/\/indie.rent\/catalogue\/wp-json\/wp\/v2\/product_cat?post=682"},{"taxonomy":"product_tag","embeddable":true,"href":"https:\/\/indie.rent\/catalogue\/wp-json\/wp\/v2\/product_tag?post=682"}],"curies":[{"name":"wp","href":"https:\/\/api.w.org\/{rel}","templated":true}]}}