{"id":672,"date":"2025-01-09T10:06:36","date_gmt":"2025-01-09T09:06:36","guid":{"rendered":"https:\/\/indie.rent\/catalogue\/produit\/trepied-leger-t6\/"},"modified":"2026-04-16T17:12:55","modified_gmt":"2026-04-16T15:12:55","slug":"tete-fluide-panther-broadcast-t6-avec-trepied-75-mm","status":"publish","type":"product","link":"https:\/\/indie.rent\/catalogue\/produit\/tete-fluide-panther-broadcast-t6-avec-trepied-75-mm\/","title":{"rendered":"T\u00eate Fluide Panther Broadcast T6 avec Tr\u00e9pied 75 mm"},"content":{"rendered":"<p>T\u00eate Fluide Panther Broadcast T6 avec Tr\u00e9pied 75 mm.<\/p>\n<p>Caract\u00e9ristiques:\u00a0<br \/>&#8211; Poids de la t\u00eate:\u00a0 ~ 1.3 kg\u00a0<br \/>&#8211; Charge utile maximale: 6 kg (au centre de gravit\u00e9)<br \/>&#8211; \u00c9tages de friction: 2 niveaux (Pan &amp; Tilt)<br \/>&#8211;\u00a0Course de la plaque d\u2019\u00e9quilibrage (balance plate): 46 mm\u00a0<br \/>&#8211; Plage d\u2019inclinaison (Tilt) : +85\u00b0 \/ \u221285\u00b0<br \/>&#8211; Diam\u00e8tre du bol: 75 mm\u00a0<\/p>\n<p>\u00a0<br \/>\u00a0<br \/>\u00a0<br \/>\u00a0<br \/>\u00a0<br \/>\u00a0<br \/>\u00a0<br \/>\u00a0<br \/>\u00a0<br \/>\u00a0<br \/>\u00a0<\/p>\n","protected":false},"excerpt":{"rendered":"<p>T\u00eate Fluide Panther Broadcast T6 avec Tr\u00e9pied 75 mm. Caract\u00e9ristiques:\u00a0&#8211; Poids de la t\u00eate:\u00a0 ~ 1.3 kg\u00a0&#8211; Charge utile maximale: 6 kg (au centre de gravit\u00e9)&#8211; \u00c9tages de friction: 2 niveaux (Pan &amp; Tilt)&#8211;\u00a0Course de la plaque d\u2019\u00e9quilibrage (balance plate): 46 mm\u00a0&#8211; Plage d\u2019inclinaison (Tilt) : +85\u00b0 \/ \u221285\u00b0&#8211; Diam\u00e8tre du bol: 75 mm\u00a0 \u00a0\u00a0\u00a0\u00a0\u00a0\u00a0\u00a0\u00a0\u00a0\u00a0\u00a0<\/p>\n","protected":false},"featured_media":2007,"template":"","meta":{"inline_featured_image":false},"product_brand":[],"product_cat":[2041],"product_tag":[],"class_list":{"0":"post-672","1":"product","2":"type-product","3":"status-publish","4":"has-post-thumbnail","6":"product_cat-tete-et-trepied-75mm","8":"first","9":"instock","10":"taxable","11":"shipping-taxable","12":"purchasable","13":"product-type-rentable"},"acf":[],"_links":{"self":[{"href":"https:\/\/indie.rent\/catalogue\/wp-json\/wp\/v2\/product\/672","targetHints":{"allow":["GET"]}}],"collection":[{"href":"https:\/\/indie.rent\/catalogue\/wp-json\/wp\/v2\/product"}],"about":[{"href":"https:\/\/indie.rent\/catalogue\/wp-json\/wp\/v2\/types\/product"}],"version-history":[{"count":0,"href":"https:\/\/indie.rent\/catalogue\/wp-json\/wp\/v2\/product\/672\/revisions"}],"wp:featuredmedia":[{"embeddable":true,"href":"https:\/\/indie.rent\/catalogue\/wp-json\/wp\/v2\/media\/2007"}],"wp:attachment":[{"href":"https:\/\/indie.rent\/catalogue\/wp-json\/wp\/v2\/media?parent=672"}],"wp:term":[{"taxonomy":"product_brand","embeddable":true,"href":"https:\/\/indie.rent\/catalogue\/wp-json\/wp\/v2\/product_brand?post=672"},{"taxonomy":"product_cat","embeddable":true,"href":"https:\/\/indie.rent\/catalogue\/wp-json\/wp\/v2\/product_cat?post=672"},{"taxonomy":"product_tag","embeddable":true,"href":"https:\/\/indie.rent\/catalogue\/wp-json\/wp\/v2\/product_tag?post=672"}],"curies":[{"name":"wp","href":"https:\/\/api.w.org\/{rel}","templated":true}]}}