{"id":661,"date":"2025-01-09T10:06:30","date_gmt":"2025-01-09T09:06:30","guid":{"rendered":"https:\/\/indie.rent\/catalogue\/produit\/deport-girafe-mega-boom-425b\/"},"modified":"2026-04-16T18:32:16","modified_gmt":"2026-04-16T16:32:16","slug":"deport-girafe-mega-boom-425b","status":"publish","type":"product","link":"https:\/\/indie.rent\/catalogue\/produit\/deport-girafe-mega-boom-425b\/","title":{"rendered":"D\u00e9port Girafe Mega Boom 425B"},"content":{"rendered":"<p>Caract\u00e9ristiques principales :<\/p>\n<p>Poids : 15 Kg<br \/>Charge admissible : 30 Kg<br \/>Charge admissible en extension maximale : 6 Kg<br \/>Extension minimum de la perche : 50 cm<br \/>Extension maximale de la perche : 320 cm<br \/>Se fixe sur pied en spigot de 28<\/p>\n<p>Facile \u00e0 mouvoir et pratique \u00e0 utiliser, la Girafe Mega Boom noir est con\u00e7ue avec des caract\u00e9ristiques innovantes qui la rendent facile d\u2019utilisation ind\u00e9pendamment de sa grande taille. La girafe poss\u00e8de une port\u00e9e de 3,6m.<br \/>Les poign\u00e9es ergonomiques vous permettent de passer d\u2019une position \u00e0 l\u2019autre avec fluidit\u00e9. Les inclinaisons Pan, Tilt et Rotate sont accessibles via la t\u00e9l\u00e9commande.<br \/>Le cadre r\u00e9sistant en aluminium et zinc noir de la girafe Mega Boom rend l&#8217;\u00e9quipement durable.<br \/>Lorsque vous aurez termin\u00e9, le mega boom se plie en deux sections. Il est donc facile \u00e0 transporter, il existe m\u00eame des sacs de transports adapt\u00e9s pour un maximum de practicit\u00e9.<\/p>\n","protected":false},"excerpt":{"rendered":"<p>Caract\u00e9ristiques principales : Poids : 15 KgCharge admissible : 30 KgCharge admissible en extension maximale : 6 KgExtension minimum de la perche : 50 cmExtension maximale de la perche : 320 cmSe fixe sur pied en spigot de 28 Facile \u00e0 mouvoir et pratique \u00e0 utiliser, la Girafe Mega Boom noir est con\u00e7ue avec des [&hellip;]<\/p>\n","protected":false},"featured_media":2562,"template":"","meta":{"inline_featured_image":false},"product_brand":[],"product_cat":[2031],"product_tag":[],"class_list":{"0":"post-661","1":"product","2":"type-product","3":"status-publish","4":"has-post-thumbnail","6":"product_cat-deport","8":"first","9":"instock","10":"featured","11":"taxable","12":"shipping-taxable","13":"purchasable","14":"product-type-rentable"},"acf":[],"_links":{"self":[{"href":"https:\/\/indie.rent\/catalogue\/wp-json\/wp\/v2\/product\/661","targetHints":{"allow":["GET"]}}],"collection":[{"href":"https:\/\/indie.rent\/catalogue\/wp-json\/wp\/v2\/product"}],"about":[{"href":"https:\/\/indie.rent\/catalogue\/wp-json\/wp\/v2\/types\/product"}],"version-history":[{"count":0,"href":"https:\/\/indie.rent\/catalogue\/wp-json\/wp\/v2\/product\/661\/revisions"}],"wp:featuredmedia":[{"embeddable":true,"href":"https:\/\/indie.rent\/catalogue\/wp-json\/wp\/v2\/media\/2562"}],"wp:attachment":[{"href":"https:\/\/indie.rent\/catalogue\/wp-json\/wp\/v2\/media?parent=661"}],"wp:term":[{"taxonomy":"product_brand","embeddable":true,"href":"https:\/\/indie.rent\/catalogue\/wp-json\/wp\/v2\/product_brand?post=661"},{"taxonomy":"product_cat","embeddable":true,"href":"https:\/\/indie.rent\/catalogue\/wp-json\/wp\/v2\/product_cat?post=661"},{"taxonomy":"product_tag","embeddable":true,"href":"https:\/\/indie.rent\/catalogue\/wp-json\/wp\/v2\/product_tag?post=661"}],"curies":[{"name":"wp","href":"https:\/\/api.w.org\/{rel}","templated":true}]}}