{"id":6553,"date":"2026-03-25T23:07:14","date_gmt":"2026-03-25T22:07:14","guid":{"rendered":"https:\/\/indie.rent\/catalogue\/produit\/plaque-a-decentrement-standard-tilta-dovetail-25-cm\/"},"modified":"2026-04-16T16:51:18","modified_gmt":"2026-04-16T14:51:18","slug":"plaque-a-decentrement-standard-tilta-dovetail-25-cm","status":"publish","type":"product","link":"https:\/\/indie.rent\/catalogue\/produit\/plaque-a-decentrement-standard-tilta-dovetail-25-cm\/","title":{"rendered":"Plaque \u00e0 D\u00e9centrement Standard Tilta (Dovetail) 25 cm"},"content":{"rendered":"<p>Plaque de d\u00e9centrement 30cm<\/p>\n","protected":false},"excerpt":{"rendered":"<p>Plaque de d\u00e9centrement 30cm<\/p>\n","protected":false},"featured_media":0,"template":"","meta":{"inline_featured_image":false},"product_brand":[],"product_cat":[1947],"product_tag":[],"class_list":{"0":"post-6553","1":"product","2":"type-product","3":"status-publish","5":"product_cat-quick-release-plate","7":"first","8":"instock","9":"taxable","10":"shipping-taxable","11":"purchasable","12":"product-type-rentable"},"acf":[],"_links":{"self":[{"href":"https:\/\/indie.rent\/catalogue\/wp-json\/wp\/v2\/product\/6553","targetHints":{"allow":["GET"]}}],"collection":[{"href":"https:\/\/indie.rent\/catalogue\/wp-json\/wp\/v2\/product"}],"about":[{"href":"https:\/\/indie.rent\/catalogue\/wp-json\/wp\/v2\/types\/product"}],"version-history":[{"count":0,"href":"https:\/\/indie.rent\/catalogue\/wp-json\/wp\/v2\/product\/6553\/revisions"}],"wp:attachment":[{"href":"https:\/\/indie.rent\/catalogue\/wp-json\/wp\/v2\/media?parent=6553"}],"wp:term":[{"taxonomy":"product_brand","embeddable":true,"href":"https:\/\/indie.rent\/catalogue\/wp-json\/wp\/v2\/product_brand?post=6553"},{"taxonomy":"product_cat","embeddable":true,"href":"https:\/\/indie.rent\/catalogue\/wp-json\/wp\/v2\/product_cat?post=6553"},{"taxonomy":"product_tag","embeddable":true,"href":"https:\/\/indie.rent\/catalogue\/wp-json\/wp\/v2\/product_tag?post=6553"}],"curies":[{"name":"wp","href":"https:\/\/api.w.org\/{rel}","templated":true}]}}