{"id":6525,"date":"2026-03-23T23:10:50","date_gmt":"2026-03-23T22:10:50","guid":{"rendered":"https:\/\/indie.rent\/catalogue\/produit\/remorque-ptac-750kg-200x130cm\/"},"modified":"2026-04-10T11:02:03","modified_gmt":"2026-04-10T09:02:03","slug":"remorque-ptac-750kg-200x130cm","status":"publish","type":"product","link":"https:\/\/indie.rent\/catalogue\/produit\/remorque-ptac-750kg-200x130cm\/","title":{"rendered":"Remorque PTAC 750kg &#8211; 200x130cm"},"content":{"rendered":"<p>La remorque \u00e0 tout faire<\/p>\n<p>\u00a0<\/p>\n<p><strong>Marque :<\/strong> Lider<\/p>\n<p>\u00a0<\/p>\n<p><strong>Description :<\/strong><\/p>\n<p>Polyvalente, robuste et pratique, la remorque \u00e0 tout faire est id\u00e9ale pour le transport de mat\u00e9riel, d\u2019outillage, de d\u00e9cors, de consommables ou de charges diverses. Gr\u00e2ce \u00e0 ses portes avant et arri\u00e8re ouvrantes, elle facilite consid\u00e9rablement le chargement et le d\u00e9chargement, m\u00eame pour les \u00e9l\u00e9ments longs ou encombrants.<\/p>\n<p>\u00a0<\/p>\n<p><strong>Caract\u00e9ristiques techniques :<\/strong><\/p>\n<p>Dimensions (cm) :\u00a0Utiles : 201 x 133 x 40 &#8211; Hors tout : 322 x 182 x 90cm<\/p>\n<p>Charge utile \/ PTAC : 750kg<\/p>\n<p>Ouverture : portes avant et arri\u00e8re ouvrantes<\/p>\n<p>Poids : 195 kg<\/p>\n<p>\u00a0<\/p>\n<p><strong>Points forts :<\/strong><\/p>\n<p>Grande polyvalence d\u2019usage<\/p>\n<p>Chargement simplifi\u00e9 gr\u00e2ce aux ouvertures avant et arri\u00e8re<\/p>\n<p>Adapt\u00e9e au transport de mat\u00e9riel volumineux ou de longueurs sp\u00e9cifiques<\/p>\n<p>Construction robuste<\/p>\n<p>\u00a0<\/p>\n<p><strong>Usages recommand\u00e9s :<\/strong><\/p>\n<p>Transport de mat\u00e9riel technique<\/p>\n<p>Logistique de tournage<\/p>\n<p>D\u00e9placement de d\u00e9cors et accessoires<\/p>\n<p>Petits d\u00e9m\u00e9nagements ou manutentions diverses<\/p>\n<p>\u00a0<\/p>\n","protected":false},"excerpt":{"rendered":"<p>La remorque \u00e0 tout faire \u00a0 Marque : Lider \u00a0 Description : Polyvalente, robuste et pratique, la remorque \u00e0 tout faire est id\u00e9ale pour le transport de mat\u00e9riel, d\u2019outillage, de d\u00e9cors, de consommables ou de charges diverses. Gr\u00e2ce \u00e0 ses portes avant et arri\u00e8re ouvrantes, elle facilite consid\u00e9rablement le chargement et le d\u00e9chargement, m\u00eame pour [&hellip;]<\/p>\n","protected":false},"featured_media":6528,"template":"","meta":{"inline_featured_image":false},"product_brand":[],"product_cat":[2173],"product_tag":[],"class_list":{"0":"post-6525","1":"product","2":"type-product","3":"status-publish","4":"has-post-thumbnail","6":"product_cat-options-vehicule","8":"first","9":"instock","10":"taxable","11":"shipping-taxable","12":"purchasable","13":"product-type-rentable"},"acf":[],"_links":{"self":[{"href":"https:\/\/indie.rent\/catalogue\/wp-json\/wp\/v2\/product\/6525","targetHints":{"allow":["GET"]}}],"collection":[{"href":"https:\/\/indie.rent\/catalogue\/wp-json\/wp\/v2\/product"}],"about":[{"href":"https:\/\/indie.rent\/catalogue\/wp-json\/wp\/v2\/types\/product"}],"version-history":[{"count":1,"href":"https:\/\/indie.rent\/catalogue\/wp-json\/wp\/v2\/product\/6525\/revisions"}],"predecessor-version":[{"id":6741,"href":"https:\/\/indie.rent\/catalogue\/wp-json\/wp\/v2\/product\/6525\/revisions\/6741"}],"wp:featuredmedia":[{"embeddable":true,"href":"https:\/\/indie.rent\/catalogue\/wp-json\/wp\/v2\/media\/6528"}],"wp:attachment":[{"href":"https:\/\/indie.rent\/catalogue\/wp-json\/wp\/v2\/media?parent=6525"}],"wp:term":[{"taxonomy":"product_brand","embeddable":true,"href":"https:\/\/indie.rent\/catalogue\/wp-json\/wp\/v2\/product_brand?post=6525"},{"taxonomy":"product_cat","embeddable":true,"href":"https:\/\/indie.rent\/catalogue\/wp-json\/wp\/v2\/product_cat?post=6525"},{"taxonomy":"product_tag","embeddable":true,"href":"https:\/\/indie.rent\/catalogue\/wp-json\/wp\/v2\/product_tag?post=6525"}],"curies":[{"name":"wp","href":"https:\/\/api.w.org\/{rel}","templated":true}]}}