{"id":6466,"date":"2026-03-20T23:11:02","date_gmt":"2026-03-20T22:11:02","guid":{"rendered":"https:\/\/indie.rent\/catalogue\/produit\/projecteur-led-couleur-nanlux-evoke-600c\/"},"modified":"2026-04-04T00:19:53","modified_gmt":"2026-04-03T22:19:53","slug":"projecteur-led-couleur-nanlux-evoke-600c","status":"publish","type":"product","link":"https:\/\/indie.rent\/catalogue\/produit\/projecteur-led-couleur-nanlux-evoke-600c\/","title":{"rendered":"Projecteur LED Couleur NANLUX Evoke 600C"},"content":{"rendered":"<p>Projecteur RGBLAC puissant offrant un contr\u00f4le pr\u00e9cis de la couleur pour les tournages cin\u00e9ma et publicit\u00e9.<\/p>\n<p>Caract\u00e9ristiques principales :<\/p>\n<p>Source : LED RGBLAC\u00a0(Nebula C8 \u2013 8 couleurs)<br \/>Temp\u00e9rature de couleur : 1 800K \u2013 20 000K<br \/>CRI \/ TLCI : \u2265 96 \/ \u2265 95<br \/>Monture : BE et Bowens<br \/>Alimentation : Secteur<br \/>Contr\u00f4le : On-board, Nanlink App, DMX\/RDM, CRMX, T\u00e9l\u00e9commande filaire\u00a0WC-EXT (fournie dans le kit)<br \/>\u00c9tanch\u00e9it\u00e9 : IP66<br \/>Poids : 7,26 kg<br \/>Consommation \u00e9lectrique : 600 W<br \/>Dimension de la t\u00eate : 360 \u00d7 250 \u00d7 205 mm<\/p>\n","protected":false},"excerpt":{"rendered":"<p>Projecteur RGBLAC puissant offrant un contr\u00f4le pr\u00e9cis de la couleur pour les tournages cin\u00e9ma et publicit\u00e9. Caract\u00e9ristiques principales : Source : LED RGBLAC\u00a0(Nebula C8 \u2013 8 couleurs)Temp\u00e9rature de couleur : 1 800K \u2013 20 000KCRI \/ TLCI : \u2265 96 \/ \u2265 95Monture : BE et BowensAlimentation : SecteurContr\u00f4le : On-board, Nanlink App, DMX\/RDM, CRMX, [&hellip;]<\/p>\n","protected":false},"featured_media":6472,"template":"","meta":{"inline_featured_image":false},"product_brand":[],"product_cat":[2006],"product_tag":[],"class_list":{"0":"post-6466","1":"product","2":"type-product","3":"status-publish","4":"has-post-thumbnail","6":"product_cat-led-couleur-ponctuelle","8":"first","9":"instock","10":"taxable","11":"shipping-taxable","12":"purchasable","13":"product-type-rentable"},"acf":[],"_links":{"self":[{"href":"https:\/\/indie.rent\/catalogue\/wp-json\/wp\/v2\/product\/6466","targetHints":{"allow":["GET"]}}],"collection":[{"href":"https:\/\/indie.rent\/catalogue\/wp-json\/wp\/v2\/product"}],"about":[{"href":"https:\/\/indie.rent\/catalogue\/wp-json\/wp\/v2\/types\/product"}],"version-history":[{"count":1,"href":"https:\/\/indie.rent\/catalogue\/wp-json\/wp\/v2\/product\/6466\/revisions"}],"predecessor-version":[{"id":6486,"href":"https:\/\/indie.rent\/catalogue\/wp-json\/wp\/v2\/product\/6466\/revisions\/6486"}],"wp:featuredmedia":[{"embeddable":true,"href":"https:\/\/indie.rent\/catalogue\/wp-json\/wp\/v2\/media\/6472"}],"wp:attachment":[{"href":"https:\/\/indie.rent\/catalogue\/wp-json\/wp\/v2\/media?parent=6466"}],"wp:term":[{"taxonomy":"product_brand","embeddable":true,"href":"https:\/\/indie.rent\/catalogue\/wp-json\/wp\/v2\/product_brand?post=6466"},{"taxonomy":"product_cat","embeddable":true,"href":"https:\/\/indie.rent\/catalogue\/wp-json\/wp\/v2\/product_cat?post=6466"},{"taxonomy":"product_tag","embeddable":true,"href":"https:\/\/indie.rent\/catalogue\/wp-json\/wp\/v2\/product_tag?post=6466"}],"curies":[{"name":"wp","href":"https:\/\/api.w.org\/{rel}","templated":true}]}}