{"id":6464,"date":"2026-03-20T23:09:44","date_gmt":"2026-03-20T22:09:44","guid":{"rendered":"https:\/\/indie.rent\/catalogue\/produit\/projecteur-led-couleur-nanlux-evoke-150c\/"},"modified":"2026-04-04T00:19:55","modified_gmt":"2026-04-03T22:19:55","slug":"projecteur-led-couleur-nanlux-evoke-150c","status":"publish","type":"product","link":"https:\/\/indie.rent\/catalogue\/produit\/projecteur-led-couleur-nanlux-evoke-150c\/","title":{"rendered":"Projecteur LED Couleur NANLUX Evoke 150C"},"content":{"rendered":"<p>Projecteur RGBLAC compact et robuste, id\u00e9al pour les tournages exigeants n\u00e9cessitant un contr\u00f4le pr\u00e9cis de la couleur dans un format l\u00e9ger et rapide \u00e0 d\u00e9ployer.<\/p>\n<p>Caract\u00e9ristiques principales :<\/p>\n<p>Source : LED RGBLAC (Nebula C8 \u2013 8 couleurs)<br \/>Temp\u00e9rature de couleur : 1 000K \u2013 20 000K<br \/>CRI \/ TLCI : \u2265 96 \/ \u2265 97<br \/>Monture : FE Mount (compatible accessoires Nanlux \/ FM)<br \/>Alimentation : Secteur \/ Batteries V-Mount via D-Tap<br \/>Contr\u00f4le : On-board, Nanlink App, DMX\/RDM, LumenRadio CRMX, Art-Net\/sACN, NFC<br \/>\u00c9tanch\u00e9it\u00e9 : IP66 (usage int\u00e9rieur \/ ext\u00e9rieur)<br \/>Poids : ~2,6 kg<br \/>Consommation \u00e9lectrique : 150 W<br \/>Dimensions : ~209 mm \u00d7 147 mm \u00d7 127 mm<\/p>\n","protected":false},"excerpt":{"rendered":"<p>Projecteur RGBLAC compact et robuste, id\u00e9al pour les tournages exigeants n\u00e9cessitant un contr\u00f4le pr\u00e9cis de la couleur dans un format l\u00e9ger et rapide \u00e0 d\u00e9ployer. Caract\u00e9ristiques principales : Source : LED RGBLAC (Nebula C8 \u2013 8 couleurs)Temp\u00e9rature de couleur : 1 000K \u2013 20 000KCRI \/ TLCI : \u2265 96 \/ \u2265 97Monture : FE [&hellip;]<\/p>\n","protected":false},"featured_media":6523,"template":"","meta":{"inline_featured_image":false},"product_brand":[],"product_cat":[2006],"product_tag":[],"class_list":{"0":"post-6464","1":"product","2":"type-product","3":"status-publish","4":"has-post-thumbnail","6":"product_cat-led-couleur-ponctuelle","8":"first","9":"instock","10":"taxable","11":"shipping-taxable","12":"purchasable","13":"product-type-rentable"},"acf":[],"_links":{"self":[{"href":"https:\/\/indie.rent\/catalogue\/wp-json\/wp\/v2\/product\/6464","targetHints":{"allow":["GET"]}}],"collection":[{"href":"https:\/\/indie.rent\/catalogue\/wp-json\/wp\/v2\/product"}],"about":[{"href":"https:\/\/indie.rent\/catalogue\/wp-json\/wp\/v2\/types\/product"}],"version-history":[{"count":1,"href":"https:\/\/indie.rent\/catalogue\/wp-json\/wp\/v2\/product\/6464\/revisions"}],"predecessor-version":[{"id":6480,"href":"https:\/\/indie.rent\/catalogue\/wp-json\/wp\/v2\/product\/6464\/revisions\/6480"}],"wp:featuredmedia":[{"embeddable":true,"href":"https:\/\/indie.rent\/catalogue\/wp-json\/wp\/v2\/media\/6523"}],"wp:attachment":[{"href":"https:\/\/indie.rent\/catalogue\/wp-json\/wp\/v2\/media?parent=6464"}],"wp:term":[{"taxonomy":"product_brand","embeddable":true,"href":"https:\/\/indie.rent\/catalogue\/wp-json\/wp\/v2\/product_brand?post=6464"},{"taxonomy":"product_cat","embeddable":true,"href":"https:\/\/indie.rent\/catalogue\/wp-json\/wp\/v2\/product_cat?post=6464"},{"taxonomy":"product_tag","embeddable":true,"href":"https:\/\/indie.rent\/catalogue\/wp-json\/wp\/v2\/product_tag?post=6464"}],"curies":[{"name":"wp","href":"https:\/\/api.w.org\/{rel}","templated":true}]}}