{"id":6432,"date":"2026-03-11T23:11:51","date_gmt":"2026-03-11T22:11:51","guid":{"rendered":"https:\/\/indie.rent\/catalogue\/produit\/ballon-led-couleur-airlite-tube-lightstar-lmsa-p2000t\/"},"modified":"2026-04-16T18:30:42","modified_gmt":"2026-04-16T16:30:42","slug":"ballon-led-couleur-airlite-tube-lightstar-lmsa-p2000t","status":"publish","type":"product","link":"https:\/\/indie.rent\/catalogue\/produit\/ballon-led-couleur-airlite-tube-lightstar-lmsa-p2000t\/","title":{"rendered":"Ballon LED Couleur AIRLITE TUBE LIGHTSTAR LMSA P2000T"},"content":{"rendered":"<p>Tube LED RGBWW ultra puissant, le Airlite Tube 2000W est con\u00e7u pour les productions cin\u00e9ma, publicitaires et les installations n\u00e9cessitant une forte intensit\u00e9 lumineuse.<\/p>\n<p>Il combine une puissance \u00e9lev\u00e9e avec un contr\u00f4le couleur pr\u00e9cis, offrant une solution id\u00e9ale pour \u00e9clairer de grands volumes ou cr\u00e9er des effets lumineux lin\u00e9aires impactants.<\/p>\n<p>Caract\u00e9ristiques principales :<br \/>Source : LED RGBWW (Red, Green, Blue, Warm White, Cool White)<br \/>Temp\u00e9rature de couleur : 2 700K \u2013 10 000K<br \/>CRI \/ TLCI : \u2265 95<br \/>Puissance : 2000W<br \/>Alimentation : Secteur 16A (ballast d\u00e9port\u00e9)<br \/>Contr\u00f4le : DMX \/ CRMX \/ BluetoothIP : 20<br \/>Dimensions : \u00d8 900 mm \u00d7 3000 mm<br \/>Poids : 23 kg (t\u00eate)<\/p>\n","protected":false},"excerpt":{"rendered":"<p>Tube LED RGBWW ultra puissant, le Airlite Tube 2000W est con\u00e7u pour les productions cin\u00e9ma, publicitaires et les installations n\u00e9cessitant une forte intensit\u00e9 lumineuse. Il combine une puissance \u00e9lev\u00e9e avec un contr\u00f4le couleur pr\u00e9cis, offrant une solution id\u00e9ale pour \u00e9clairer de grands volumes ou cr\u00e9er des effets lumineux lin\u00e9aires impactants. Caract\u00e9ristiques principales :Source : LED [&hellip;]<\/p>\n","protected":false},"featured_media":6433,"template":"","meta":{"inline_featured_image":false},"product_brand":[],"product_cat":[2007],"product_tag":[],"class_list":{"0":"post-6432","1":"product","2":"type-product","3":"status-publish","4":"has-post-thumbnail","6":"product_cat-led-couleur-soft","8":"first","9":"instock","10":"taxable","11":"shipping-taxable","12":"purchasable","13":"product-type-rentable"},"acf":[],"_links":{"self":[{"href":"https:\/\/indie.rent\/catalogue\/wp-json\/wp\/v2\/product\/6432","targetHints":{"allow":["GET"]}}],"collection":[{"href":"https:\/\/indie.rent\/catalogue\/wp-json\/wp\/v2\/product"}],"about":[{"href":"https:\/\/indie.rent\/catalogue\/wp-json\/wp\/v2\/types\/product"}],"version-history":[{"count":1,"href":"https:\/\/indie.rent\/catalogue\/wp-json\/wp\/v2\/product\/6432\/revisions"}],"predecessor-version":[{"id":6748,"href":"https:\/\/indie.rent\/catalogue\/wp-json\/wp\/v2\/product\/6432\/revisions\/6748"}],"wp:featuredmedia":[{"embeddable":true,"href":"https:\/\/indie.rent\/catalogue\/wp-json\/wp\/v2\/media\/6433"}],"wp:attachment":[{"href":"https:\/\/indie.rent\/catalogue\/wp-json\/wp\/v2\/media?parent=6432"}],"wp:term":[{"taxonomy":"product_brand","embeddable":true,"href":"https:\/\/indie.rent\/catalogue\/wp-json\/wp\/v2\/product_brand?post=6432"},{"taxonomy":"product_cat","embeddable":true,"href":"https:\/\/indie.rent\/catalogue\/wp-json\/wp\/v2\/product_cat?post=6432"},{"taxonomy":"product_tag","embeddable":true,"href":"https:\/\/indie.rent\/catalogue\/wp-json\/wp\/v2\/product_tag?post=6432"}],"curies":[{"name":"wp","href":"https:\/\/api.w.org\/{rel}","templated":true}]}}