{"id":6281,"date":"2026-02-04T23:08:30","date_gmt":"2026-02-04T22:08:30","guid":{"rendered":"https:\/\/indie.rent\/catalogue\/produit\/t-shirt-noir-indie-broderie-coeur-l\/"},"modified":"2026-04-04T00:10:05","modified_gmt":"2026-04-03T22:10:05","slug":"t-shirt-noir-indie-broderie-coeur-l","status":"publish","type":"product","link":"https:\/\/indie.rent\/catalogue\/produit\/t-shirt-noir-indie-broderie-coeur-l\/","title":{"rendered":"T-shirt Noir INDIE Broderie Coeur &#8211; L"},"content":{"rendered":"<p>D\u00e9tails<br \/>Manches mont\u00e9es<br \/>\u00c9paules tombantes<br \/>Col montant en c\u00f4te 1&#215;1<br \/>Bande de propret\u00e9 \u00e0 l&#8217;int\u00e9rieur du cou<br \/>Surpiq\u00fbre \u00e0 double aiguille aux manches et \u00e0 l&#8217;ourlet<br \/>Composition<\/p>\n<p>Entretien<br \/>Laver avec des couleurs similaires, ne pas<br \/>repasser sur l&#8217;imprim\u00e9, laver et repasser sur<br \/>l&#8217;envers.<br \/>Pays d&#8217;origine<br \/>Weaving : Bangladesh<br \/>Dyeing : Bangladesh<br \/>Assembly : Bangladesh<\/p>\n","protected":false},"excerpt":{"rendered":"<p>D\u00e9tails<br \/>Manches mont\u00e9es<br \/>\u00c9paules tombantes<br \/>Col montant en c\u00f4te 1&#215;1<br \/>Bande de propret\u00e9 \u00e0 l&#8217;int\u00e9rieur du cou<br \/>Surpiq\u00fbre \u00e0 double aiguille aux manches et \u00e0 l&#8217;ourlet<br \/>Composition<\/p>\n<p>Entretien<br \/>Laver avec des couleurs similaires, ne pas<br \/>repasser sur l&#8217;imprim\u00e9, laver et repasser sur<br \/>l&#8217;envers.<br \/>Pays d&#8217;origine<br \/>Weaving : Bangladesh<br \/>Dyeing : Bangladesh<br \/>Assembly : Bangladesh<\/p>\n","protected":false},"featured_media":0,"template":"","meta":{"inline_featured_image":false},"product_brand":[],"product_cat":[2243],"product_tag":[],"class_list":{"0":"post-6281","1":"product","2":"type-product","3":"status-publish","5":"product_cat-t-shirt-noir-stanley-stella","7":"first","8":"instock","9":"taxable","10":"shipping-taxable","11":"purchasable","12":"product-type-simple"},"acf":[],"_links":{"self":[{"href":"https:\/\/indie.rent\/catalogue\/wp-json\/wp\/v2\/product\/6281","targetHints":{"allow":["GET"]}}],"collection":[{"href":"https:\/\/indie.rent\/catalogue\/wp-json\/wp\/v2\/product"}],"about":[{"href":"https:\/\/indie.rent\/catalogue\/wp-json\/wp\/v2\/types\/product"}],"version-history":[{"count":0,"href":"https:\/\/indie.rent\/catalogue\/wp-json\/wp\/v2\/product\/6281\/revisions"}],"wp:attachment":[{"href":"https:\/\/indie.rent\/catalogue\/wp-json\/wp\/v2\/media?parent=6281"}],"wp:term":[{"taxonomy":"product_brand","embeddable":true,"href":"https:\/\/indie.rent\/catalogue\/wp-json\/wp\/v2\/product_brand?post=6281"},{"taxonomy":"product_cat","embeddable":true,"href":"https:\/\/indie.rent\/catalogue\/wp-json\/wp\/v2\/product_cat?post=6281"},{"taxonomy":"product_tag","embeddable":true,"href":"https:\/\/indie.rent\/catalogue\/wp-json\/wp\/v2\/product_tag?post=6281"}],"curies":[{"name":"wp","href":"https:\/\/api.w.org\/{rel}","templated":true}]}}