{"id":613,"date":"2025-01-09T10:06:19","date_gmt":"2025-01-09T09:06:19","guid":{"rendered":"https:\/\/indie.rent\/catalogue\/produit\/batterie-avec-option-hotswap-bp-f100u\/"},"modified":"2026-04-13T18:41:31","modified_gmt":"2026-04-13T16:41:31","slug":"batterie-avec-option-hotswap-bp-f100u","status":"publish","type":"product","link":"https:\/\/indie.rent\/catalogue\/produit\/batterie-avec-option-hotswap-bp-f100u\/","title":{"rendered":"Batterie avec option Hotswap BP-F100U"},"content":{"rendered":"<p>L\u2019adaptateur FX LION BP-F100U avec Hot Swap vous permet d\u2019alimenter la cam\u00e9ra sans interruption pendant environ 120 secondes pour pouvoir changer de batterie tranquillement sans avoir \u00e0 \u00e9teindre vos configurations cam\u00e9ras. Cet \u00e9l\u00e9ment est un r\u00e9el gain de temps sur vos tournages!<\/p>\n","protected":false},"excerpt":{"rendered":"<p>L\u2019adaptateur FX LION BP-F100U avec Hot Swap vous permet d\u2019alimenter la cam\u00e9ra sans interruption pendant environ 120 secondes pour pouvoir changer de batterie tranquillement sans avoir \u00e0 \u00e9teindre vos configurations cam\u00e9ras. Cet \u00e9l\u00e9ment est un r\u00e9el gain de temps sur vos tournages!<\/p>\n","protected":false},"featured_media":2368,"template":"","meta":{"inline_featured_image":false},"product_brand":[],"product_cat":[2076],"product_tag":[],"class_list":{"0":"post-613","1":"product","2":"type-product","3":"status-publish","4":"has-post-thumbnail","6":"product_cat-v-mount-camera","8":"first","9":"instock","10":"taxable","11":"shipping-taxable","12":"purchasable","13":"product-type-rentable"},"acf":[],"_links":{"self":[{"href":"https:\/\/indie.rent\/catalogue\/wp-json\/wp\/v2\/product\/613","targetHints":{"allow":["GET"]}}],"collection":[{"href":"https:\/\/indie.rent\/catalogue\/wp-json\/wp\/v2\/product"}],"about":[{"href":"https:\/\/indie.rent\/catalogue\/wp-json\/wp\/v2\/types\/product"}],"version-history":[{"count":0,"href":"https:\/\/indie.rent\/catalogue\/wp-json\/wp\/v2\/product\/613\/revisions"}],"wp:featuredmedia":[{"embeddable":true,"href":"https:\/\/indie.rent\/catalogue\/wp-json\/wp\/v2\/media\/2368"}],"wp:attachment":[{"href":"https:\/\/indie.rent\/catalogue\/wp-json\/wp\/v2\/media?parent=613"}],"wp:term":[{"taxonomy":"product_brand","embeddable":true,"href":"https:\/\/indie.rent\/catalogue\/wp-json\/wp\/v2\/product_brand?post=613"},{"taxonomy":"product_cat","embeddable":true,"href":"https:\/\/indie.rent\/catalogue\/wp-json\/wp\/v2\/product_cat?post=613"},{"taxonomy":"product_tag","embeddable":true,"href":"https:\/\/indie.rent\/catalogue\/wp-json\/wp\/v2\/product_tag?post=613"}],"curies":[{"name":"wp","href":"https:\/\/api.w.org\/{rel}","templated":true}]}}