{"id":6047,"date":"2026-01-12T15:45:56","date_gmt":"2026-01-12T14:45:56","guid":{"rendered":"https:\/\/indie.rent\/catalogue\/produit\/camera-thermique-de-detection-de-temperature\/"},"modified":"2026-04-16T17:01:35","modified_gmt":"2026-04-16T15:01:35","slug":"camera-thermique-de-detection-de-temperature","status":"publish","type":"product","link":"https:\/\/indie.rent\/catalogue\/produit\/camera-thermique-de-detection-de-temperature\/","title":{"rendered":"Cam\u00e9ra thermique de d\u00e9tection de temp\u00e9rature"},"content":{"rendered":"<p>Cam\u00e9ra thermique de d\u00e9tection de temp\u00e9rature<\/p>\n","protected":false},"excerpt":{"rendered":"<p>Cam\u00e9ra thermique de d\u00e9tection de temp\u00e9rature<\/p>\n","protected":false},"featured_media":0,"template":"","meta":{"inline_featured_image":false},"product_brand":[],"product_cat":[2168],"product_tag":[],"class_list":{"0":"post-6047","1":"product","2":"type-product","3":"status-publish","5":"product_cat-covid","7":"first","8":"instock","9":"taxable","10":"shipping-taxable","11":"purchasable","12":"product-type-rentable"},"acf":[],"_links":{"self":[{"href":"https:\/\/indie.rent\/catalogue\/wp-json\/wp\/v2\/product\/6047","targetHints":{"allow":["GET"]}}],"collection":[{"href":"https:\/\/indie.rent\/catalogue\/wp-json\/wp\/v2\/product"}],"about":[{"href":"https:\/\/indie.rent\/catalogue\/wp-json\/wp\/v2\/types\/product"}],"version-history":[{"count":0,"href":"https:\/\/indie.rent\/catalogue\/wp-json\/wp\/v2\/product\/6047\/revisions"}],"wp:attachment":[{"href":"https:\/\/indie.rent\/catalogue\/wp-json\/wp\/v2\/media?parent=6047"}],"wp:term":[{"taxonomy":"product_brand","embeddable":true,"href":"https:\/\/indie.rent\/catalogue\/wp-json\/wp\/v2\/product_brand?post=6047"},{"taxonomy":"product_cat","embeddable":true,"href":"https:\/\/indie.rent\/catalogue\/wp-json\/wp\/v2\/product_cat?post=6047"},{"taxonomy":"product_tag","embeddable":true,"href":"https:\/\/indie.rent\/catalogue\/wp-json\/wp\/v2\/product_tag?post=6047"}],"curies":[{"name":"wp","href":"https:\/\/api.w.org\/{rel}","templated":true}]}}