{"id":6005,"date":"2026-01-05T23:05:40","date_gmt":"2026-01-05T22:05:40","guid":{"rendered":"https:\/\/indie.rent\/catalogue\/produit\/chauffage-radian-gaz-butane\/"},"modified":"2026-04-05T00:19:21","modified_gmt":"2026-04-04T22:19:21","slug":"chauffage-radiant-gaz-butane","status":"publish","type":"product","link":"https:\/\/indie.rent\/catalogue\/produit\/chauffage-radiant-gaz-butane\/","title":{"rendered":"Chauffage Radiant Gaz &#8211; Butane"},"content":{"rendered":"<p>Radiant de chantier gaz 3400W 25m\u00b2<\/p>\n<p>Caract\u00e9ristiques et avantages<br \/>Le radiant de chantier au gaz avec sa technologie infrarouge et ses 2 puissances de chauffe, sera id\u00e9al pour vous r\u00e9chauffer lors de vos chantiers et travaux en ext\u00e9rieur. Sa port\u00e9e de chauffe s&#8217;\u00e9tend jusqu&#8217;\u00e0 25m\u00b2 en seulement quelques minutes. Gr\u00e2ce \u00e0 sa technologie infrarouge, ce petit chauffage d&#8217;appoint ext\u00e9rieur diffuse une chaleur douce et mieux r\u00e9partie.<\/p>\n","protected":false},"excerpt":{"rendered":"<p>Radiant de chantier gaz Favex 3400W 25m\u00b2<\/p>\n<p>Caract\u00e9ristiques et avantages<br \/>Le radiant de chantier au gaz avec sa technologie infrarouge et ses 2 puissances de chauffe, sera id\u00e9al pour vous r\u00e9chauffer lors de vos chantiers et travaux en ext\u00e9rieur. Sa port\u00e9e de chauffe s&#8217;\u00e9tend jusqu&#8217;\u00e0 25m\u00b2 en seulement quelques minutes. Gr\u00e2ce \u00e0 sa technologie infrarouge, ce petit chauffage d&#8217;appoint ext\u00e9rieur diffuse une chaleur douce et mieux r\u00e9partie.<\/p>\n","protected":false},"featured_media":6007,"template":"","meta":{"inline_featured_image":false},"product_brand":[],"product_cat":[2139],"product_tag":[],"class_list":{"0":"post-6005","1":"product","2":"type-product","3":"status-publish","4":"has-post-thumbnail","6":"product_cat-chauffage-au-gaz","8":"first","9":"instock","10":"taxable","11":"shipping-taxable","12":"purchasable","13":"product-type-rentable"},"acf":[],"_links":{"self":[{"href":"https:\/\/indie.rent\/catalogue\/wp-json\/wp\/v2\/product\/6005","targetHints":{"allow":["GET"]}}],"collection":[{"href":"https:\/\/indie.rent\/catalogue\/wp-json\/wp\/v2\/product"}],"about":[{"href":"https:\/\/indie.rent\/catalogue\/wp-json\/wp\/v2\/types\/product"}],"version-history":[{"count":1,"href":"https:\/\/indie.rent\/catalogue\/wp-json\/wp\/v2\/product\/6005\/revisions"}],"predecessor-version":[{"id":6341,"href":"https:\/\/indie.rent\/catalogue\/wp-json\/wp\/v2\/product\/6005\/revisions\/6341"}],"wp:featuredmedia":[{"embeddable":true,"href":"https:\/\/indie.rent\/catalogue\/wp-json\/wp\/v2\/media\/6007"}],"wp:attachment":[{"href":"https:\/\/indie.rent\/catalogue\/wp-json\/wp\/v2\/media?parent=6005"}],"wp:term":[{"taxonomy":"product_brand","embeddable":true,"href":"https:\/\/indie.rent\/catalogue\/wp-json\/wp\/v2\/product_brand?post=6005"},{"taxonomy":"product_cat","embeddable":true,"href":"https:\/\/indie.rent\/catalogue\/wp-json\/wp\/v2\/product_cat?post=6005"},{"taxonomy":"product_tag","embeddable":true,"href":"https:\/\/indie.rent\/catalogue\/wp-json\/wp\/v2\/product_tag?post=6005"}],"curies":[{"name":"wp","href":"https:\/\/api.w.org\/{rel}","templated":true}]}}