{"id":585,"date":"2025-01-09T10:06:01","date_gmt":"2025-01-09T09:06:01","guid":{"rendered":"https:\/\/indie.rent\/catalogue\/produit\/girafe-super-boom-noir-025tm\/"},"modified":"2026-04-16T16:55:48","modified_gmt":"2026-04-16T14:55:48","slug":"girafe-super-boom-noir-025tm","status":"publish","type":"product","link":"https:\/\/indie.rent\/catalogue\/produit\/girafe-super-boom-noir-025tm\/","title":{"rendered":"Girafe Super Boom Noir &#8211; 025TM"},"content":{"rendered":"<p>Caract\u00e9ristique principales<\/p>\n<p>Poids: 5kg \u00e0 140cm avec 14 kg de contrepoids.<br \/>Poids du bras seul: 4,1 kg.<\/p>\n<p>Tube \u00d8: 35mm, fourni avec une rotule pivotante art. 123, contrepoids art. 022, fixe c\u00e2ble et pied de studio avec roulettes.<br \/>Poids: 5kg \u00e0 140cm avec 14 kg de contrepoids. Poids du bras seul: 4,1 kg.<\/p>\n","protected":false},"excerpt":{"rendered":"<p>Caract\u00e9ristique principales Poids: 5kg \u00e0 140cm avec 14 kg de contrepoids.Poids du bras seul: 4,1 kg. Tube \u00d8: 35mm, fourni avec une rotule pivotante art. 123, contrepoids art. 022, fixe c\u00e2ble et pied de studio avec roulettes.Poids: 5kg \u00e0 140cm avec 14 kg de contrepoids. Poids du bras seul: 4,1 kg.<\/p>\n","protected":false},"featured_media":2564,"template":"","meta":{"inline_featured_image":false},"product_brand":[],"product_cat":[2031],"product_tag":[],"class_list":{"0":"post-585","1":"product","2":"type-product","3":"status-publish","4":"has-post-thumbnail","6":"product_cat-deport","8":"first","9":"instock","10":"taxable","11":"shipping-taxable","12":"purchasable","13":"product-type-rentable"},"acf":[],"_links":{"self":[{"href":"https:\/\/indie.rent\/catalogue\/wp-json\/wp\/v2\/product\/585","targetHints":{"allow":["GET"]}}],"collection":[{"href":"https:\/\/indie.rent\/catalogue\/wp-json\/wp\/v2\/product"}],"about":[{"href":"https:\/\/indie.rent\/catalogue\/wp-json\/wp\/v2\/types\/product"}],"version-history":[{"count":0,"href":"https:\/\/indie.rent\/catalogue\/wp-json\/wp\/v2\/product\/585\/revisions"}],"wp:featuredmedia":[{"embeddable":true,"href":"https:\/\/indie.rent\/catalogue\/wp-json\/wp\/v2\/media\/2564"}],"wp:attachment":[{"href":"https:\/\/indie.rent\/catalogue\/wp-json\/wp\/v2\/media?parent=585"}],"wp:term":[{"taxonomy":"product_brand","embeddable":true,"href":"https:\/\/indie.rent\/catalogue\/wp-json\/wp\/v2\/product_brand?post=585"},{"taxonomy":"product_cat","embeddable":true,"href":"https:\/\/indie.rent\/catalogue\/wp-json\/wp\/v2\/product_cat?post=585"},{"taxonomy":"product_tag","embeddable":true,"href":"https:\/\/indie.rent\/catalogue\/wp-json\/wp\/v2\/product_tag?post=585"}],"curies":[{"name":"wp","href":"https:\/\/api.w.org\/{rel}","templated":true}]}}