{"id":5436,"date":"2025-11-17T16:21:23","date_gmt":"2025-11-17T15:21:23","guid":{"rendered":"https:\/\/indie.rent\/catalogue\/produit\/stabilisateur-tilta-gravity-g1-charge-max-3-kg\/"},"modified":"2026-04-16T18:29:31","modified_gmt":"2026-04-16T16:29:31","slug":"stabilisateur-tilta-gravity-g1-charge-max-3-kg","status":"publish","type":"product","link":"https:\/\/indie.rent\/catalogue\/produit\/stabilisateur-tilta-gravity-g1-charge-max-3-kg\/","title":{"rendered":"Stabilisateur Tilta Gravity G1 (Charge Max: 3 Kg)"},"content":{"rendered":"<p>Le stabilisateur Tilta Gravity G1 est dot\u00e9 de trois axes pouvant supporter des appareils photo reflex num\u00e9riques.<br \/>Muni d\u2019une poign\u00e9e pistolet-grain\u00e9 bois, le Gravity G1 est \u00e0 la fois confortable et \u00e9l\u00e9gant.<br \/>Chaque axe peut \u00eatre ajust\u00e9 pour \u00e9quilibrer l\u2019appareil.<br \/>Les axes de panoramique et d\u2019inclinaison peuvent \u00eatre pivot\u00e9s sur 360 \u00b0 et l\u2019axe de roulis peut compenser jusqu\u2019\u00e0 120 \u00b0 du mouvement de l\u2019horizon.<br \/>Le cardan est aliment\u00e9 par quatre batteries 18650.<br \/>Un chargeur \u00e0 quatre batteries est inclus.<\/p>\n","protected":false},"excerpt":{"rendered":"<p>Le stabilisateur Tilta Gravity G1 est dot\u00e9 de trois axes pouvant supporter des appareils photo reflex num\u00e9riques.Muni d\u2019une poign\u00e9e pistolet-grain\u00e9 bois, le Gravity G1 est \u00e0 la fois confortable et \u00e9l\u00e9gant.Chaque axe peut \u00eatre ajust\u00e9 pour \u00e9quilibrer l\u2019appareil.Les axes de panoramique et d\u2019inclinaison peuvent \u00eatre pivot\u00e9s sur 360 \u00b0 et l\u2019axe de roulis peut compenser [&hellip;]<\/p>\n","protected":false},"featured_media":5485,"template":"","meta":{"inline_featured_image":false},"product_brand":[],"product_cat":[2046],"product_tag":[],"class_list":{"0":"post-5436","1":"product","2":"type-product","3":"status-publish","4":"has-post-thumbnail","6":"product_cat-stabilisateur-gyro-1-main","8":"first","9":"instock","10":"featured","11":"taxable","12":"shipping-taxable","13":"purchasable","14":"product-type-rentable"},"acf":[],"_links":{"self":[{"href":"https:\/\/indie.rent\/catalogue\/wp-json\/wp\/v2\/product\/5436","targetHints":{"allow":["GET"]}}],"collection":[{"href":"https:\/\/indie.rent\/catalogue\/wp-json\/wp\/v2\/product"}],"about":[{"href":"https:\/\/indie.rent\/catalogue\/wp-json\/wp\/v2\/types\/product"}],"version-history":[{"count":0,"href":"https:\/\/indie.rent\/catalogue\/wp-json\/wp\/v2\/product\/5436\/revisions"}],"wp:featuredmedia":[{"embeddable":true,"href":"https:\/\/indie.rent\/catalogue\/wp-json\/wp\/v2\/media\/5485"}],"wp:attachment":[{"href":"https:\/\/indie.rent\/catalogue\/wp-json\/wp\/v2\/media?parent=5436"}],"wp:term":[{"taxonomy":"product_brand","embeddable":true,"href":"https:\/\/indie.rent\/catalogue\/wp-json\/wp\/v2\/product_brand?post=5436"},{"taxonomy":"product_cat","embeddable":true,"href":"https:\/\/indie.rent\/catalogue\/wp-json\/wp\/v2\/product_cat?post=5436"},{"taxonomy":"product_tag","embeddable":true,"href":"https:\/\/indie.rent\/catalogue\/wp-json\/wp\/v2\/product_tag?post=5436"}],"curies":[{"name":"wp","href":"https:\/\/api.w.org\/{rel}","templated":true}]}}