{"id":543,"date":"2025-01-09T10:05:46","date_gmt":"2025-01-09T09:05:46","guid":{"rendered":"https:\/\/indie.rent\/catalogue\/produit\/tete-701hd\/"},"modified":"2026-04-16T17:09:37","modified_gmt":"2026-04-16T15:09:37","slug":"tete-701hdv-avec-trepied-leger-vanguard","status":"publish","type":"product","link":"https:\/\/indie.rent\/catalogue\/produit\/tete-701hdv-avec-trepied-leger-vanguard\/","title":{"rendered":"T\u00eate 701HDV avec Tr\u00e9pied L\u00e9ger Vanguard"},"content":{"rendered":"<p>T\u00eate vid\u00e9o 701 HDV<\/p>\n","protected":false},"excerpt":{"rendered":"<p>T\u00eate vid\u00e9o 701 HDV<\/p>\n","protected":false},"featured_media":1914,"template":"","meta":{"inline_featured_image":false},"product_brand":[],"product_cat":[2041],"product_tag":[],"class_list":{"0":"post-543","1":"product","2":"type-product","3":"status-publish","4":"has-post-thumbnail","6":"product_cat-tete-et-trepied-75mm","8":"first","9":"instock","10":"taxable","11":"shipping-taxable","12":"purchasable","13":"product-type-rentable"},"acf":[],"_links":{"self":[{"href":"https:\/\/indie.rent\/catalogue\/wp-json\/wp\/v2\/product\/543","targetHints":{"allow":["GET"]}}],"collection":[{"href":"https:\/\/indie.rent\/catalogue\/wp-json\/wp\/v2\/product"}],"about":[{"href":"https:\/\/indie.rent\/catalogue\/wp-json\/wp\/v2\/types\/product"}],"version-history":[{"count":0,"href":"https:\/\/indie.rent\/catalogue\/wp-json\/wp\/v2\/product\/543\/revisions"}],"wp:featuredmedia":[{"embeddable":true,"href":"https:\/\/indie.rent\/catalogue\/wp-json\/wp\/v2\/media\/1914"}],"wp:attachment":[{"href":"https:\/\/indie.rent\/catalogue\/wp-json\/wp\/v2\/media?parent=543"}],"wp:term":[{"taxonomy":"product_brand","embeddable":true,"href":"https:\/\/indie.rent\/catalogue\/wp-json\/wp\/v2\/product_brand?post=543"},{"taxonomy":"product_cat","embeddable":true,"href":"https:\/\/indie.rent\/catalogue\/wp-json\/wp\/v2\/product_cat?post=543"},{"taxonomy":"product_tag","embeddable":true,"href":"https:\/\/indie.rent\/catalogue\/wp-json\/wp\/v2\/product_tag?post=543"}],"curies":[{"name":"wp","href":"https:\/\/api.w.org\/{rel}","templated":true}]}}