{"id":5209,"date":"2025-10-17T00:10:23","date_gmt":"2025-10-16T22:10:23","guid":{"rendered":"https:\/\/indie.rent\/catalogue\/produit\/harnais-easyrig-vario-5-avec-bras-stabil-g2-charge-de-5kg-a-25kg\/"},"modified":"2026-04-16T17:05:22","modified_gmt":"2026-04-16T15:05:22","slug":"harnais-easyrig-vario-5-avec-bras-stabil-g2-charge-de-5kg-a-17kg","status":"publish","type":"product","link":"https:\/\/indie.rent\/catalogue\/produit\/harnais-easyrig-vario-5-avec-bras-stabil-g2-charge-de-5kg-a-17kg\/","title":{"rendered":"Harnais Easyrig Vario 5 avec Bras Stabil G2 (Charge : de 5Kg \u00e0 17Kg)"},"content":{"rendered":"<p>L\u2019Easyrig STABIL G2 est la derni\u00e8re innovation du fabricant Easyrig qui offre un mouvement fluide et stabilis\u00e9 de la cam\u00e9ra. Il permet notamment d\u2019adoucir les prises de vue en marchant tout en vous offrant un confort d\u2019utilisation sur vos tournages. Il peut stabiliser les configurations de cam\u00e9ra entre 5-25 kg. Il dispose \u00e9galement d\u2019un support qui permet de le poser sur le bord d\u2019une roulante ou sur un pied lumi\u00e8re. Pour le transport il se replie en 3 ce qui facilite le rangement dans un sac de transport compact.<\/p>\n<p>L\u2019ergonomie de l\u2019Easyrig r\u00e9duit la charge statique sur le cou et les muscles des \u00e9paules et la redistribue sur le bas des hanches.<br \/>Il vous donne l\u2019effet et la mobilit\u00e9 d\u2019une cam\u00e9ra \u00e9paule, tout en obtenant des images plus stables. Il permet \u00e0 l\u2019op\u00e9rateur plus de libert\u00e9 \u00e0 partir de diff\u00e9rentes positions : \u00e9paule, hanche ou m\u00eame au niveau du genou.<\/p>\n<p>La veste p\u00e8se moins de 2kg et en supporte plus de 25 kg. Le r\u00e9glage \u00e0 la taille fa\u00e7on \u201cportefeuille\u201d permet un ajustement au plus pr\u00e8s du corps, une meilleure r\u00e9partition du poids et procure de meilleures sensations \u00e0 l\u2019op\u00e9rateur cam\u00e9ra.<\/p>\n","protected":false},"excerpt":{"rendered":"<p>L\u2019Easyrig STABIL G2 est la derni\u00e8re innovation du fabricant Easyrig qui offre un mouvement fluide et stabilis\u00e9 de la cam\u00e9ra. Il permet notamment d\u2019adoucir les prises de vue en marchant tout en vous offrant un confort d\u2019utilisation sur vos tournages. Il peut stabiliser les configurations de cam\u00e9ra entre 5-25 kg. Il dispose \u00e9galement d\u2019un support [&hellip;]<\/p>\n","protected":false},"featured_media":5210,"template":"","meta":{"inline_featured_image":false},"product_brand":[],"product_cat":[2067],"product_tag":[],"class_list":{"0":"post-5209","1":"product","2":"type-product","3":"status-publish","4":"has-post-thumbnail","6":"product_cat-harnais","8":"first","9":"instock","10":"taxable","11":"shipping-taxable","12":"purchasable","13":"product-type-rentable"},"acf":[],"_links":{"self":[{"href":"https:\/\/indie.rent\/catalogue\/wp-json\/wp\/v2\/product\/5209","targetHints":{"allow":["GET"]}}],"collection":[{"href":"https:\/\/indie.rent\/catalogue\/wp-json\/wp\/v2\/product"}],"about":[{"href":"https:\/\/indie.rent\/catalogue\/wp-json\/wp\/v2\/types\/product"}],"version-history":[{"count":0,"href":"https:\/\/indie.rent\/catalogue\/wp-json\/wp\/v2\/product\/5209\/revisions"}],"wp:featuredmedia":[{"embeddable":true,"href":"https:\/\/indie.rent\/catalogue\/wp-json\/wp\/v2\/media\/5210"}],"wp:attachment":[{"href":"https:\/\/indie.rent\/catalogue\/wp-json\/wp\/v2\/media?parent=5209"}],"wp:term":[{"taxonomy":"product_brand","embeddable":true,"href":"https:\/\/indie.rent\/catalogue\/wp-json\/wp\/v2\/product_brand?post=5209"},{"taxonomy":"product_cat","embeddable":true,"href":"https:\/\/indie.rent\/catalogue\/wp-json\/wp\/v2\/product_cat?post=5209"},{"taxonomy":"product_tag","embeddable":true,"href":"https:\/\/indie.rent\/catalogue\/wp-json\/wp\/v2\/product_tag?post=5209"}],"curies":[{"name":"wp","href":"https:\/\/api.w.org\/{rel}","templated":true}]}}