{"id":501,"date":"2025-01-09T10:03:50","date_gmt":"2025-01-09T09:03:50","guid":{"rendered":"https:\/\/indie.rent\/catalogue\/produit\/adaptateur-p17-63a-tri-male-vers-marechal-63a-tri-femelle\/"},"modified":"2026-04-13T18:47:41","modified_gmt":"2026-04-13T16:47:41","slug":"adaptateur-p17-63a-tri-male-vers-marechal-63a-tri-femelle","status":"publish","type":"product","link":"https:\/\/indie.rent\/catalogue\/produit\/adaptateur-p17-63a-tri-male-vers-marechal-63a-tri-femelle\/","title":{"rendered":"Adaptateur P17 63A Tri M\u00e2le vers Mar\u00e9chal 63A Tri Femelle"},"content":{"rendered":"<p>Adaptateur P17 63A Tri M\u00e2le vers Mar\u00e9chal 63A Tri Femelle<\/p>\n","protected":false},"excerpt":{"rendered":"<p>Adaptateur P17 63A Tri M\u00e2le vers Mar\u00e9chal 63A Tri Femelle<\/p>\n","protected":false},"featured_media":2495,"template":"","meta":{"inline_featured_image":false},"product_brand":[],"product_cat":[2093],"product_tag":[],"class_list":{"0":"post-501","1":"product","2":"type-product","3":"status-publish","4":"has-post-thumbnail","6":"product_cat-63a","8":"first","9":"instock","10":"featured","11":"taxable","12":"shipping-taxable","13":"purchasable","14":"product-type-rentable"},"acf":[],"_links":{"self":[{"href":"https:\/\/indie.rent\/catalogue\/wp-json\/wp\/v2\/product\/501","targetHints":{"allow":["GET"]}}],"collection":[{"href":"https:\/\/indie.rent\/catalogue\/wp-json\/wp\/v2\/product"}],"about":[{"href":"https:\/\/indie.rent\/catalogue\/wp-json\/wp\/v2\/types\/product"}],"version-history":[{"count":0,"href":"https:\/\/indie.rent\/catalogue\/wp-json\/wp\/v2\/product\/501\/revisions"}],"wp:featuredmedia":[{"embeddable":true,"href":"https:\/\/indie.rent\/catalogue\/wp-json\/wp\/v2\/media\/2495"}],"wp:attachment":[{"href":"https:\/\/indie.rent\/catalogue\/wp-json\/wp\/v2\/media?parent=501"}],"wp:term":[{"taxonomy":"product_brand","embeddable":true,"href":"https:\/\/indie.rent\/catalogue\/wp-json\/wp\/v2\/product_brand?post=501"},{"taxonomy":"product_cat","embeddable":true,"href":"https:\/\/indie.rent\/catalogue\/wp-json\/wp\/v2\/product_cat?post=501"},{"taxonomy":"product_tag","embeddable":true,"href":"https:\/\/indie.rent\/catalogue\/wp-json\/wp\/v2\/product_tag?post=501"}],"curies":[{"name":"wp","href":"https:\/\/api.w.org\/{rel}","templated":true}]}}