{"id":4700,"date":"2025-08-28T16:54:12","date_gmt":"2025-08-28T14:54:12","guid":{"rendered":"https:\/\/indie.rent\/catalogue\/produit\/kit-dji-transmission-1x-emetteur-1x-moniteur-recepteur-7\/"},"modified":"2026-04-16T18:25:03","modified_gmt":"2026-04-16T16:25:03","slug":"kit-dji-transmission-1x-emetteur-1x-recepteur-1x-moniteur-recepteur-7","status":"publish","type":"product","link":"https:\/\/indie.rent\/catalogue\/produit\/kit-dji-transmission-1x-emetteur-1x-recepteur-1x-moniteur-recepteur-7\/","title":{"rendered":"Kit DJI Transmission ( 1x Emetteur + 1x R\u00e9cepteur + 1x Moniteur R\u00e9cepteur 7&#8243;)"},"content":{"rendered":"<p>Kit complet avec \u00e9metteur, r\u00e9cepteur et moniteur enregistreur tactile 7 pouces pour retransmission audio 16 bits\/48 kHz et vid\u00e9o jusqu&#8217;\u00e0 1080p@60 fps.<\/p>\n<p>Compatible avec DJI RONIN (RS 4, RS 3, Ronin 2), Master Wheels et Force Pro. Cryptage AES 256 bits et backup micro SD.<\/p>\n<p>Capteur gyroscopique int\u00e9gr\u00e9 pour les mouvements de cam\u00e9ra complexes depuis une grue ou un v\u00e9hicule.<\/p>\n","protected":false},"excerpt":{"rendered":"<p>Kit complet avec \u00e9metteur, r\u00e9cepteur et moniteur enregistreur tactile 7 pouces pour retransmission audio 16 bits\/48 kHz et vid\u00e9o jusqu&#8217;\u00e0 1080p@60 fps. Compatible avec DJI RONIN (RS 4, RS 3, Ronin 2), Master Wheels et Force Pro. Cryptage AES 256 bits et backup micro SD. Capteur gyroscopique int\u00e9gr\u00e9 pour les mouvements de cam\u00e9ra complexes depuis [&hellip;]<\/p>\n","protected":false},"featured_media":4838,"template":"","meta":{"inline_featured_image":false},"product_brand":[],"product_cat":[1965],"product_tag":[],"class_list":{"0":"post-4700","1":"product","2":"type-product","3":"status-publish","4":"has-post-thumbnail","6":"product_cat-transmission-video-hf","8":"first","9":"instock","10":"featured","11":"taxable","12":"shipping-taxable","13":"purchasable","14":"product-type-rentable"},"acf":[],"_links":{"self":[{"href":"https:\/\/indie.rent\/catalogue\/wp-json\/wp\/v2\/product\/4700","targetHints":{"allow":["GET"]}}],"collection":[{"href":"https:\/\/indie.rent\/catalogue\/wp-json\/wp\/v2\/product"}],"about":[{"href":"https:\/\/indie.rent\/catalogue\/wp-json\/wp\/v2\/types\/product"}],"version-history":[{"count":0,"href":"https:\/\/indie.rent\/catalogue\/wp-json\/wp\/v2\/product\/4700\/revisions"}],"wp:featuredmedia":[{"embeddable":true,"href":"https:\/\/indie.rent\/catalogue\/wp-json\/wp\/v2\/media\/4838"}],"wp:attachment":[{"href":"https:\/\/indie.rent\/catalogue\/wp-json\/wp\/v2\/media?parent=4700"}],"wp:term":[{"taxonomy":"product_brand","embeddable":true,"href":"https:\/\/indie.rent\/catalogue\/wp-json\/wp\/v2\/product_brand?post=4700"},{"taxonomy":"product_cat","embeddable":true,"href":"https:\/\/indie.rent\/catalogue\/wp-json\/wp\/v2\/product_cat?post=4700"},{"taxonomy":"product_tag","embeddable":true,"href":"https:\/\/indie.rent\/catalogue\/wp-json\/wp\/v2\/product_tag?post=4700"}],"curies":[{"name":"wp","href":"https:\/\/api.w.org\/{rel}","templated":true}]}}