{"id":4675,"date":"2025-08-28T16:52:30","date_gmt":"2025-08-28T14:52:30","guid":{"rendered":"https:\/\/indie.rent\/catalogue\/produit\/mattebox-abracam-clipone-3f138-evo-7\/"},"modified":"2026-04-13T18:15:21","modified_gmt":"2026-04-13T16:15:21","slug":"mattebox-abracam-clipone-3f138-evo-7","status":"publish","type":"product","link":"https:\/\/indie.rent\/catalogue\/produit\/mattebox-abracam-clipone-3f138-evo-7\/","title":{"rendered":"Mattebox ABRACAM ClipOne 3F138 EVO 7"},"content":{"rendered":"<p>ABRACAM ClipOne 3F138 EVO 7 est\u00a0une mattebox clip-on ultra l\u00e9g\u00e8re, con\u00e7ue pour une int\u00e9gration rapide sur optiques cin\u00e9ma. Fabriqu\u00e9e en composite carbone via impression 3D, elle offre robustesse et faible encombrement pour les configurations mobiles.<\/p>\n<p>Elle permet l\u2019utilisation simultan\u00e9e de plusieurs filtres, incluant jusqu\u2019\u00e0 trois filtres 4&#215;5.65\u2019\u2019 et un filtre circulaire 138 mm, avec syst\u00e8me de rotation manuel ou motoris\u00e9. Son syst\u00e8me de fixation clip-on (jusqu\u2019\u00e0 \u00d8143 mm) et ses bagues adaptatrices assurent une large compatibilit\u00e9 avec diff\u00e9rents diam\u00e8tres d\u2019objectifs.<\/p>\n<p>\u00c9quip\u00e9e de volets sup\u00e9rieurs et lat\u00e9raux, elle optimise le contr\u00f4le des reflets et des flares en conditions de tournage.<\/p>\n","protected":false},"excerpt":{"rendered":"<p>ABRACAM ClipOne 3F138 EVO 7 est\u00a0une mattebox clip-on ultra l\u00e9g\u00e8re, con\u00e7ue pour une int\u00e9gration rapide sur optiques cin\u00e9ma. Fabriqu\u00e9e en composite carbone via impression 3D, elle offre robustesse et faible encombrement pour les configurations mobiles. Elle permet l\u2019utilisation simultan\u00e9e de plusieurs filtres, incluant jusqu\u2019\u00e0 trois filtres 4&#215;5.65\u2019\u2019 et un filtre circulaire 138 mm, avec syst\u00e8me [&hellip;]<\/p>\n","protected":false},"featured_media":4718,"template":"","meta":{"inline_featured_image":false},"product_brand":[],"product_cat":[1955],"product_tag":[],"class_list":{"0":"post-4675","1":"product","2":"type-product","3":"status-publish","4":"has-post-thumbnail","6":"product_cat-mattebox","8":"first","9":"instock","10":"featured","11":"taxable","12":"shipping-taxable","13":"purchasable","14":"product-type-rentable"},"acf":[],"_links":{"self":[{"href":"https:\/\/indie.rent\/catalogue\/wp-json\/wp\/v2\/product\/4675","targetHints":{"allow":["GET"]}}],"collection":[{"href":"https:\/\/indie.rent\/catalogue\/wp-json\/wp\/v2\/product"}],"about":[{"href":"https:\/\/indie.rent\/catalogue\/wp-json\/wp\/v2\/types\/product"}],"version-history":[{"count":1,"href":"https:\/\/indie.rent\/catalogue\/wp-json\/wp\/v2\/product\/4675\/revisions"}],"predecessor-version":[{"id":6733,"href":"https:\/\/indie.rent\/catalogue\/wp-json\/wp\/v2\/product\/4675\/revisions\/6733"}],"wp:featuredmedia":[{"embeddable":true,"href":"https:\/\/indie.rent\/catalogue\/wp-json\/wp\/v2\/media\/4718"}],"wp:attachment":[{"href":"https:\/\/indie.rent\/catalogue\/wp-json\/wp\/v2\/media?parent=4675"}],"wp:term":[{"taxonomy":"product_brand","embeddable":true,"href":"https:\/\/indie.rent\/catalogue\/wp-json\/wp\/v2\/product_brand?post=4675"},{"taxonomy":"product_cat","embeddable":true,"href":"https:\/\/indie.rent\/catalogue\/wp-json\/wp\/v2\/product_cat?post=4675"},{"taxonomy":"product_tag","embeddable":true,"href":"https:\/\/indie.rent\/catalogue\/wp-json\/wp\/v2\/product_tag?post=4675"}],"curies":[{"name":"wp","href":"https:\/\/api.w.org\/{rel}","templated":true}]}}