{"id":4592,"date":"2025-08-28T16:48:26","date_gmt":"2025-08-28T14:48:26","guid":{"rendered":"https:\/\/indie.rent\/catalogue\/produit\/plateau-de-service-bois\/"},"modified":"2026-04-16T18:25:13","modified_gmt":"2026-04-16T16:25:13","slug":"plateau-de-service-bois","status":"publish","type":"product","link":"https:\/\/indie.rent\/catalogue\/produit\/plateau-de-service-bois\/","title":{"rendered":"Plateau de service bois"},"content":{"rendered":"","protected":false},"excerpt":{"rendered":"<p>Plateau de service d\u00e9di\u00e9 \u00e0 la confection de plateau de nourriture. <br \/>Le petit +, une touche d&#8217;\u00e9l\u00e9gance qui habillera votre table r\u00e9gie sans l&#8217;ombre d&#8217;un doute.<br \/>Dimensions : <br \/>&#8211; 42cm de rayon <br \/>&#8211; 3,5cm de hauteur<\/p>\n","protected":false},"featured_media":4885,"template":"","meta":{"inline_featured_image":false},"product_brand":[],"product_cat":[2145],"product_tag":[],"class_list":{"0":"post-4592","1":"product","2":"type-product","3":"status-publish","4":"has-post-thumbnail","6":"product_cat-service","8":"first","9":"instock","10":"taxable","11":"shipping-taxable","12":"purchasable","13":"product-type-rentable"},"acf":[],"_links":{"self":[{"href":"https:\/\/indie.rent\/catalogue\/wp-json\/wp\/v2\/product\/4592","targetHints":{"allow":["GET"]}}],"collection":[{"href":"https:\/\/indie.rent\/catalogue\/wp-json\/wp\/v2\/product"}],"about":[{"href":"https:\/\/indie.rent\/catalogue\/wp-json\/wp\/v2\/types\/product"}],"version-history":[{"count":0,"href":"https:\/\/indie.rent\/catalogue\/wp-json\/wp\/v2\/product\/4592\/revisions"}],"wp:featuredmedia":[{"embeddable":true,"href":"https:\/\/indie.rent\/catalogue\/wp-json\/wp\/v2\/media\/4885"}],"wp:attachment":[{"href":"https:\/\/indie.rent\/catalogue\/wp-json\/wp\/v2\/media?parent=4592"}],"wp:term":[{"taxonomy":"product_brand","embeddable":true,"href":"https:\/\/indie.rent\/catalogue\/wp-json\/wp\/v2\/product_brand?post=4592"},{"taxonomy":"product_cat","embeddable":true,"href":"https:\/\/indie.rent\/catalogue\/wp-json\/wp\/v2\/product_cat?post=4592"},{"taxonomy":"product_tag","embeddable":true,"href":"https:\/\/indie.rent\/catalogue\/wp-json\/wp\/v2\/product_tag?post=4592"}],"curies":[{"name":"wp","href":"https:\/\/api.w.org\/{rel}","templated":true}]}}