{"id":444,"date":"2025-01-08T17:33:11","date_gmt":"2025-01-08T16:33:11","guid":{"rendered":"https:\/\/indie.rent\/catalogue\/produit\/camera-arri-alexa-mini-lf\/"},"modified":"2026-04-16T18:32:38","modified_gmt":"2026-04-16T16:32:38","slug":"camera-arri-alexa-mini-lf","status":"publish","type":"product","link":"https:\/\/indie.rent\/catalogue\/produit\/camera-arri-alexa-mini-lf\/","title":{"rendered":"Cam\u00e9ra ARRI Alexa Mini LF"},"content":{"rendered":"<p>La cam\u00e9ra Arri Alexa Mini LF est \u00e9quip\u00e9e d\u2019un capteur CMOS grand format ALEV III (36.7 \u00d7 25.54 mm) avec une plage dynamique de plus de 14 diaphragmes.<br \/>Elle enregistre en ARRIRAW et Apple ProRes jusqu\u2019\u00e0 4.5K Open Gate (4448 \u00d7 3096) sur support Codex Compact Drive.<br \/>La cam\u00e9ra offre une sensibilit\u00e9 native EI 800, r\u00e9glable de 160 \u00e0 3200, et int\u00e8gre trois filtres ND motoris\u00e9s (0.6, 1.2, 1.8).<br \/>Son corps p\u00e8se environ 2.6 kg et consomme en moyenne 65 W lors de l\u2019enregistrement.<\/p>\n<p>Principales caract\u00e9ristiques: <br \/>&#8211; Capteur : ALEV III CMOS grand format (36.7 mm \u00d7 25.54 mm \u2013 \u00d8 44.7 mm)<br \/>&#8211; Dynamique : &gt; 14 stops<br \/>&#8211; Monture de base : LPL (adaptateur PL inclus, option EF \/ Leitz M)<br \/>&#8211; Autofocus : Non<br \/>&#8211; Filtres optiques int\u00e9gr\u00e9s : FSND motoris\u00e9s (Clear, ND 0.6 \/ 1.2 \/ 1.8)<br \/>&#8211; Sensibilit\u00e9 : EI 160\u20133200 (base EI 800)<br \/>&#8211; M\u00e9dias : 1\u00d7 Codex Compact Drive (1 To \/ 2 To)<br \/>&#8211; R\u00e9solution d\u2019enregistrement Max. : 4.5K Open Gate (4448 \u00d7 3096)<br \/>&#8211; Vitesse maximale d\u2019enregistrement (images\/seconde) :<br \/>&#8211; 40 fps @ 4.5K Open Gate<br \/>&#8211; 60 fps @ 4.5K 2.39:1 ou UHD<br \/>&#8211; jusqu\u2019\u00e0 90 fps @ 2K\/HD ProRes<br \/>&#8211; Codec d\u2019enregistrement interne : ARRIRAW \/ Apple ProRes (4444 XQ, 4444, 422HQ, 422 \u2013 encapsul\u00e9 en MXF)<br \/>&#8211; Formats Anamorphiques: 2x, 1.8x, 1.65x, 1.5x, 1.30x, 1.25x<br \/>&#8211; Sorties Vid\u00e9o : 2\u00d7 BNC SDI (1.5G \/ 3G \/ 6G-SDI), 1\u00d7 sortie viseur propri\u00e9taire (CoaXPress pour MVF-2)<br \/>&#8211; Entr\u00e9e DC : LEMO 8 broches (11.5\u201334V DC)<br \/>&#8211; Sorties DC : 1\u00d7 LEMO 2 broches 12V \/ 1\u00d7 Fischer 3 broches 24V \/ 1\u00d7 EXT (24V, GPIO)<br \/>&#8211; Consommation : ~65 W (en enregistrement ProRes avec viseur MVF-2)<br \/>&#8211; Autonomie avec une batterie V-Mount 98Wh : env. 90 min<br \/>&#8211; Temp\u00e9rature de fonctionnement : \u201320 \u00b0C \u00e0 +45 \u00b0C<br \/>&#8211; Temp\u00e9rature de stockage : \u201320 \u00b0C \u00e0 +60 \u00b0C<br \/>&#8211; Poids : 2.6 kg (corps nu avec monture LPL)<\/p>\n","protected":false},"excerpt":{"rendered":"<p>La cam\u00e9ra Arri Alexa Mini LF est \u00e9quip\u00e9e d\u2019un capteur CMOS grand format ALEV III (36.7 \u00d7 25.54 mm) avec une plage dynamique de plus de 14 diaphragmes.Elle enregistre en ARRIRAW et Apple ProRes jusqu\u2019\u00e0 4.5K Open Gate (4448 \u00d7 3096) sur support Codex Compact Drive.La cam\u00e9ra offre une sensibilit\u00e9 native EI 800, r\u00e9glable de [&hellip;]<\/p>\n","protected":false},"featured_media":4811,"template":"","meta":{"inline_featured_image":false},"product_brand":[],"product_cat":[1911],"product_tag":[],"class_list":{"0":"post-444","1":"product","2":"type-product","3":"status-publish","4":"has-post-thumbnail","6":"product_cat-camera-arri","8":"first","9":"instock","10":"featured","11":"taxable","12":"shipping-taxable","13":"purchasable","14":"product-type-rentable"},"acf":[],"_links":{"self":[{"href":"https:\/\/indie.rent\/catalogue\/wp-json\/wp\/v2\/product\/444","targetHints":{"allow":["GET"]}}],"collection":[{"href":"https:\/\/indie.rent\/catalogue\/wp-json\/wp\/v2\/product"}],"about":[{"href":"https:\/\/indie.rent\/catalogue\/wp-json\/wp\/v2\/types\/product"}],"version-history":[{"count":0,"href":"https:\/\/indie.rent\/catalogue\/wp-json\/wp\/v2\/product\/444\/revisions"}],"wp:featuredmedia":[{"embeddable":true,"href":"https:\/\/indie.rent\/catalogue\/wp-json\/wp\/v2\/media\/4811"}],"wp:attachment":[{"href":"https:\/\/indie.rent\/catalogue\/wp-json\/wp\/v2\/media?parent=444"}],"wp:term":[{"taxonomy":"product_brand","embeddable":true,"href":"https:\/\/indie.rent\/catalogue\/wp-json\/wp\/v2\/product_brand?post=444"},{"taxonomy":"product_cat","embeddable":true,"href":"https:\/\/indie.rent\/catalogue\/wp-json\/wp\/v2\/product_cat?post=444"},{"taxonomy":"product_tag","embeddable":true,"href":"https:\/\/indie.rent\/catalogue\/wp-json\/wp\/v2\/product_tag?post=444"}],"curies":[{"name":"wp","href":"https:\/\/api.w.org\/{rel}","templated":true}]}}