{"id":4418,"date":"2025-06-19T09:35:53","date_gmt":"2025-06-19T07:35:53","guid":{"rendered":"https:\/\/indie.rent\/catalogue\/produit\/grue-kessler-crane-pocket-jib-pro\/"},"modified":"2026-04-15T18:05:49","modified_gmt":"2026-04-15T16:05:49","slug":"grue-kessler-crane-pocket-jib-pro","status":"publish","type":"product","link":"https:\/\/indie.rent\/catalogue\/produit\/grue-kessler-crane-pocket-jib-pro\/","title":{"rendered":"Grue Kessler Crane Pocket Jib Pro"},"content":{"rendered":"<p>Caract\u00e9ristique principales :<\/p>\n<p>Poids : 11 Kg<br \/>Longueur : 212 cm jusqu&#8217;\u00e0 l&#8217;extr\u00e9mit\u00e9 de la contre platine en bol 100<br \/>193 cm jusqu&#8217;\u00e0 l&#8217;extr\u00e9mit\u00e9 de la plate-forme <br \/>Longueur pli\u00e9e\/compact\u00e9e : 116 <br \/>Distance entre le tr\u00e9pied et l&#8217;appareil photo : min 81.2cm \u00e0 Max 144.7cm)<br \/>Mouvement vertical total : 205cm<br \/>Mouvement circulaire : 289cm <br \/>Dimensions : 189 x 22 x 25cm<\/p>\n<p>La Grue Kessler Crane Pocket Jib Pro est le mod\u00e8le le plus robuste de la s\u00e9rie Pocket Jib de Kessler Crane. Cette grue a \u00e9t\u00e9 con\u00e7ue afin de pouvoir op\u00e9rer des configurations cam\u00e9ra lourdes pour r\u00e9pondre aux besoins des projets les plus importants. <\/p>\n<p>Gr\u00e2ce \u00e0 sa conception \u00e0 double bras, elle peut supporter jusqu\u2019\u00e0 22,6 kg dans n\u2019importe quelle configuration de longueur. Comme la plupart des grues de cette s\u00e9rie, la Pocket Jib Pro est elle aussi tr\u00e8s simple et rapide \u00e0 installer. Il est possible d\u2019augmenter ou de r\u00e9duire selon vos souhaits la longueur de la grue. <\/p>\n<p>Elle a une hauteur maximale de 2,70 m\u00e8tres. A vide, la grue p\u00e8se environ 11,5 kg.<\/p>\n","protected":false},"excerpt":{"rendered":"<p>Caract\u00e9ristique principales : Poids : 11 KgLongueur : 212 cm jusqu&#8217;\u00e0 l&#8217;extr\u00e9mit\u00e9 de la contre platine en bol 100193 cm jusqu&#8217;\u00e0 l&#8217;extr\u00e9mit\u00e9 de la plate-forme Longueur pli\u00e9e\/compact\u00e9e : 116 Distance entre le tr\u00e9pied et l&#8217;appareil photo : min 81.2cm \u00e0 Max 144.7cm)Mouvement vertical total : 205cmMouvement circulaire : 289cm Dimensions : 189 x 22 x [&hellip;]<\/p>\n","protected":false},"featured_media":4814,"template":"","meta":{"inline_featured_image":false},"product_brand":[],"product_cat":[2066],"product_tag":[],"class_list":{"0":"post-4418","1":"product","2":"type-product","3":"status-publish","4":"has-post-thumbnail","6":"product_cat-jib","8":"first","9":"instock","10":"taxable","11":"shipping-taxable","12":"purchasable","13":"product-type-rentable"},"acf":[],"_links":{"self":[{"href":"https:\/\/indie.rent\/catalogue\/wp-json\/wp\/v2\/product\/4418","targetHints":{"allow":["GET"]}}],"collection":[{"href":"https:\/\/indie.rent\/catalogue\/wp-json\/wp\/v2\/product"}],"about":[{"href":"https:\/\/indie.rent\/catalogue\/wp-json\/wp\/v2\/types\/product"}],"version-history":[{"count":0,"href":"https:\/\/indie.rent\/catalogue\/wp-json\/wp\/v2\/product\/4418\/revisions"}],"wp:featuredmedia":[{"embeddable":true,"href":"https:\/\/indie.rent\/catalogue\/wp-json\/wp\/v2\/media\/4814"}],"wp:attachment":[{"href":"https:\/\/indie.rent\/catalogue\/wp-json\/wp\/v2\/media?parent=4418"}],"wp:term":[{"taxonomy":"product_brand","embeddable":true,"href":"https:\/\/indie.rent\/catalogue\/wp-json\/wp\/v2\/product_brand?post=4418"},{"taxonomy":"product_cat","embeddable":true,"href":"https:\/\/indie.rent\/catalogue\/wp-json\/wp\/v2\/product_cat?post=4418"},{"taxonomy":"product_tag","embeddable":true,"href":"https:\/\/indie.rent\/catalogue\/wp-json\/wp\/v2\/product_tag?post=4418"}],"curies":[{"name":"wp","href":"https:\/\/api.w.org\/{rel}","templated":true}]}}