{"id":439,"date":"2025-01-08T17:33:10","date_gmt":"2025-01-08T16:33:10","guid":{"rendered":"https:\/\/indie.rent\/catalogue\/produit\/camera-red-gemini-5k\/"},"modified":"2026-04-09T14:57:13","modified_gmt":"2026-04-09T12:57:13","slug":"camera-red-gemini-5k","status":"publish","type":"product","link":"https:\/\/indie.rent\/catalogue\/produit\/camera-red-gemini-5k\/","title":{"rendered":"Cam\u00e9ra RED Gemini 5K"},"content":{"rendered":"<p>Red Gemini 5K<\/p>\n<p>Le corps de cam\u00e9ra DSMC2 est l\u2019\u00e9l\u00e9ment principal du syst\u00e8me RED et abrite le capteur GEMINI 5K S35 qui dispose d\u2019une double sensibilit\u00e9 et permet de tourner en mode Standard avec un bon \u00e9clairage ou en mode Low Light dans un environnement plus sombre. Le capteur GEMINI 5K S35 enregistre jusqu\u2019\u00e0 75 images\/s en 5K Full Format (5120 \u00d7 3000) ratio 1.7:1 et jusqu\u2019\u00e0 120 images\/s en 4K Full Format (4096 x 2160) avec un ratio de 2.4:1.<\/p>\n<p>Le RED DSMC2 int\u00e8gre simultan\u00e9ment plusieurs formats d\u2019enregistrement, dont les Raw Redcode et Apple ProRes ou Avid DNxHD\/HR.<\/p>\n<p>Points forts du corps de cam\u00e9ra RED DSMC2 Gemini 5k S35 :<br \/>&#8211; Corps de cam\u00e9ra DSMC2 l\u00e9ger et fiable,<br \/>&#8211; Capteur CMOS double ISO Super 35 (30,72 x 19 mm et 35,65 mm de diagonale),<br \/>&#8211; Fr\u00e9quence d\u2019images : 96 images\/s en RAW 5K (5120 \u00d7 2700) et 75 images\/s en RAW 5K (5120 \u00d7 3000),<br \/>&#8211; Supporte l\u2019anamorphique,<br \/>&#8211; Livr\u00e9 avec OLPF standard,<br \/>&#8211; Poids : 1,50kg (BRAIN\u00ae avec enregistreur int\u00e9gr\u00e9),<br \/>&#8211; Jusqu\u2019\u00e0 275 Mo\/s en \u00e9criture.<\/p>\n","protected":false},"excerpt":{"rendered":"<p>Red Gemini 5K Le corps de cam\u00e9ra DSMC2 est l\u2019\u00e9l\u00e9ment principal du syst\u00e8me RED et abrite le capteur GEMINI 5K S35 qui dispose d\u2019une double sensibilit\u00e9 et permet de tourner en mode Standard avec un bon \u00e9clairage ou en mode Low Light dans un environnement plus sombre. Le capteur GEMINI 5K S35 enregistre jusqu\u2019\u00e0 75 [&hellip;]<\/p>\n","protected":false},"featured_media":1839,"template":"","meta":{"inline_featured_image":false},"product_brand":[],"product_cat":[1912],"product_tag":[],"class_list":{"0":"post-439","1":"product","2":"type-product","3":"status-publish","4":"has-post-thumbnail","6":"product_cat-camera-red","8":"first","9":"instock","10":"taxable","11":"shipping-taxable","12":"purchasable","13":"product-type-rentable"},"acf":[],"_links":{"self":[{"href":"https:\/\/indie.rent\/catalogue\/wp-json\/wp\/v2\/product\/439","targetHints":{"allow":["GET"]}}],"collection":[{"href":"https:\/\/indie.rent\/catalogue\/wp-json\/wp\/v2\/product"}],"about":[{"href":"https:\/\/indie.rent\/catalogue\/wp-json\/wp\/v2\/types\/product"}],"version-history":[{"count":0,"href":"https:\/\/indie.rent\/catalogue\/wp-json\/wp\/v2\/product\/439\/revisions"}],"wp:featuredmedia":[{"embeddable":true,"href":"https:\/\/indie.rent\/catalogue\/wp-json\/wp\/v2\/media\/1839"}],"wp:attachment":[{"href":"https:\/\/indie.rent\/catalogue\/wp-json\/wp\/v2\/media?parent=439"}],"wp:term":[{"taxonomy":"product_brand","embeddable":true,"href":"https:\/\/indie.rent\/catalogue\/wp-json\/wp\/v2\/product_brand?post=439"},{"taxonomy":"product_cat","embeddable":true,"href":"https:\/\/indie.rent\/catalogue\/wp-json\/wp\/v2\/product_cat?post=439"},{"taxonomy":"product_tag","embeddable":true,"href":"https:\/\/indie.rent\/catalogue\/wp-json\/wp\/v2\/product_tag?post=439"}],"curies":[{"name":"wp","href":"https:\/\/api.w.org\/{rel}","templated":true}]}}