{"id":438,"date":"2025-01-08T17:33:10","date_gmt":"2025-01-08T16:33:10","guid":{"rendered":"https:\/\/indie.rent\/catalogue\/produit\/serie-de-6-optiques-leica-summicron-c-t2-18-25-35-50-75-135\/"},"modified":"2026-04-30T17:02:32","modified_gmt":"2026-04-30T15:02:32","slug":"serie-de-7-optiques-leica-summicron-c-t2-pl-s35-o95mm-18-25-35-50-75-100-135","status":"publish","type":"product","link":"https:\/\/indie.rent\/catalogue\/produit\/serie-de-7-optiques-leica-summicron-c-t2-pl-s35-o95mm-18-25-35-50-75-100-135\/","title":{"rendered":"S\u00e9rie de 7 Optiques  Leica Summicron-C T2 PL &#8211; S35 &#8211; \u00d895mm (18-25-35-50-75-100-135)"},"content":{"rendered":"<p>S\u00e9rie de 7 optiques Leica Summicron-C \u00e0 ouverture identique T 2 :<br \/>18mm &#8211; 25mm &#8211; 35mm &#8211; 50mm &#8211; 75mm &#8211; 100mm &#8211; 135mm et en option : Thalia 180mm T3.6<\/p>\n<p>Les objectifs Leica de la s\u00e9rie Summicron-C cr\u00e9ent une image piqu\u00e9e et douce \u00e0 la fois avec une bonne r\u00e9sistance au flare et sans aberration chromatique m\u00eame \u00e0 pleine ouverture.<br \/>Leur conception m\u00e9canique reste elle aussi fid\u00e8le aux exigences de Leica, avec des objectifs encore plus compacts et l\u00e9gers que les Summilux-C, une longueur, un poids et un diam\u00e8tre de frontale quasi identique sur la totalit\u00e9 de la s\u00e9rie.<\/p>\n<p>Bague de point gradu\u00e9e en pied.<\/p>\n<p>\u00a0<\/p>\n","protected":false},"excerpt":{"rendered":"<p>S\u00e9rie de 7 optiques Leica Summicron-C \u00e0 ouverture identique T 2 :18mm &#8211; 25mm &#8211; 35mm &#8211; 50mm &#8211; 75mm &#8211; 100mm &#8211; 135mm et en option : Thalia 180mm T3.6 Les objectifs Leica de la s\u00e9rie Summicron-C cr\u00e9ent une image piqu\u00e9e et douce \u00e0 la fois avec une bonne r\u00e9sistance au flare et sans [&hellip;]<\/p>\n","protected":false},"featured_media":1968,"template":"","meta":{"inline_featured_image":false},"product_brand":[],"product_cat":[1919],"product_tag":[],"class_list":{"0":"post-438","1":"product","2":"type-product","3":"status-publish","4":"has-post-thumbnail","6":"product_cat-optique-spherique-pl","8":"first","9":"instock","10":"featured","11":"taxable","12":"shipping-taxable","13":"purchasable","14":"product-type-rentable"},"acf":[],"_links":{"self":[{"href":"https:\/\/indie.rent\/catalogue\/wp-json\/wp\/v2\/product\/438","targetHints":{"allow":["GET"]}}],"collection":[{"href":"https:\/\/indie.rent\/catalogue\/wp-json\/wp\/v2\/product"}],"about":[{"href":"https:\/\/indie.rent\/catalogue\/wp-json\/wp\/v2\/types\/product"}],"version-history":[{"count":0,"href":"https:\/\/indie.rent\/catalogue\/wp-json\/wp\/v2\/product\/438\/revisions"}],"wp:featuredmedia":[{"embeddable":true,"href":"https:\/\/indie.rent\/catalogue\/wp-json\/wp\/v2\/media\/1968"}],"wp:attachment":[{"href":"https:\/\/indie.rent\/catalogue\/wp-json\/wp\/v2\/media?parent=438"}],"wp:term":[{"taxonomy":"product_brand","embeddable":true,"href":"https:\/\/indie.rent\/catalogue\/wp-json\/wp\/v2\/product_brand?post=438"},{"taxonomy":"product_cat","embeddable":true,"href":"https:\/\/indie.rent\/catalogue\/wp-json\/wp\/v2\/product_cat?post=438"},{"taxonomy":"product_tag","embeddable":true,"href":"https:\/\/indie.rent\/catalogue\/wp-json\/wp\/v2\/product_tag?post=438"}],"curies":[{"name":"wp","href":"https:\/\/api.w.org\/{rel}","templated":true}]}}