{"id":4374,"date":"2025-06-19T09:21:20","date_gmt":"2025-06-19T07:21:20","guid":{"rendered":"https:\/\/indie.rent\/catalogue\/produit\/tilt-head-edelkrone\/"},"modified":"2026-04-05T00:13:40","modified_gmt":"2026-04-04T22:13:40","slug":"tilt-head-edelkrone","status":"publish","type":"product","link":"https:\/\/indie.rent\/catalogue\/produit\/tilt-head-edelkrone\/","title":{"rendered":"Tilt Head Edelkrone"},"content":{"rendered":"<p>Tilt Flexhead<\/p>\n<p>La Flextilt head d&#8217;Edelkrone est un produit tr\u00e8s petit et l\u00e9ger permettant de l&#8217;emporter partout. Cette t\u00eate nomade peut \u00eatre fix\u00e9e sur un tr\u00e9pied \u00e0 l&#8217;aide de ses pas des vis Kodak et pas du Congr\u00e8s ou peut \u00eatre utilis\u00e9e seule gr\u00e2ce \u00e0 sa base robuste. Elle permet une manipulation tr\u00e8s simple d&#8217;un appareil photo reflex ou hybride en lui permettant d&#8217;\u00eatre ajust\u00e9e dans diff\u00e9rentes positions. <\/p>\n<p>Cette t\u00eate permet un ajustement facile de la position de l&#8217;appareil \u00e0 une seule main et de le manipuler dans sa hauteur, en l&#8217;avancant ou le reculant et en lui faisant faire une rotation \u00e0 380\u00b0, le tout sans efforts.<\/p>\n","protected":false},"excerpt":{"rendered":"<p>Tilt Flexhead La Flextilt head d&#8217;Edelkrone est un produit tr\u00e8s petit et l\u00e9ger permettant de l&#8217;emporter partout. Cette t\u00eate nomade peut \u00eatre fix\u00e9e sur un tr\u00e9pied \u00e0 l&#8217;aide de ses pas des vis Kodak et pas du Congr\u00e8s ou peut \u00eatre utilis\u00e9e seule gr\u00e2ce \u00e0 sa base robuste. Elle permet une manipulation tr\u00e8s simple d&#8217;un [&hellip;]<\/p>\n","protected":false},"featured_media":4430,"template":"","meta":{"inline_featured_image":false},"product_brand":[],"product_cat":[2043],"product_tag":[],"class_list":{"0":"post-4374","1":"product","2":"type-product","3":"status-publish","4":"has-post-thumbnail","6":"product_cat-quart-de-brie","8":"first","9":"instock","10":"taxable","11":"shipping-taxable","12":"purchasable","13":"product-type-rentable"},"acf":[],"_links":{"self":[{"href":"https:\/\/indie.rent\/catalogue\/wp-json\/wp\/v2\/product\/4374","targetHints":{"allow":["GET"]}}],"collection":[{"href":"https:\/\/indie.rent\/catalogue\/wp-json\/wp\/v2\/product"}],"about":[{"href":"https:\/\/indie.rent\/catalogue\/wp-json\/wp\/v2\/types\/product"}],"version-history":[{"count":0,"href":"https:\/\/indie.rent\/catalogue\/wp-json\/wp\/v2\/product\/4374\/revisions"}],"wp:featuredmedia":[{"embeddable":true,"href":"https:\/\/indie.rent\/catalogue\/wp-json\/wp\/v2\/media\/4430"}],"wp:attachment":[{"href":"https:\/\/indie.rent\/catalogue\/wp-json\/wp\/v2\/media?parent=4374"}],"wp:term":[{"taxonomy":"product_brand","embeddable":true,"href":"https:\/\/indie.rent\/catalogue\/wp-json\/wp\/v2\/product_brand?post=4374"},{"taxonomy":"product_cat","embeddable":true,"href":"https:\/\/indie.rent\/catalogue\/wp-json\/wp\/v2\/product_cat?post=4374"},{"taxonomy":"product_tag","embeddable":true,"href":"https:\/\/indie.rent\/catalogue\/wp-json\/wp\/v2\/product_tag?post=4374"}],"curies":[{"name":"wp","href":"https:\/\/api.w.org\/{rel}","templated":true}]}}