{"id":433,"date":"2025-01-08T17:33:08","date_gmt":"2025-01-08T16:33:08","guid":{"rendered":"https:\/\/indie.rent\/catalogue\/produit\/zoom-fujinon-cabrio-19-90mm-t2-9-s35-pl-o-114mm\/"},"modified":"2026-04-04T00:13:49","modified_gmt":"2026-04-03T22:13:49","slug":"zoom-fujinon-cabrio-19-90mm-t2-9-pl-s35-o114mm","status":"publish","type":"product","link":"https:\/\/indie.rent\/catalogue\/produit\/zoom-fujinon-cabrio-19-90mm-t2-9-pl-s35-o114mm\/","title":{"rendered":"Zoom Fujinon Cabrio 19-90mm T2.9 &#8211; PL &#8211; S35 &#8211; \u00f8114mm"},"content":{"rendered":"<p>En plus d\u2019une excellente qualit\u00e9 optique et d\u2019une haute r\u00e9solution permettant de profiter pleinement des performances des cam\u00e9ras 4K, les Cabrio am\u00e8nent une nouvelle ergonomie aux zooms PL. Le zoom PL Cabrio 19-90mm de Fujinon (ZK4.7\u00d719) poss\u00e8de un moteur d\u2019asservissement d\u00e9tachable exclusif, le rendant parfait pour toute utilisation comme objectif PL standard ou de type ENG.<\/p>\n<p>Caract\u00e9ristiques principales : <br \/>&#8211; Longueur de focale : 19-90 mm,<br \/>&#8211; Distance min. de mise au point : 0.85,<br \/>&#8211; Ouverture : T2.9,<br \/>&#8211; Diam\u00e8tre de la frontale : 114 mm,<br \/>&#8211; Longueur : 223 mm,<br \/>&#8211; Poids : 2.7 kg.<\/p>\n","protected":false},"excerpt":{"rendered":"<p>En plus d\u2019une excellente qualit\u00e9 optique et d\u2019une haute r\u00e9solution permettant de profiter pleinement des performances des cam\u00e9ras 4K, les Cabrio am\u00e8nent une nouvelle ergonomie aux zooms PL. Le zoom PL Cabrio 19-90mm de Fujinon (ZK4.7\u00d719) poss\u00e8de un moteur d\u2019asservissement d\u00e9tachable exclusif, le rendant parfait pour toute utilisation comme objectif PL standard ou de type [&hellip;]<\/p>\n","protected":false},"featured_media":1984,"template":"","meta":{"inline_featured_image":false},"product_brand":[],"product_cat":[1921],"product_tag":[],"class_list":{"0":"post-433","1":"product","2":"type-product","3":"status-publish","4":"has-post-thumbnail","6":"product_cat-zoom-spherique-pl","8":"first","9":"instock","10":"taxable","11":"shipping-taxable","12":"purchasable","13":"product-type-rentable"},"acf":[],"_links":{"self":[{"href":"https:\/\/indie.rent\/catalogue\/wp-json\/wp\/v2\/product\/433","targetHints":{"allow":["GET"]}}],"collection":[{"href":"https:\/\/indie.rent\/catalogue\/wp-json\/wp\/v2\/product"}],"about":[{"href":"https:\/\/indie.rent\/catalogue\/wp-json\/wp\/v2\/types\/product"}],"version-history":[{"count":2,"href":"https:\/\/indie.rent\/catalogue\/wp-json\/wp\/v2\/product\/433\/revisions"}],"predecessor-version":[{"id":6582,"href":"https:\/\/indie.rent\/catalogue\/wp-json\/wp\/v2\/product\/433\/revisions\/6582"}],"wp:featuredmedia":[{"embeddable":true,"href":"https:\/\/indie.rent\/catalogue\/wp-json\/wp\/v2\/media\/1984"}],"wp:attachment":[{"href":"https:\/\/indie.rent\/catalogue\/wp-json\/wp\/v2\/media?parent=433"}],"wp:term":[{"taxonomy":"product_brand","embeddable":true,"href":"https:\/\/indie.rent\/catalogue\/wp-json\/wp\/v2\/product_brand?post=433"},{"taxonomy":"product_cat","embeddable":true,"href":"https:\/\/indie.rent\/catalogue\/wp-json\/wp\/v2\/product_cat?post=433"},{"taxonomy":"product_tag","embeddable":true,"href":"https:\/\/indie.rent\/catalogue\/wp-json\/wp\/v2\/product_tag?post=433"}],"curies":[{"name":"wp","href":"https:\/\/api.w.org\/{rel}","templated":true}]}}