{"id":4325,"date":"2025-06-16T14:59:36","date_gmt":"2025-06-16T12:59:36","guid":{"rendered":"https:\/\/indie.rent\/catalogue\/produit\/viseur-zacuto-kameleon-pro\/"},"modified":"2026-04-13T19:00:54","modified_gmt":"2026-04-13T17:00:54","slug":"viseur-zacuto-kameleon-pro","status":"publish","type":"product","link":"https:\/\/indie.rent\/catalogue\/produit\/viseur-zacuto-kameleon-pro\/","title":{"rendered":"Viseur Zacuto Kameleon Pro"},"content":{"rendered":"<p>Le Zacuto Kameleon EVF Pro est un viseur qui b\u00e9n\u00e9ficie d\u2019une r\u00e9solution 1920\u00d71080, qui prend en charge jusqu\u2019\u00e0 l\u2019entr\u00e9e 4K DCI via HDMI et jusqu\u2019\u00e0 1080p60 via SDI (BNC). Il pr\u00e9sente un rapport de contraste de 10000:1, prend en charge les 3D LUT, int\u00e8gre un joystick pour le contr\u00f4le, une entr\u00e9e d\u2019alimentation LEMO \u00e0 4 broches et quatre boutons personnalisables par l\u2019utilisateur.<\/p>\n<p>Utilisez les pr\u00e9r\u00e9glages S-Log2, S-Log3, C-Log et V-Log int\u00e9gr\u00e9s, ou importez votre 3D LUT pr\u00e9f\u00e9r\u00e9e via le port d\u2019entr\u00e9e USB Type-C. Les outils d\u2019imagerie comprennent l\u2019histogramme, le red peaking, trois niveaux de pic d\u2019am\u00e9lioration des bords, False color, la compression anamorphique et les barres de couleur SMPTE.<\/p>\n<p>Le Zacuto Kameleon Pro b\u00e9n\u00e9ficie aussi de la technologie anti-bu\u00e9e brevet\u00e9e par Zacuto, qui garde votre vue claire dans les environnements humides ou froids. La dioptrie -1 \u00e0 +4 int\u00e9gr\u00e9e vous permet d\u2019obtenir une vue confortable sans vos lunettes.<\/p>\n<p>Principales caract\u00e9ristiques:<\/p>\n<p>Dalle : EVF OLED de 0,71\u2033<br \/>Contraste: 10000:1<br \/>R\u00e9solution: 1920 x 1080 en RVB 24-bits<br \/>Entr\u00e9es Vid\u00e9o: 1x HDMI 4K DCI \/ 1x HD-SDI 1080p60<\/p>\n","protected":false},"excerpt":{"rendered":"<p>Le Zacuto Kameleon EVF Pro est un viseur qui b\u00e9n\u00e9ficie d\u2019une r\u00e9solution 1920\u00d71080, qui prend en charge jusqu\u2019\u00e0 l\u2019entr\u00e9e 4K DCI via HDMI et jusqu\u2019\u00e0 1080p60 via SDI (BNC). Il pr\u00e9sente un rapport de contraste de 10000:1, prend en charge les 3D LUT, int\u00e8gre un joystick pour le contr\u00f4le, une entr\u00e9e d\u2019alimentation LEMO \u00e0 4 [&hellip;]<\/p>\n","protected":false},"featured_media":4327,"template":"","meta":{"inline_featured_image":false},"product_brand":[],"product_cat":[1971],"product_tag":[],"class_list":{"0":"post-4325","1":"product","2":"type-product","3":"status-publish","4":"has-post-thumbnail","6":"product_cat-viewfinder","8":"first","9":"instock","10":"taxable","11":"shipping-taxable","12":"purchasable","13":"product-type-rentable"},"acf":[],"_links":{"self":[{"href":"https:\/\/indie.rent\/catalogue\/wp-json\/wp\/v2\/product\/4325","targetHints":{"allow":["GET"]}}],"collection":[{"href":"https:\/\/indie.rent\/catalogue\/wp-json\/wp\/v2\/product"}],"about":[{"href":"https:\/\/indie.rent\/catalogue\/wp-json\/wp\/v2\/types\/product"}],"version-history":[{"count":0,"href":"https:\/\/indie.rent\/catalogue\/wp-json\/wp\/v2\/product\/4325\/revisions"}],"wp:featuredmedia":[{"embeddable":true,"href":"https:\/\/indie.rent\/catalogue\/wp-json\/wp\/v2\/media\/4327"}],"wp:attachment":[{"href":"https:\/\/indie.rent\/catalogue\/wp-json\/wp\/v2\/media?parent=4325"}],"wp:term":[{"taxonomy":"product_brand","embeddable":true,"href":"https:\/\/indie.rent\/catalogue\/wp-json\/wp\/v2\/product_brand?post=4325"},{"taxonomy":"product_cat","embeddable":true,"href":"https:\/\/indie.rent\/catalogue\/wp-json\/wp\/v2\/product_cat?post=4325"},{"taxonomy":"product_tag","embeddable":true,"href":"https:\/\/indie.rent\/catalogue\/wp-json\/wp\/v2\/product_tag?post=4325"}],"curies":[{"name":"wp","href":"https:\/\/api.w.org\/{rel}","templated":true}]}}