{"id":4317,"date":"2025-06-13T15:41:55","date_gmt":"2025-06-13T13:41:55","guid":{"rendered":"https:\/\/indie.rent\/catalogue\/produit\/camera-sony-venice-6k-full-frame\/"},"modified":"2026-04-10T10:50:50","modified_gmt":"2026-04-10T08:50:50","slug":"camera-sony-venice-6k-full-frame","status":"publish","type":"product","link":"https:\/\/indie.rent\/catalogue\/produit\/camera-sony-venice-6k-full-frame\/","title":{"rendered":"Cam\u00e9ra Sony Venice  6K Full Frame"},"content":{"rendered":"<p>La cam\u00e9ra VENICE est \u00e9quip\u00e9e d\u2019un capteur Full Frame (36 x 24 mm) et permet de capturer des images \u00e0 une r\u00e9solution maximale de 6048 x 4032. En changeant le mode du capteur, la cam\u00e9ra VENICE peut prendre en charge la r\u00e9solution native Super35 (24,3 x 18 mm) 4096 x 3024 (\u00e9quivalent \u00e0 une pellicule photo 4 perforations) et une r\u00e9solution Super35 (24,3 x 12,8 mm) 4096 x 2160 (\u00e9quivalent \u00e0 une pellicule photo 3 perforations).<\/p>\n<p>Elle supporte plusieurs formats d&#8217;enregistrement, y compris X-OCN (16 bits), RAW et XAVC avec une plage dynamique de 15+ diaphragmes, permettant une capture d\u00e9taill\u00e9e des nuances dans les hautes et basses lumi\u00e8res.<\/p>\n<p>Notre Sony Venice est livr\u00e9e avec toutes les licences pr\u00e9install\u00e9es: plein format, anamorphique et haute vitesse.<\/p>\n<p>Principales caract\u00e9ristiques:<\/p>\n<p>&#8211; Capteur: FF Exmor RS CMOS (36.2mm x 24.1mm &#8211; \u00f8 43.5mm)<br \/>&#8211; Dynamique: 15+ stops<br \/>&#8211; Monture de base: Sony E \/ PL \/ LPL<br \/>&#8211; Autofocus: Non<br \/>&#8211; Filtres optiques int\u00e9gr\u00e9s: Filtre \u00e0 densit\u00e9 neutre (Clear, 0.3 \u00e0 2.4)<br \/>&#8211; Sensibilit\u00e9: Double ISO natif 500\/2500<br \/>&#8211; M\u00e9dias: 2x Slot pour carte SXS \/ 1x Carte SD \/ 2x Slot pour carte AXS (Enregistreur AXS-R7) <br \/>&#8211; R\u00e9solution d&#8217;enregistrement Max. : 6K 3:2 (6048 x 4032) <br \/>&#8211; Vitesse maximale d&#8217;enregistrement (images\/seconde): 60@6K 3:2 \/ 120@4K 2.39:1<br \/>&#8211; Codec d&#8217;enregistrement interne: XAVCI 4K Class480 4:2:2 10-Bit<br \/>&#8211; Codec d&#8217;enregistrement avec l&#8217;enregistreur AXS-R7: 4K 16-Bit RAW \/ 6K 16-Bit X-OCN (LT-ST-XT)<br \/>&#8211; Sorties Vid\u00e9o: 4x BNC (12G, 3G, 1.5G-SDI) \/ 1x BNC (1.5G-SDI) \/ 1x HDMI Type A \/ 1x Viseur Lemo 26p<br \/>&#8211; Entr\u00e9e DC: 1x XLR 4 broches 12\/24V (m\u00e2le) \/ 1x Connecteur \u00e0 5 broches de forme carr\u00e9e (V-Mount)<br \/>&#8211; Sorties DC: 1x Hirose 4 broches 12V \/ 2x Fisher 3 broches 24V<br \/>&#8211; Consommation: environ 60 W<br \/>&#8211; Autonomie avec une batterie V-Mount 98Wh : Environ 60 min<br \/>&#8211; Temp\u00e9rature de fonctionnement: De 0 \u00b0C \u00e0 40 \u00b0C<br \/>&#8211; Temp\u00e9rature de stockage: De -20\u00b0C \u00e0 +60\u00b0C<br \/>&#8211; Poids: 5.1 Kg (corps cam\u00e9ra nu avec l&#8217;enregistreur AXS-R7)<\/p>\n","protected":false},"excerpt":{"rendered":"<p>La cam\u00e9ra VENICE est \u00e9quip\u00e9e d\u2019un capteur Full Frame (36 x 24 mm) et permet de capturer des images \u00e0 une r\u00e9solution maximale de 6048 x 4032. En changeant le mode du capteur, la cam\u00e9ra VENICE peut prendre en charge la r\u00e9solution native Super35 (24,3 x 18 mm) 4096 x 3024 (\u00e9quivalent \u00e0 une pellicule [&hellip;]<\/p>\n","protected":false},"featured_media":4322,"template":"","meta":{"inline_featured_image":false},"product_brand":[],"product_cat":[1913],"product_tag":[],"class_list":{"0":"post-4317","1":"product","2":"type-product","3":"status-publish","4":"has-post-thumbnail","6":"product_cat-camera-sony","8":"first","9":"instock","10":"taxable","11":"shipping-taxable","12":"purchasable","13":"product-type-rentable"},"acf":[],"_links":{"self":[{"href":"https:\/\/indie.rent\/catalogue\/wp-json\/wp\/v2\/product\/4317","targetHints":{"allow":["GET"]}}],"collection":[{"href":"https:\/\/indie.rent\/catalogue\/wp-json\/wp\/v2\/product"}],"about":[{"href":"https:\/\/indie.rent\/catalogue\/wp-json\/wp\/v2\/types\/product"}],"version-history":[{"count":0,"href":"https:\/\/indie.rent\/catalogue\/wp-json\/wp\/v2\/product\/4317\/revisions"}],"wp:featuredmedia":[{"embeddable":true,"href":"https:\/\/indie.rent\/catalogue\/wp-json\/wp\/v2\/media\/4322"}],"wp:attachment":[{"href":"https:\/\/indie.rent\/catalogue\/wp-json\/wp\/v2\/media?parent=4317"}],"wp:term":[{"taxonomy":"product_brand","embeddable":true,"href":"https:\/\/indie.rent\/catalogue\/wp-json\/wp\/v2\/product_brand?post=4317"},{"taxonomy":"product_cat","embeddable":true,"href":"https:\/\/indie.rent\/catalogue\/wp-json\/wp\/v2\/product_cat?post=4317"},{"taxonomy":"product_tag","embeddable":true,"href":"https:\/\/indie.rent\/catalogue\/wp-json\/wp\/v2\/product_tag?post=4317"}],"curies":[{"name":"wp","href":"https:\/\/api.w.org\/{rel}","templated":true}]}}