{"id":431,"date":"2025-01-08T17:33:07","date_gmt":"2025-01-08T16:33:07","guid":{"rendered":"https:\/\/indie.rent\/catalogue\/produit\/serie-de-7-optiques-optica-elite-lomo-mkiii-18-24-35-50-75-100-135\/"},"modified":"2026-04-04T00:15:58","modified_gmt":"2026-04-03T22:15:58","slug":"serie-de-7-optiques-optica-elite-lomo-mkiii-pl-s35-%e2%88%85110mm-18-24-35-50-75-100-135","status":"publish","type":"product","link":"https:\/\/indie.rent\/catalogue\/produit\/serie-de-7-optiques-optica-elite-lomo-mkiii-pl-s35-%e2%88%85110mm-18-24-35-50-75-100-135\/","title":{"rendered":"S\u00e9rie de 7 Optiques Optica Elite Lomo MKIII PL &#8211; S35 &#8211; \u2205110mm  (18-24-35-50-75-100-135)"},"content":{"rendered":"<p>S\u00e9rie de 7 Optiques Optica Elite MKIII : 18mm, 24mm, 35mm, 50mm, 75mm, 100mm et 135mm.<\/p>\n<p>La soci\u00e9t\u00e9 russe Optica a \u00e9t\u00e9 fond\u00e9e en 1997 sur la base de la soci\u00e9t\u00e9 sovi\u00e9tique NPO Ekran (TsKBK). La production a commenc\u00e9 par des objectifs au format S16 avant de d\u00e9velopper et fabriquer ces objectifs Elite MKIII au format S35.<\/p>\n<p>Ces optiques Optica Elite MKIII partagent les m\u00eames verres optiques que les LOMO et offrent une restitution fid\u00e8le des couleurs avec des notes chaleureuses rappelant le rendu des optiques Cooke S4, tout en offrant une plus grande ouverture du diaphragme (entre T1.3 et T1.9).<\/p>\n<p>La bague de point est gradu\u00e9e en m\u00e8tre.<\/p>\n<p>Films de r\u00e9f\u00e9rence utilisant les optiques Optica Elite MKIII:<\/p>\n<p>ROBIN HOOD: R\u00e9alis\u00e9 par Ridely Scott &#8211; Dir. de la photo.: John Mathieson<br \/>DUNE 2: R\u00e9alis\u00e9 par Denis Villeneuve &#8211; Dir. de la photo.: Greig Fraser<\/p>\n","protected":false},"excerpt":{"rendered":"<p>S\u00e9rie de 7 Optiques Optica Elite MKIII : 18mm, 24mm, 35mm, 50mm, 75mm, 100mm et 135mm. La soci\u00e9t\u00e9 russe Optica a \u00e9t\u00e9 fond\u00e9e en 1997 sur la base de la soci\u00e9t\u00e9 sovi\u00e9tique NPO Ekran (TsKBK). La production a commenc\u00e9 par des objectifs au format S16 avant de d\u00e9velopper et fabriquer ces objectifs Elite MKIII au [&hellip;]<\/p>\n","protected":false},"featured_media":2432,"template":"","meta":{"inline_featured_image":false},"product_brand":[],"product_cat":[1919],"product_tag":[],"class_list":{"0":"post-431","1":"product","2":"type-product","3":"status-publish","4":"has-post-thumbnail","6":"product_cat-optique-spherique-pl","8":"first","9":"instock","10":"featured","11":"taxable","12":"shipping-taxable","13":"purchasable","14":"product-type-rentable"},"acf":[],"_links":{"self":[{"href":"https:\/\/indie.rent\/catalogue\/wp-json\/wp\/v2\/product\/431","targetHints":{"allow":["GET"]}}],"collection":[{"href":"https:\/\/indie.rent\/catalogue\/wp-json\/wp\/v2\/product"}],"about":[{"href":"https:\/\/indie.rent\/catalogue\/wp-json\/wp\/v2\/types\/product"}],"version-history":[{"count":3,"href":"https:\/\/indie.rent\/catalogue\/wp-json\/wp\/v2\/product\/431\/revisions"}],"predecessor-version":[{"id":6248,"href":"https:\/\/indie.rent\/catalogue\/wp-json\/wp\/v2\/product\/431\/revisions\/6248"}],"wp:featuredmedia":[{"embeddable":true,"href":"https:\/\/indie.rent\/catalogue\/wp-json\/wp\/v2\/media\/2432"}],"wp:attachment":[{"href":"https:\/\/indie.rent\/catalogue\/wp-json\/wp\/v2\/media?parent=431"}],"wp:term":[{"taxonomy":"product_brand","embeddable":true,"href":"https:\/\/indie.rent\/catalogue\/wp-json\/wp\/v2\/product_brand?post=431"},{"taxonomy":"product_cat","embeddable":true,"href":"https:\/\/indie.rent\/catalogue\/wp-json\/wp\/v2\/product_cat?post=431"},{"taxonomy":"product_tag","embeddable":true,"href":"https:\/\/indie.rent\/catalogue\/wp-json\/wp\/v2\/product_tag?post=431"}],"curies":[{"name":"wp","href":"https:\/\/api.w.org\/{rel}","templated":true}]}}