{"id":430,"date":"2025-01-08T17:33:07","date_gmt":"2025-01-08T16:33:07","guid":{"rendered":"https:\/\/indie.rent\/catalogue\/produit\/serie-de-3-optiques-viltrox-epic-anamorphique-1-33x-ff-pl-o-95mm-35-50-75\/"},"modified":"2026-04-04T00:16:39","modified_gmt":"2026-04-03T22:16:39","slug":"serie-de-3-optiques-viltrox-epic-anamorphique-1-33x-ff-pl-o-95mm-35-50-75","status":"publish","type":"product","link":"https:\/\/indie.rent\/catalogue\/produit\/serie-de-3-optiques-viltrox-epic-anamorphique-1-33x-ff-pl-o-95mm-35-50-75\/","title":{"rendered":"S\u00e9rie de 3 Optiques &#8211; Viltrox Epic Anamorphique 1.33x FF &#8211; PL &#8211; \u00f8 95mm (35-50-75)"},"content":{"rendered":"<p>S\u00e9rie de 3 optiques Viltrox Epic Anamorphiques 1.33x Full Frame en monture PL: 35mm, 50mm et 75mm<\/p>\n<p>Ces optiques anamorphiques Viltrox Epic 1.33x Full Frame offrent un bokeh ovale, un &#8220;pompage&#8221; de mise au point minimale, des flaires bleues et un look r\u00e9tro avec des tons de rendu des couleurs uniformes d&#8217;une optique \u00e0 l&#8217;autre.<\/p>\n<p>Ils sont con\u00e7us pour fournir un rapport d\u2019aspect 2.35:1 \u00e0 partir de cam\u00e9ras 16:9, sans besoin de recadrage en post-production. Ceci est utile pour avoir un rendu &#8220;Widescreen&#8221; anamorphique avec des cam\u00e9ras qui n\u2019ont pas la possibilit\u00e9 de filmer dans un rapport d\u2019aspect 4:3.<\/p>\n<p>*Le diam\u00e8tre de la frontale de ces optiques est de 95mm.<\/p>\n","protected":false},"excerpt":{"rendered":"<p>S\u00e9rie de 3 optiques Viltrox Epic Anamorphiques 1.33x Full Frame en monture PL: 35mm, 50mm et 75mm Ces optiques anamorphiques Viltrox Epic 1.33x Full Frame offrent un bokeh ovale, un &#8220;pompage&#8221; de mise au point minimale, des flaires bleues et un look r\u00e9tro avec des tons de rendu des couleurs uniformes d&#8217;une optique \u00e0 l&#8217;autre. [&hellip;]<\/p>\n","protected":false},"featured_media":2544,"template":"","meta":{"inline_featured_image":false},"product_brand":[],"product_cat":[1922],"product_tag":[],"class_list":{"0":"post-430","1":"product","2":"type-product","3":"status-publish","4":"has-post-thumbnail","6":"product_cat-optique-anamorphique-pl","8":"first","9":"instock","10":"featured","11":"taxable","12":"shipping-taxable","13":"purchasable","14":"product-type-rentable"},"acf":[],"_links":{"self":[{"href":"https:\/\/indie.rent\/catalogue\/wp-json\/wp\/v2\/product\/430","targetHints":{"allow":["GET"]}}],"collection":[{"href":"https:\/\/indie.rent\/catalogue\/wp-json\/wp\/v2\/product"}],"about":[{"href":"https:\/\/indie.rent\/catalogue\/wp-json\/wp\/v2\/types\/product"}],"version-history":[{"count":2,"href":"https:\/\/indie.rent\/catalogue\/wp-json\/wp\/v2\/product\/430\/revisions"}],"predecessor-version":[{"id":6310,"href":"https:\/\/indie.rent\/catalogue\/wp-json\/wp\/v2\/product\/430\/revisions\/6310"}],"wp:featuredmedia":[{"embeddable":true,"href":"https:\/\/indie.rent\/catalogue\/wp-json\/wp\/v2\/media\/2544"}],"wp:attachment":[{"href":"https:\/\/indie.rent\/catalogue\/wp-json\/wp\/v2\/media?parent=430"}],"wp:term":[{"taxonomy":"product_brand","embeddable":true,"href":"https:\/\/indie.rent\/catalogue\/wp-json\/wp\/v2\/product_brand?post=430"},{"taxonomy":"product_cat","embeddable":true,"href":"https:\/\/indie.rent\/catalogue\/wp-json\/wp\/v2\/product_cat?post=430"},{"taxonomy":"product_tag","embeddable":true,"href":"https:\/\/indie.rent\/catalogue\/wp-json\/wp\/v2\/product_tag?post=430"}],"curies":[{"name":"wp","href":"https:\/\/api.w.org\/{rel}","templated":true}]}}