{"id":420,"date":"2025-01-08T17:33:02","date_gmt":"2025-01-08T16:33:02","guid":{"rendered":"https:\/\/indie.rent\/catalogue\/produit\/serie-de-5-optiques-otus-milvus\/"},"modified":"2026-04-04T00:13:39","modified_gmt":"2026-04-03T22:13:39","slug":"serie-de-5-optiques-otus-milvus-o95","status":"publish","type":"product","link":"https:\/\/indie.rent\/catalogue\/produit\/serie-de-5-optiques-otus-milvus-o95\/","title":{"rendered":"S\u00e9rie de 5 Optiques Otus \/ Milvus \u00d895"},"content":{"rendered":"<p>S\u00e9rie Otus<\/p>\n<p>Le kit contient un 18mm, 28mm,55mm,85mm et un 135mm.<\/p>\n<p>Les objectifs de la s\u00e9rie Otus fabriqu\u00e9s par Zeiss sont des objectifs \u00e0 monture EF sp\u00e9cialement con\u00e7us pour la vid\u00e9o, avec une conception tr\u00e8s robuste et une bague de point douce et bien plus longue que celle des objectifs photo traditionnels, permettant un meilleur contr\u00f4le de la mise au point. La conception asph\u00e9rique de l\u2019objectif assure l\u2019obtention d\u2019excellentes images d\u2019une qualit\u00e9 constante sur toute la latitude de mise au point ainsi que la nettet\u00e9 de l\u2019image jusque dans sa p\u00e9riph\u00e9rie.<\/p>\n<p>Caract\u00e9ristiques principales :<br \/>&#8211; Monture EF,<br \/>&#8211; Marquage en Pieds et M\u00e8tres,<br \/>&#8211; Absence de franges color\u00e9es.<\/p>\n","protected":false},"excerpt":{"rendered":"<p>S\u00e9rie Otus Le kit contient un 18mm, 28mm,55mm,85mm et un 135mm. Les objectifs de la s\u00e9rie Otus fabriqu\u00e9s par Zeiss sont des objectifs \u00e0 monture EF sp\u00e9cialement con\u00e7us pour la vid\u00e9o, avec une conception tr\u00e8s robuste et une bague de point douce et bien plus longue que celle des objectifs photo traditionnels, permettant un meilleur [&hellip;]<\/p>\n","protected":false},"featured_media":1934,"template":"","meta":{"inline_featured_image":false},"product_brand":[],"product_cat":[1926],"product_tag":[],"class_list":{"0":"post-420","1":"product","2":"type-product","3":"status-publish","4":"has-post-thumbnail","6":"product_cat-optique-spherique-ef","8":"first","9":"instock","10":"taxable","11":"shipping-taxable","12":"purchasable","13":"product-type-rentable"},"acf":[],"_links":{"self":[{"href":"https:\/\/indie.rent\/catalogue\/wp-json\/wp\/v2\/product\/420","targetHints":{"allow":["GET"]}}],"collection":[{"href":"https:\/\/indie.rent\/catalogue\/wp-json\/wp\/v2\/product"}],"about":[{"href":"https:\/\/indie.rent\/catalogue\/wp-json\/wp\/v2\/types\/product"}],"version-history":[{"count":3,"href":"https:\/\/indie.rent\/catalogue\/wp-json\/wp\/v2\/product\/420\/revisions"}],"predecessor-version":[{"id":5478,"href":"https:\/\/indie.rent\/catalogue\/wp-json\/wp\/v2\/product\/420\/revisions\/5478"}],"wp:featuredmedia":[{"embeddable":true,"href":"https:\/\/indie.rent\/catalogue\/wp-json\/wp\/v2\/media\/1934"}],"wp:attachment":[{"href":"https:\/\/indie.rent\/catalogue\/wp-json\/wp\/v2\/media?parent=420"}],"wp:term":[{"taxonomy":"product_brand","embeddable":true,"href":"https:\/\/indie.rent\/catalogue\/wp-json\/wp\/v2\/product_brand?post=420"},{"taxonomy":"product_cat","embeddable":true,"href":"https:\/\/indie.rent\/catalogue\/wp-json\/wp\/v2\/product_cat?post=420"},{"taxonomy":"product_tag","embeddable":true,"href":"https:\/\/indie.rent\/catalogue\/wp-json\/wp\/v2\/product_tag?post=420"}],"curies":[{"name":"wp","href":"https:\/\/api.w.org\/{rel}","templated":true}]}}