{"id":4181,"date":"2025-06-12T14:22:52","date_gmt":"2025-06-12T12:22:52","guid":{"rendered":"https:\/\/indie.rent\/catalogue\/produit\/decametre-souple-15m-et-50-pieds\/"},"modified":"2026-04-16T18:00:54","modified_gmt":"2026-04-16T16:00:54","slug":"decametre-souple-15m-et-50-pieds","status":"publish","type":"product","link":"https:\/\/indie.rent\/catalogue\/produit\/decametre-souple-15m-et-50-pieds\/","title":{"rendered":"D\u00e9cam\u00e8tre Souple &#8211; 15m et 50 Pieds"},"content":{"rendered":"<p>D\u00e9cam\u00e8tre Souple &#8211; 15m et 50 Pieds<\/p>\n","protected":false},"excerpt":{"rendered":"<p>D\u00e9cam\u00e8tre Souple &#8211; 15m et 50 Pieds<\/p>\n","protected":false},"featured_media":4245,"template":"","meta":{"inline_featured_image":false},"product_brand":[],"product_cat":[2226],"product_tag":[],"class_list":{"0":"post-4181","1":"product","2":"type-product","3":"status-publish","4":"has-post-thumbnail","6":"product_cat-assistant-camera","8":"first","9":"outofstock","10":"taxable","11":"shipping-taxable","12":"purchasable","13":"product-type-simple"},"acf":[],"_links":{"self":[{"href":"https:\/\/indie.rent\/catalogue\/wp-json\/wp\/v2\/product\/4181","targetHints":{"allow":["GET"]}}],"collection":[{"href":"https:\/\/indie.rent\/catalogue\/wp-json\/wp\/v2\/product"}],"about":[{"href":"https:\/\/indie.rent\/catalogue\/wp-json\/wp\/v2\/types\/product"}],"version-history":[{"count":0,"href":"https:\/\/indie.rent\/catalogue\/wp-json\/wp\/v2\/product\/4181\/revisions"}],"wp:featuredmedia":[{"embeddable":true,"href":"https:\/\/indie.rent\/catalogue\/wp-json\/wp\/v2\/media\/4245"}],"wp:attachment":[{"href":"https:\/\/indie.rent\/catalogue\/wp-json\/wp\/v2\/media?parent=4181"}],"wp:term":[{"taxonomy":"product_brand","embeddable":true,"href":"https:\/\/indie.rent\/catalogue\/wp-json\/wp\/v2\/product_brand?post=4181"},{"taxonomy":"product_cat","embeddable":true,"href":"https:\/\/indie.rent\/catalogue\/wp-json\/wp\/v2\/product_cat?post=4181"},{"taxonomy":"product_tag","embeddable":true,"href":"https:\/\/indie.rent\/catalogue\/wp-json\/wp\/v2\/product_tag?post=4181"}],"curies":[{"name":"wp","href":"https:\/\/api.w.org\/{rel}","templated":true}]}}