{"id":404,"date":"2025-01-08T17:32:52","date_gmt":"2025-01-08T16:32:52","guid":{"rendered":"https:\/\/indie.rent\/catalogue\/produit\/serie-de-6-optiques-mamiya-645-sekor-c-avec-adaptateur-pour-monture-e-ef-lpl\/"},"modified":"2026-04-16T17:22:40","modified_gmt":"2026-04-16T15:22:40","slug":"serie-de-6-optiques-mamiya-645-sekor-c-e-ef-moyen-format-o80-mm-35-45-55-80-110-150","status":"publish","type":"product","link":"https:\/\/indie.rent\/catalogue\/produit\/serie-de-6-optiques-mamiya-645-sekor-c-e-ef-moyen-format-o80-mm-35-45-55-80-110-150\/","title":{"rendered":"S\u00e9rie de 6 Optiques Mamiya 645 Sekor C &#8211; E \/ EF  &#8211; Moyen Format &#8211; \u00d880 mm (35-45-55-80-110-150)"},"content":{"rendered":"<p>Les objectifs Mamiya Sekor-C ont \u00e9t\u00e9 lanc\u00e9s pour la premi\u00e8re fois avec les cam\u00e9ras Mamiya 645 entre le milieu des ann\u00e9es 1970 et 1980. Les objectifs \u00e9taient \u00e0 l&#8217;origine destin\u00e9s \u00e0 un appareil photo moyen format, produisant une taille d&#8217;image de 6 x 4,5 cm (d&#8217;o\u00f9 le nom 645).<\/p>\n<p>Cependant, avec l&#8217;av\u00e8nement des capteurs de plus grande taille sur les cam\u00e9ras de cin\u00e9ma num\u00e9riques, les objectifs moyen format tels que les Mamiya Sekor-C connaissent une popularit\u00e9 croissante. Ces optiques peuvent couvrir le capteur d&#8217;une Arri Alexa 65 (\u00f8 59.87 mm).<\/p>\n<p>Films de r\u00e9f\u00e9rence utilisant les optiques Mamiya Sekor-C:<\/p>\n<p>&#8211; INTERSTELLAR: R\u00e9alis\u00e9 par Christopher Nolan &#8211; Dir. de la photo.: Hoyte Van Hoytema <br \/>&#8211; BATMAN: The Dark Knight Rises :R\u00e9alis\u00e9 par Christopher Nolan &#8211; Dir. de la photo.: Wally Pfister<\/p>\n<p>Les optiques Mamiya Sekor-C que nous proposons sont &#8220;Cin\u00e9mod\u00e9es&#8221; avec des bagues de point et d&#8217;ouverture en pas 0.8, le diaphragme est &#8220;D\u00e9cliqu\u00e9&#8221; et motorisable, les frontales sont uniformes avec un diam\u00e8tre externe de 80mm et le diam\u00e8tre du filtetage frontale de 77mm.<\/p>\n","protected":false},"excerpt":{"rendered":"<p>Les objectifs Mamiya Sekor-C ont \u00e9t\u00e9 lanc\u00e9s pour la premi\u00e8re fois avec les cam\u00e9ras Mamiya 645 entre le milieu des ann\u00e9es 1970 et 1980. Les objectifs \u00e9taient \u00e0 l&#8217;origine destin\u00e9s \u00e0 un appareil photo moyen format, produisant une taille d&#8217;image de 6 x 4,5 cm (d&#8217;o\u00f9 le nom 645). Cependant, avec l&#8217;av\u00e8nement des capteurs de [&hellip;]<\/p>\n","protected":false},"featured_media":2186,"template":"","meta":{"inline_featured_image":false},"product_brand":[],"product_cat":[1926],"product_tag":[],"class_list":{"0":"post-404","1":"product","2":"type-product","3":"status-publish","4":"has-post-thumbnail","6":"product_cat-optique-spherique-ef","8":"first","9":"instock","10":"taxable","11":"shipping-taxable","12":"purchasable","13":"product-type-rentable"},"acf":[],"_links":{"self":[{"href":"https:\/\/indie.rent\/catalogue\/wp-json\/wp\/v2\/product\/404","targetHints":{"allow":["GET"]}}],"collection":[{"href":"https:\/\/indie.rent\/catalogue\/wp-json\/wp\/v2\/product"}],"about":[{"href":"https:\/\/indie.rent\/catalogue\/wp-json\/wp\/v2\/types\/product"}],"version-history":[{"count":1,"href":"https:\/\/indie.rent\/catalogue\/wp-json\/wp\/v2\/product\/404\/revisions"}],"predecessor-version":[{"id":6763,"href":"https:\/\/indie.rent\/catalogue\/wp-json\/wp\/v2\/product\/404\/revisions\/6763"}],"wp:featuredmedia":[{"embeddable":true,"href":"https:\/\/indie.rent\/catalogue\/wp-json\/wp\/v2\/media\/2186"}],"wp:attachment":[{"href":"https:\/\/indie.rent\/catalogue\/wp-json\/wp\/v2\/media?parent=404"}],"wp:term":[{"taxonomy":"product_brand","embeddable":true,"href":"https:\/\/indie.rent\/catalogue\/wp-json\/wp\/v2\/product_brand?post=404"},{"taxonomy":"product_cat","embeddable":true,"href":"https:\/\/indie.rent\/catalogue\/wp-json\/wp\/v2\/product_cat?post=404"},{"taxonomy":"product_tag","embeddable":true,"href":"https:\/\/indie.rent\/catalogue\/wp-json\/wp\/v2\/product_tag?post=404"}],"curies":[{"name":"wp","href":"https:\/\/api.w.org\/{rel}","templated":true}]}}