{"id":4037,"date":"2025-06-11T09:36:03","date_gmt":"2025-06-11T07:36:03","guid":{"rendered":"https:\/\/indie.rent\/catalogue\/produit\/filtre-kf-concept-nd-variable-1-9-stops-circulaire-o-67mm\/"},"modified":"2026-04-15T17:58:42","modified_gmt":"2026-04-15T15:58:42","slug":"filtre-kf-concept-nd-variable-1-9-stops-circulaire-o-67mm","status":"publish","type":"product","link":"https:\/\/indie.rent\/catalogue\/produit\/filtre-kf-concept-nd-variable-1-9-stops-circulaire-o-67mm\/","title":{"rendered":"Filtre K&#038;F Concept ND Variable (1-9 Stops) \u2013 Circulaire \u00d8 67mm"},"content":{"rendered":"<p>Fabriqu\u00e9 en verre optique AGC japonais avec traitements multicouches, ce filtre ND variable assure une excellente qualit\u00e9 d\u2019image en limitant les reflets et \u00e9blouissements.<\/p>\n<p>Sa bague de r\u00e9glage pr\u00e9cise, avec but\u00e9es clairement indiqu\u00e9es permettant un ajustement fluide de l\u2019exposition.<\/p>\n<p>Son cadre ultra fin \u00e9vite le vignettage, m\u00eame avec des objectifs grand angle jusqu\u2019\u00e0 16mm.<\/p>\n","protected":false},"excerpt":{"rendered":"<p>Fabriqu\u00e9 en verre optique AGC japonais avec traitements multicouches, ce filtre ND variable assure une excellente qualit\u00e9 d\u2019image en limitant les reflets et \u00e9blouissements. Sa bague de r\u00e9glage pr\u00e9cise, avec but\u00e9es clairement indiqu\u00e9es permettant un ajustement fluide de l\u2019exposition. Son cadre ultra fin \u00e9vite le vignettage, m\u00eame avec des objectifs grand angle jusqu\u2019\u00e0 16mm.<\/p>\n","protected":false},"featured_media":4038,"template":"","meta":{"inline_featured_image":false},"product_brand":[],"product_cat":[1943],"product_tag":[],"class_list":{"0":"post-4037","1":"product","2":"type-product","3":"status-publish","4":"has-post-thumbnail","6":"product_cat-filtres-circulaires","8":"first","9":"instock","10":"taxable","11":"shipping-taxable","12":"purchasable","13":"product-type-rentable"},"acf":[],"_links":{"self":[{"href":"https:\/\/indie.rent\/catalogue\/wp-json\/wp\/v2\/product\/4037","targetHints":{"allow":["GET"]}}],"collection":[{"href":"https:\/\/indie.rent\/catalogue\/wp-json\/wp\/v2\/product"}],"about":[{"href":"https:\/\/indie.rent\/catalogue\/wp-json\/wp\/v2\/types\/product"}],"version-history":[{"count":0,"href":"https:\/\/indie.rent\/catalogue\/wp-json\/wp\/v2\/product\/4037\/revisions"}],"wp:featuredmedia":[{"embeddable":true,"href":"https:\/\/indie.rent\/catalogue\/wp-json\/wp\/v2\/media\/4038"}],"wp:attachment":[{"href":"https:\/\/indie.rent\/catalogue\/wp-json\/wp\/v2\/media?parent=4037"}],"wp:term":[{"taxonomy":"product_brand","embeddable":true,"href":"https:\/\/indie.rent\/catalogue\/wp-json\/wp\/v2\/product_brand?post=4037"},{"taxonomy":"product_cat","embeddable":true,"href":"https:\/\/indie.rent\/catalogue\/wp-json\/wp\/v2\/product_cat?post=4037"},{"taxonomy":"product_tag","embeddable":true,"href":"https:\/\/indie.rent\/catalogue\/wp-json\/wp\/v2\/product_tag?post=4037"}],"curies":[{"name":"wp","href":"https:\/\/api.w.org\/{rel}","templated":true}]}}