{"id":397,"date":"2025-01-08T17:32:49","date_gmt":"2025-01-08T16:32:49","guid":{"rendered":"https:\/\/indie.rent\/catalogue\/produit\/serie-de-5-optiques-meike-mini-prime\/"},"modified":"2026-04-14T17:11:20","modified_gmt":"2026-04-14T15:11:20","slug":"serie-de-5-optiques-meike-mini-prime-o77","status":"publish","type":"product","link":"https:\/\/indie.rent\/catalogue\/produit\/serie-de-5-optiques-meike-mini-prime-o77\/","title":{"rendered":"S\u00e9rie de 5 Optiques MEIKE Mini Prime \u00d877"},"content":{"rendered":"<p>Cette s\u00e9rie compacte en monture RF offre un rendu tr\u00e8s piqu\u00e9 \u00e0 vos images avec tr\u00e8s peu de dominante de couleurs et un excellent contraste. Son bokeh est lisse et circulaire,<\/p>\n<p>Les gravures de ces optiques sont en m\u00e9triques et en imp\u00e9riales. Ces optiques sont en monture RF.<\/p>\n<p>10mm &#8211; 2.2 &#8211; 77mm &#8211; 0.3m\/1<br \/>35mm &#8211; 2.2 &#8211; 77mm &#8211; 0.51m\/1.7<br \/>50mm &#8211; 2.2 &#8211; 77mm &#8211; 0.6m\/2<br \/>65mm &#8211; 2.2 &#8211; 77mm &#8211; 0.68m\/2.2<br \/>85mm &#8211; 2.2 &#8211; 77mm &#8211; 0.9m\/3<\/p>\n","protected":false},"excerpt":{"rendered":"<p>Cette s\u00e9rie compacte en monture RF offre un rendu tr\u00e8s piqu\u00e9 \u00e0 vos images avec tr\u00e8s peu de dominante de couleurs et un excellent contraste. Son bokeh est lisse et circulaire, Les gravures de ces optiques sont en m\u00e9triques et en imp\u00e9riales. Ces optiques sont en monture RF. 10mm &#8211; 2.2 &#8211; 77mm &#8211; 0.3m\/135mm [&hellip;]<\/p>\n","protected":false},"featured_media":2489,"template":"","meta":{"inline_featured_image":false},"product_brand":[],"product_cat":[1936],"product_tag":[],"class_list":{"0":"post-397","1":"product","2":"type-product","3":"status-publish","4":"has-post-thumbnail","6":"product_cat-optiques-rf","8":"first","9":"instock","10":"taxable","11":"shipping-taxable","12":"purchasable","13":"product-type-rentable"},"acf":[],"_links":{"self":[{"href":"https:\/\/indie.rent\/catalogue\/wp-json\/wp\/v2\/product\/397","targetHints":{"allow":["GET"]}}],"collection":[{"href":"https:\/\/indie.rent\/catalogue\/wp-json\/wp\/v2\/product"}],"about":[{"href":"https:\/\/indie.rent\/catalogue\/wp-json\/wp\/v2\/types\/product"}],"version-history":[{"count":0,"href":"https:\/\/indie.rent\/catalogue\/wp-json\/wp\/v2\/product\/397\/revisions"}],"wp:featuredmedia":[{"embeddable":true,"href":"https:\/\/indie.rent\/catalogue\/wp-json\/wp\/v2\/media\/2489"}],"wp:attachment":[{"href":"https:\/\/indie.rent\/catalogue\/wp-json\/wp\/v2\/media?parent=397"}],"wp:term":[{"taxonomy":"product_brand","embeddable":true,"href":"https:\/\/indie.rent\/catalogue\/wp-json\/wp\/v2\/product_brand?post=397"},{"taxonomy":"product_cat","embeddable":true,"href":"https:\/\/indie.rent\/catalogue\/wp-json\/wp\/v2\/product_cat?post=397"},{"taxonomy":"product_tag","embeddable":true,"href":"https:\/\/indie.rent\/catalogue\/wp-json\/wp\/v2\/product_tag?post=397"}],"curies":[{"name":"wp","href":"https:\/\/api.w.org\/{rel}","templated":true}]}}