{"id":393,"date":"2025-01-08T17:32:49","date_gmt":"2025-01-08T16:32:49","guid":{"rendered":"https:\/\/indie.rent\/catalogue\/produit\/doubleur-ibe-pour-optique-pl-super-35-x2\/"},"modified":"2026-04-04T00:13:55","modified_gmt":"2026-04-03T22:13:55","slug":"doubleur-ibe-pour-optique-pl-super-35-x2","status":"publish","type":"product","link":"https:\/\/indie.rent\/catalogue\/produit\/doubleur-ibe-pour-optique-pl-super-35-x2\/","title":{"rendered":"Doubleur IBE pour Optique PL Super 35 &#8211; x2"},"content":{"rendered":"<p>Toutes les cam\u00e9ras cin\u00e9mas les plus r\u00e9centes requi\u00e8rent l&#8217;utilisation d&#8217;optiques de tr\u00e8s grande qualit\u00e9 dont la conception est optimis\u00e9e pour les capteurs \u00e9lectroniques. Le multiplicateur PLx2 Extender de IB\/E Optics double la longueur focale des optiques 35mm en monture PL.<\/p>\n<p>Le multiplicateur PLx2 poss\u00e8de des verres optiques \u00e0 indice \u00e9lev\u00e9 et \u00e0 faible dispersion afin de garantir la plus meilleure r\u00e9solution possible et le meilleur contraste avec un minimum de d\u00e9gradation optique. La conception optiques est optimis\u00e9e pour les cam\u00e9ras num\u00e9riques.<\/p>\n<p>Alors que la plupart des multiplicateurs ne peuvent s&#8217;adapter qu&#8217;\u00e0 un nombre limit\u00e9 d&#8217;optiques, le PLx2 Extender est compatible avec un tr\u00e8s large choix d&#8217;optiques \u00e0 monture PL. Il se monte \u00e9galement sans probl\u00e8me sur les cam\u00e9ras poss\u00e9dant une monture PL native. <br \/>Optiquement parlant, le PLx2 Extender proj\u00e8te une image avec un diam\u00e8tre suffisamment large pour couvrir tous les formats 35mm utilis\u00e9s, y compris le 5K sur la RED Epic and le format 4:3 de l&#8217;ALEXA. Le diam\u00e8tre minimum du cercle d&#8217;image projet\u00e9 est de 32mm. L&#8217;ouverture maximale est de F1.8.<\/p>\n","protected":false},"excerpt":{"rendered":"<p>Toutes les cam\u00e9ras cin\u00e9mas les plus r\u00e9centes requi\u00e8rent l&#8217;utilisation d&#8217;optiques de tr\u00e8s grande qualit\u00e9 dont la conception est optimis\u00e9e pour les capteurs \u00e9lectroniques. Le multiplicateur PLx2 Extender de IB\/E Optics double la longueur focale des optiques 35mm en monture PL. Le multiplicateur PLx2 poss\u00e8de des verres optiques \u00e0 indice \u00e9lev\u00e9 et \u00e0 faible dispersion afin [&hellip;]<\/p>\n","protected":false},"featured_media":2017,"template":"","meta":{"inline_featured_image":false},"product_brand":[],"product_cat":[1924],"product_tag":[],"class_list":{"0":"post-393","1":"product","2":"type-product","3":"status-publish","4":"has-post-thumbnail","6":"product_cat-autres","8":"first","9":"instock","10":"taxable","11":"shipping-taxable","12":"purchasable","13":"product-type-rentable"},"acf":[],"_links":{"self":[{"href":"https:\/\/indie.rent\/catalogue\/wp-json\/wp\/v2\/product\/393","targetHints":{"allow":["GET"]}}],"collection":[{"href":"https:\/\/indie.rent\/catalogue\/wp-json\/wp\/v2\/product"}],"about":[{"href":"https:\/\/indie.rent\/catalogue\/wp-json\/wp\/v2\/types\/product"}],"version-history":[{"count":1,"href":"https:\/\/indie.rent\/catalogue\/wp-json\/wp\/v2\/product\/393\/revisions"}],"predecessor-version":[{"id":5090,"href":"https:\/\/indie.rent\/catalogue\/wp-json\/wp\/v2\/product\/393\/revisions\/5090"}],"wp:featuredmedia":[{"embeddable":true,"href":"https:\/\/indie.rent\/catalogue\/wp-json\/wp\/v2\/media\/2017"}],"wp:attachment":[{"href":"https:\/\/indie.rent\/catalogue\/wp-json\/wp\/v2\/media?parent=393"}],"wp:term":[{"taxonomy":"product_brand","embeddable":true,"href":"https:\/\/indie.rent\/catalogue\/wp-json\/wp\/v2\/product_brand?post=393"},{"taxonomy":"product_cat","embeddable":true,"href":"https:\/\/indie.rent\/catalogue\/wp-json\/wp\/v2\/product_cat?post=393"},{"taxonomy":"product_tag","embeddable":true,"href":"https:\/\/indie.rent\/catalogue\/wp-json\/wp\/v2\/product_tag?post=393"}],"curies":[{"name":"wp","href":"https:\/\/api.w.org\/{rel}","templated":true}]}}