{"id":390,"date":"2025-01-08T17:32:48","date_gmt":"2025-01-08T16:32:48","guid":{"rendered":"https:\/\/indie.rent\/catalogue\/produit\/optique-leica-leitz-thalia-180mm-t3-6-couverture-65mm-pl-%e2%8c%8095mm\/"},"modified":"2026-04-24T16:36:27","modified_gmt":"2026-04-24T14:36:27","slug":"optique-leica-leitz-thalia-180mm-t3-6-pl-couverture-65mm-%e2%8c%8095mm","status":"publish","type":"product","link":"https:\/\/indie.rent\/catalogue\/produit\/optique-leica-leitz-thalia-180mm-t3-6-pl-couverture-65mm-%e2%8c%8095mm\/","title":{"rendered":"Optique Leica Leitz Thalia 180mm T3.6 PL &#8211; Couverture 65mm &#8211; \u230095mm"},"content":{"rendered":"<p>Les images captur\u00e9es avec les optiques Thalia semblent avoir une profondeur suppl\u00e9mentaire, en particulier sur les capteurs grand format, en raison d&#8217;une courbe de mise au point progressive. Plut\u00f4t que des couches de mise au point uniformes et plates sur toute l&#8217;image, les optiques Thalia sont nets et focalis\u00e9s au centre avec une diminution progressive et douce du contraste et de la luminosit\u00e9 vers les bords, attirant le regard au centre de l&#8217;image tout en ajoutant de la profondeur \u00e0 la sc\u00e8ne.<\/p>\n<p>Les optiques Thalia offrent un grand cercle de couverture (\u2300 60mm) qui couvre tous les capteurs existants jusqu&#8217;\u00e0 l&#8217;Arri Alexa 65 (\u2300 59.86mm).<\/p>\n<p>\u00a0<\/p>\n","protected":false},"excerpt":{"rendered":"<p>Les images captur\u00e9es avec les optiques Thalia semblent avoir une profondeur suppl\u00e9mentaire, en particulier sur les capteurs grand format, en raison d&#8217;une courbe de mise au point progressive. Plut\u00f4t que des couches de mise au point uniformes et plates sur toute l&#8217;image, les optiques Thalia sont nets et focalis\u00e9s au centre avec une diminution progressive [&hellip;]<\/p>\n","protected":false},"featured_media":2696,"template":"","meta":{"inline_featured_image":false},"product_brand":[],"product_cat":[1919],"product_tag":[],"class_list":{"0":"post-390","1":"product","2":"type-product","3":"status-publish","4":"has-post-thumbnail","6":"product_cat-optique-spherique-pl","8":"first","9":"instock","10":"taxable","11":"shipping-taxable","12":"purchasable","13":"product-type-rentable"},"acf":[],"_links":{"self":[{"href":"https:\/\/indie.rent\/catalogue\/wp-json\/wp\/v2\/product\/390","targetHints":{"allow":["GET"]}}],"collection":[{"href":"https:\/\/indie.rent\/catalogue\/wp-json\/wp\/v2\/product"}],"about":[{"href":"https:\/\/indie.rent\/catalogue\/wp-json\/wp\/v2\/types\/product"}],"version-history":[{"count":0,"href":"https:\/\/indie.rent\/catalogue\/wp-json\/wp\/v2\/product\/390\/revisions"}],"wp:featuredmedia":[{"embeddable":true,"href":"https:\/\/indie.rent\/catalogue\/wp-json\/wp\/v2\/media\/2696"}],"wp:attachment":[{"href":"https:\/\/indie.rent\/catalogue\/wp-json\/wp\/v2\/media?parent=390"}],"wp:term":[{"taxonomy":"product_brand","embeddable":true,"href":"https:\/\/indie.rent\/catalogue\/wp-json\/wp\/v2\/product_brand?post=390"},{"taxonomy":"product_cat","embeddable":true,"href":"https:\/\/indie.rent\/catalogue\/wp-json\/wp\/v2\/product_cat?post=390"},{"taxonomy":"product_tag","embeddable":true,"href":"https:\/\/indie.rent\/catalogue\/wp-json\/wp\/v2\/product_tag?post=390"}],"curies":[{"name":"wp","href":"https:\/\/api.w.org\/{rel}","templated":true}]}}

<p>Les images capturées avec les optiques Thalia semblent avoir une profondeur supplémentaire, en particulier sur les capteurs grand format, en raison d&#8217;une courbe de mise au point progressive. Plutôt que des couches de mise au point uniformes et plates sur toute l&#8217;image, les optiques Thalia sont nets et focalisés au centre avec une diminution progressive et douce du contraste et de la luminosité vers les bords, attirant le regard au centre de l&#8217;image tout en ajoutant de la profondeur à la scène.</p>
<p>Les optiques Thalia offrent un grand cercle de couverture (⌀ 60mm) qui couvre tous les capteurs existants jusqu&#8217;à l&#8217;Arri Alexa 65 (⌀ 59.86mm).</p>
<p> </p>

<p>Les images capturées avec les optiques Thalia semblent avoir une profondeur supplémentaire, en particulier sur les capteurs grand format, en raison d&#8217;une courbe de mise au point progressive. Plutôt que des couches de mise au point uniformes et plates sur toute l&#8217;image, les optiques Thalia sont nets et focalisés au centre avec une diminution progressive [&hellip;]</p>
