{"id":384,"date":"2025-01-08T17:32:47","date_gmt":"2025-01-08T16:32:47","guid":{"rendered":"https:\/\/indie.rent\/catalogue\/produit\/serie-de-5-filtres-tiffen-glimmer-glass-4x5-65-1-8-1-4-1-2-1-2\/"},"modified":"2026-04-14T17:18:48","modified_gmt":"2026-04-14T15:18:48","slug":"serie-de-5-filtres-tiffen-glimmer-glass-4x5-65-1-8-1-4-1-2-1-2","status":"publish","type":"product","link":"https:\/\/indie.rent\/catalogue\/produit\/serie-de-5-filtres-tiffen-glimmer-glass-4x5-65-1-8-1-4-1-2-1-2\/","title":{"rendered":"S\u00e9rie de 5 Filtres Tiffen Glimmer Glass 4&#215;5.65&#8243; (1\/8-1\/4-1\/2-1-2)"},"content":{"rendered":"<p>Les filtres Glimmer Glass sont des filtres de diffusion qui adoucissent les d\u00e9tails fins en r\u00e9duisant l\u00e9g\u00e8rement le contraste tout en ajoutant une lueur argent\u00e9e aux hautes lumi\u00e8res. Ils diffusent la lumi\u00e8re et leur effet est surtout perceptible sur les sources de lumi\u00e8res visible dans le cadre en cr\u00e9ant un halo de lumi\u00e8re autour.<\/p>\n<p>\u00a0<\/p>\n<p>\u00a0<\/p>\n","protected":false},"excerpt":{"rendered":"<p>Les filtres Glimmer Glass sont des filtres de diffusion qui adoucissent les d\u00e9tails fins en r\u00e9duisant l\u00e9g\u00e8rement le contraste tout en ajoutant une lueur argent\u00e9e aux hautes lumi\u00e8res. Ils diffusent la lumi\u00e8re et leur effet est surtout perceptible sur les sources de lumi\u00e8res visible dans le cadre en cr\u00e9ant un halo de lumi\u00e8re autour. \u00a0 [&hellip;]<\/p>\n","protected":false},"featured_media":1980,"template":"","meta":{"inline_featured_image":false},"product_brand":[],"product_cat":[1938],"product_tag":[],"class_list":{"0":"post-384","1":"product","2":"type-product","3":"status-publish","4":"has-post-thumbnail","6":"product_cat-filtres-4x5-6-effets","8":"first","9":"instock","10":"taxable","11":"shipping-taxable","12":"purchasable","13":"product-type-rentable"},"acf":[],"_links":{"self":[{"href":"https:\/\/indie.rent\/catalogue\/wp-json\/wp\/v2\/product\/384","targetHints":{"allow":["GET"]}}],"collection":[{"href":"https:\/\/indie.rent\/catalogue\/wp-json\/wp\/v2\/product"}],"about":[{"href":"https:\/\/indie.rent\/catalogue\/wp-json\/wp\/v2\/types\/product"}],"version-history":[{"count":0,"href":"https:\/\/indie.rent\/catalogue\/wp-json\/wp\/v2\/product\/384\/revisions"}],"wp:featuredmedia":[{"embeddable":true,"href":"https:\/\/indie.rent\/catalogue\/wp-json\/wp\/v2\/media\/1980"}],"wp:attachment":[{"href":"https:\/\/indie.rent\/catalogue\/wp-json\/wp\/v2\/media?parent=384"}],"wp:term":[{"taxonomy":"product_brand","embeddable":true,"href":"https:\/\/indie.rent\/catalogue\/wp-json\/wp\/v2\/product_brand?post=384"},{"taxonomy":"product_cat","embeddable":true,"href":"https:\/\/indie.rent\/catalogue\/wp-json\/wp\/v2\/product_cat?post=384"},{"taxonomy":"product_tag","embeddable":true,"href":"https:\/\/indie.rent\/catalogue\/wp-json\/wp\/v2\/product_tag?post=384"}],"curies":[{"name":"wp","href":"https:\/\/api.w.org\/{rel}","templated":true}]}}