{"id":3798,"date":"2025-06-04T18:56:58","date_gmt":"2025-06-04T16:56:58","guid":{"rendered":"https:\/\/indie.rent\/catalogue\/produit\/griffe-300-pour-pivot\/"},"modified":"2026-04-04T00:15:03","modified_gmt":"2026-04-03T22:15:03","slug":"griffe-300-pour-pivot","status":"publish","type":"product","link":"https:\/\/indie.rent\/catalogue\/produit\/griffe-300-pour-pivot\/","title":{"rendered":"Griffe 300 pour Pivot"},"content":{"rendered":"<p>* D\u00e9port r\u00e9glable de 150 \u00e0 300 mm par serrage rapide.<br \/>** Pivot \u00e0 360\u00b0 par frictions ou blocage int\u00e9gral possible.<\/p>\n","protected":false},"excerpt":{"rendered":"<p>* D\u00e9port r\u00e9glable de 150 \u00e0 300 mm par serrage rapide.** Pivot \u00e0 360\u00b0 par frictions ou blocage int\u00e9gral possible.<\/p>\n","protected":false},"featured_media":3850,"template":"","meta":{"inline_featured_image":false},"product_brand":[],"product_cat":[2204],"product_tag":[],"class_list":{"0":"post-3798","1":"product","2":"type-product","3":"status-publish","4":"has-post-thumbnail","6":"product_cat-accessoires-cinesyl","8":"first","9":"instock","10":"taxable","11":"shipping-taxable","12":"purchasable","13":"product-type-rentable"},"acf":[],"_links":{"self":[{"href":"https:\/\/indie.rent\/catalogue\/wp-json\/wp\/v2\/product\/3798","targetHints":{"allow":["GET"]}}],"collection":[{"href":"https:\/\/indie.rent\/catalogue\/wp-json\/wp\/v2\/product"}],"about":[{"href":"https:\/\/indie.rent\/catalogue\/wp-json\/wp\/v2\/types\/product"}],"version-history":[{"count":0,"href":"https:\/\/indie.rent\/catalogue\/wp-json\/wp\/v2\/product\/3798\/revisions"}],"wp:featuredmedia":[{"embeddable":true,"href":"https:\/\/indie.rent\/catalogue\/wp-json\/wp\/v2\/media\/3850"}],"wp:attachment":[{"href":"https:\/\/indie.rent\/catalogue\/wp-json\/wp\/v2\/media?parent=3798"}],"wp:term":[{"taxonomy":"product_brand","embeddable":true,"href":"https:\/\/indie.rent\/catalogue\/wp-json\/wp\/v2\/product_brand?post=3798"},{"taxonomy":"product_cat","embeddable":true,"href":"https:\/\/indie.rent\/catalogue\/wp-json\/wp\/v2\/product_cat?post=3798"},{"taxonomy":"product_tag","embeddable":true,"href":"https:\/\/indie.rent\/catalogue\/wp-json\/wp\/v2\/product_tag?post=3798"}],"curies":[{"name":"wp","href":"https:\/\/api.w.org\/{rel}","templated":true}]}}